152.89.196.77 - - [05/May/2023:14:32:04 +0000] "POST /wp-content/languages/.92fb9.php HTTP/1.1" 404 196 "-" "Mozilla/5.0 (Macintosh; Intel Mac OS X 10.14; rv:68.0) Gecko/20100101 Firefox/68.0"
152.89.196.77 - - [05/May/2023:14:34:49 +0000] "POST /wp-content/plugins/factory-widgets-bundle/widgets/widgets.php HTTP/1.1" 404 196 "-" "Mozilla/5.0 (Windows NT 10.0; Win64; x64; rv:67.0) Gecko/20100101 Firefox/67.0"
152.89.196.77 - - [05/May/2023:14:38:09 +0000] "POST /wp-includes/system-reboot.php HTTP/1.1" 404 196 "-" "Mozilla/5.0 (Windows NT 10.0; Win64; x64) AppleWebKit/537.36 (KHTML, like Gecko) Chrome/74.0.3729.169 Safari/537.36"
185.191.171.19 - - [05/May/2023:14:38:16 +0000] "GET /?p=415 HTTP/1.1" 200 1781 "-" "Mozilla/5.0 (compatible; SemrushBot/7~bl; +http://www.semrush.com/bot.html)"
185.191.171.36 - - [05/May/2023:14:41:04 +0000] "GET /?p=921 HTTP/1.1" 200 1781 "-" "Mozilla/5.0 (compatible; SemrushBot/7~bl; +http://www.semrush.com/bot.html)"
37.49.230.207 - - [05/May/2023:14:43:17 +0000] "GET /.env HTTP/1.1" 404 196 "-" "Mozilla/5.0 (X11; Linux x86_64) AppleWebKit/537.36 (KHTML, like Gecko) Chrome/81.0.4044.129 Safari/537.36"
37.49.230.207 - - [05/May/2023:14:43:43 +0000] "POST / HTTP/1.1" 404 196 "-" "Mozilla/5.0 (X11; Linux x86_64) AppleWebKit/537.36 (KHTML, like Gecko) Chrome/81.0.4044.129 Safari/537.36"
152.89.196.77 - - [05/May/2023:14:46:29 +0000] "POST /wp-content/wsoyanzorng.php HTTP/1.1" 404 196 "-" "Mozilla/5.0 (Windows NT 10.0; Win64; x64) AppleWebKit/537.36 (KHTML, like Gecko) Chrome/74.0.3729.169 Safari/537.36"
185.191.171.7 - - [05/May/2023:14:51:41 +0000] "GET /?p=591 HTTP/1.1" 200 1781 "-" "Mozilla/5.0 (compatible; SemrushBot/7~bl; +http://www.semrush.com/bot.html)"
152.89.196.77 - - [05/May/2023:14:57:18 +0000] "POST /qq.php HTTP/1.1" 404 16 "-" "Mozilla/5.0 (Windows NT 10.0; Win64; x64; rv:67.0) Gecko/20100101 Firefox/67.0"
216.244.66.237 - - [05/May/2023:15:04:34 +0000] "GET /robots.txt HTTP/1.1" 404 196 "-" "Mozilla/5.0 (compatible; DotBot/1.2; +https://opensiteexplorer.org/dotbot; help@moz.com)"
152.89.196.77 - - [05/May/2023:15:07:38 +0000] "POST /wp-content/plugins/easyrotator-for-wordpress/b.php HTTP/1.1" 404 196 "-" "Mozilla/5.0 (Windows NT 10.0; Win64; x64; rv:67.0) Gecko/20100101 Firefox/67.0"
185.191.171.15 - - [05/May/2023:15:13:28 +0000] "GET /robots.txt HTTP/1.1" 404 196 "-" "Mozilla/5.0 (compatible; SemrushBot/7~bl; +http://www.semrush.com/bot.html)"
185.191.171.5 - - [05/May/2023:15:13:29 +0000] "GET /?p=541 HTTP/1.1" 200 1781 "-" "Mozilla/5.0 (compatible; SemrushBot/7~bl; +http://www.semrush.com/bot.html)"
216.244.66.237 - - [05/May/2023:15:15:46 +0000] "GET /?p=381 HTTP/1.1" 200 1781 "-" "Mozilla/5.0 (compatible; DotBot/1.2; +https://opensiteexplorer.org/dotbot; help@moz.com)"
216.244.66.237 - - [05/May/2023:15:21:19 +0000] "GET /?%2Falbums%2Fcroquis-sur-le-vif%2Fcontent%2Fimg-866%2F HTTP/1.1" 200 1781 "-" "Mozilla/5.0 (compatible; DotBot/1.2; +https://opensiteexplorer.org/dotbot; help@moz.com)"
194.113.235.169 - - [05/May/2023:15:36:25 +0000] "GET /4.php HTTP/1.1" 404 16 "http://laurencegaudet.com/4.php" "Mozilla/4.0 (compatible; MSIE 6.0; Windows NT 5.1; SV1)"
42.83.147.55 - - [05/May/2023:15:38:45 +0000] "GET / HTTP/1.1" 200 1781 "-" "Mozilla/5.0 (Windows NT 6.1; Win64; x64) AppleWebKit/537.36 (KHTML, like Gecko)Chrome/74.0.3729.169 Safari/537.36"
185.191.171.36 - - [05/May/2023:15:42:29 +0000] "GET /?p=950 HTTP/1.1" 200 1781 "-" "Mozilla/5.0 (compatible; SemrushBot/7~bl; +http://www.semrush.com/bot.html)"
185.191.171.38 - - [05/May/2023:16:09:18 +0000] "GET /?p=419 HTTP/1.1" 200 1781 "-" "Mozilla/5.0 (compatible; SemrushBot/7~bl; +http://www.semrush.com/bot.html)"
185.191.171.8 - - [05/May/2023:16:10:46 +0000] "GET /?p=305 HTTP/1.1" 200 1781 "-" "Mozilla/5.0 (compatible; SemrushBot/7~bl; +http://www.semrush.com/bot.html)"
152.89.196.77 - - [05/May/2023:16:11:36 +0000] "POST /wp-content/plugins/index.php HTTP/1.1" 404 196 "-" "Mozilla/5.0 (Windows NT 10.0; Win64; x64; rv:66.0) Gecko/20100101 Firefox/66.0"
152.89.196.77 - - [05/May/2023:16:13:52 +0000] "POST /wp-admin/css/colors/index.php HTTP/1.1" 404 196 "-" "Mozilla/5.0 (Windows NT 10.0; Win64; x64) AppleWebKit/537.36 (KHTML, like Gecko) Chrome/74.0.3729.157 Safari/537.36"
152.89.196.77 - - [05/May/2023:16:37:00 +0000] "POST /wp-includes/sodium_compat/src/Core/Core.php HTTP/1.1" 404 196 "-" "Mozilla/5.0 (Macintosh; Intel Mac OS X 10.14; rv:68.0) Gecko/20100101 Firefox/68.0"
192.99.0.33 - - [05/May/2023:16:40:18 +0000] "GET / HTTP/1.1" 200 1781 "-" "Mozilla/5.0 (Macintosh; Intel Mac OS X 10_12_5) AppleWeb Kit/537.36 (KHTML, like Gecko) Chrome/58.0.3029.110 Safari/537.36"
152.89.196.77 - - [05/May/2023:16:43:25 +0000] "POST /wp-content/themes/.19296.php HTTP/1.1" 404 196 "-" "Mozilla/5.0 (Windows NT 10.0; Win64; x64) AppleWebKit/537.36 (KHTML, like Gecko) Chrome/74.0.3729.169 Safari/537.36"
152.89.196.77 - - [05/May/2023:16:43:28 +0000] "POST /wp-admin/theme-install-meta.php?limit=152.89.196.13/b.txt HTTP/1.1" 404 196 "-" "Mozilla/5.0 (Windows NT 10.0; Win64; x64) AppleWebKit/537.36 (KHTML, like Gecko) Chrome/74.0.3729.169 Safari/537.36"
152.89.196.77 - - [05/May/2023:16:46:28 +0000] "POST /wp-content/plugins/backup_index.php HTTP/1.1" 404 196 "-" "Mozilla/5.0 (Macintosh; Intel Mac OS X 10.14; rv:68.0) Gecko/20100101 Firefox/68.0"
104.211.220.126 - - [05/May/2023:16:54:44 +0000] "GET /.env HTTP/1.1" 404 196 "-" "Mozilla/5.0 (Windows NT 10.0; Win64; x64) AppleWebKit/537.36 (KHTML, like Gecko) Chrome/93.0.4577.63 Safari/537.3"
152.89.196.77 - - [05/May/2023:16:56:28 +0000] "POST /wp-content/plugins/core-builder/index.php HTTP/1.1" 404 196 "-" "Mozilla/5.0 (Windows NT 10.0; Win64; x64; rv:67.0) Gecko/20100101 Firefox/67.0"
152.89.196.77 - - [05/May/2023:16:56:34 +0000] "POST /wp-content/.64b20.php HTTP/1.1" 404 196 "-" "Mozilla/5.0 (Windows NT 10.0; Win64; x64; rv:66.0) Gecko/20100101 Firefox/66.0"
216.244.66.237 - - [05/May/2023:16:59:57 +0000] "GET /robots.txt HTTP/1.1" 404 196 "-" "Mozilla/5.0 (compatible; DotBot/1.2; +https://opensiteexplorer.org/dotbot; help@moz.com)"
216.244.66.237 - - [05/May/2023:17:11:52 +0000] "GET /?%2Falbums%2Faquarelle%2Fcontent%2Fbambi%2F HTTP/1.1" 200 1781 "-" "Mozilla/5.0 (compatible; DotBot/1.2; +https://opensiteexplorer.org/dotbot; help@moz.com)"
216.244.66.237 - - [05/May/2023:17:13:27 +0000] "GET /?%2Falbums%2Fcroquis-sur-le-vif%2Fcontent%2Fscientifique%2F HTTP/1.1" 200 1781 "-" "Mozilla/5.0 (compatible; DotBot/1.2; +https://opensiteexplorer.org/dotbot; help@moz.com)"
152.89.196.77 - - [05/May/2023:17:14:18 +0000] "GET /wp-content/plugins/download-manager/wp-plugiin.php HTTP/1.1" 404 196 "-" "Mozilla/5.0 (Windows NT 10.0; Win64; x64; rv:67.0) Gecko/20100101 Firefox/67.0"
185.191.171.25 - - [05/May/2023:17:21:11 +0000] "GET /robots.txt HTTP/1.1" 404 196 "-" "Mozilla/5.0 (compatible; SemrushBot/7~bl; +http://www.semrush.com/bot.html)"
185.191.171.45 - - [05/May/2023:17:21:11 +0000] "GET /?p=418 HTTP/1.1" 200 1781 "-" "Mozilla/5.0 (compatible; SemrushBot/7~bl; +http://www.semrush.com/bot.html)"
185.191.171.20 - - [05/May/2023:17:30:26 +0000] "GET /?p=319 HTTP/1.1" 200 1781 "-" "Mozilla/5.0 (compatible; SemrushBot/7~bl; +http://www.semrush.com/bot.html)"
152.89.196.77 - - [05/May/2023:17:32:39 +0000] "GET /wp-content/themes/fp/index.php?akas=ganteng HTTP/1.1" 404 196 "-" "Mozilla/5.0 (Macintosh; Intel Mac OS X 10.14; rv:68.0) Gecko/20100101 Firefox/68.0"
173.249.56.171 - - [05/May/2023:17:50:30 +0000] "GET / HTTP/1.1" 200 1781 "-" "Mozilla/5.0 (Windows NT 5.1) AppleWebKit/537.36 (KHTML, like Gecko) Chrome/34.0.1866.237 Safari/537.36"
216.244.66.237 - - [05/May/2023:17:56:20 +0000] "GET /robots.txt HTTP/1.1" 404 196 "-" "Mozilla/5.0 (compatible; DotBot/1.2; +https://opensiteexplorer.org/dotbot; help@moz.com)"
152.89.196.77 - - [05/May/2023:17:58:36 +0000] "POST /alumni/alumni.php HTTP/1.1" 404 196 "-" "Mozilla/5.0 (Macintosh; Intel Mac OS X 10.14; rv:68.0) Gecko/20100101 Firefox/68.0"
114.119.135.163 - - [05/May/2023:18:02:16 +0000] "GET /robots.txt HTTP/1.1" 404 196 "-" "Mozilla/5.0 (compatible;PetalBot;+https://webmaster.petalsearch.com/site/petalbot)"
216.244.66.237 - - [05/May/2023:18:05:50 +0000] "GET /?p=197 HTTP/1.1" 200 1781 "-" "Mozilla/5.0 (compatible; DotBot/1.2; +https://opensiteexplorer.org/dotbot; help@moz.com)"
216.244.66.237 - - [05/May/2023:18:11:51 +0000] "GET /2020/11/22/online-casino-geld-verdienen-erfahrung/ HTTP/1.1" 404 196 "-" "Mozilla/5.0 (compatible; DotBot/1.2; +https://opensiteexplorer.org/dotbot; help@moz.com)"
152.89.196.77 - - [05/May/2023:18:35:06 +0000] "POST /wp-content/plugins/wordpresss3cll-4/about.php?fuck=you HTTP/1.1" 404 196 "-" "Mozilla/5.0 (Windows NT 10.0; Win64; x64; rv:67.0) Gecko/20100101 Firefox/67.0"
216.244.66.237 - - [05/May/2023:18:52:02 +0000] "GET /robots.txt HTTP/1.1" 404 196 "-" "Mozilla/5.0 (compatible; DotBot/1.2; +https://opensiteexplorer.org/dotbot; help@moz.com)"
152.89.196.77 - - [05/May/2023:18:54:38 +0000] "POST /wp-content/plugins/.901fc.php HTTP/1.1" 404 196 "-" "Mozilla/5.0 (Windows NT 10.0; Win64; x64) AppleWebKit/537.36 (KHTML, like Gecko) Chrome/74.0.3729.157 Safari/537.36"
216.244.66.237 - - [05/May/2023:18:56:19 +0000] "GET /?p=235 HTTP/1.1" 200 1781 "-" "Mozilla/5.0 (compatible; DotBot/1.2; +https://opensiteexplorer.org/dotbot; help@moz.com)"
152.89.196.77 - - [05/May/2023:19:15:34 +0000] "GET /wp-content/plugins/wordpresss3cll-1/up.php HTTP/1.1" 404 196 "-" "Mozilla/5.0 (Windows NT 10.0; Win64; x64; rv:67.0) Gecko/20100101 Firefox/67.0"
52.167.144.162 - - [05/May/2023:19:47:26 +0000] "GET / HTTP/1.1" 200 1781 "-" "Mozilla/5.0 AppleWebKit/537.36 (KHTML, like Gecko; compatible; bingbot/2.0; +http://www.bing.com/bingbot.htm) Chrome/103.0.5060.134 Safari/537.36"
185.191.171.4 - - [05/May/2023:19:55:37 +0000] "GET /robots.txt HTTP/1.1" 404 196 "-" "Mozilla/5.0 (compatible; SemrushBot/7~bl; +http://www.semrush.com/bot.html)"
185.191.171.42 - - [05/May/2023:19:55:39 +0000] "GET /?p=301 HTTP/1.1" 200 1781 "-" "Mozilla/5.0 (compatible; SemrushBot/7~bl; +http://www.semrush.com/bot.html)"
152.89.196.77 - - [05/May/2023:19:58:31 +0000] "POST /wp-content/themes/index.php HTTP/1.1" 404 196 "-" "Mozilla/5.0 (Windows NT 10.0; Win64; x64) AppleWebKit/537.36 (KHTML, like Gecko) Chrome/74.0.3729.157 Safari/537.36"
185.191.171.1 - - [05/May/2023:20:00:47 +0000] "GET /?p=624 HTTP/1.1" 200 1781 "-" "Mozilla/5.0 (compatible; SemrushBot/7~bl; +http://www.semrush.com/bot.html)"
185.191.171.38 - - [05/May/2023:20:01:55 +0000] "GET /?p=497 HTTP/1.1" 200 1781 "-" "Mozilla/5.0 (compatible; SemrushBot/7~bl; +http://www.semrush.com/bot.html)"
185.191.171.6 - - [05/May/2023:20:01:58 +0000] "GET /?p=335 HTTP/1.1" 200 1781 "-" "Mozilla/5.0 (compatible; SemrushBot/7~bl; +http://www.semrush.com/bot.html)"
185.191.171.11 - - [05/May/2023:20:03:34 +0000] "GET /?p=671 HTTP/1.1" 200 1781 "-" "Mozilla/5.0 (compatible; SemrushBot/7~bl; +http://www.semrush.com/bot.html)"
185.191.171.23 - - [05/May/2023:20:04:52 +0000] "GET /?p=869 HTTP/1.1" 200 1781 "-" "Mozilla/5.0 (compatible; SemrushBot/7~bl; +http://www.semrush.com/bot.html)"
185.191.171.7 - - [05/May/2023:20:05:23 +0000] "GET /?p=360 HTTP/1.1" 200 1781 "-" "Mozilla/5.0 (compatible; SemrushBot/7~bl; +http://www.semrush.com/bot.html)"
185.191.171.25 - - [05/May/2023:20:16:44 +0000] "GET /?p=352 HTTP/1.1" 200 1781 "-" "Mozilla/5.0 (compatible; SemrushBot/7~bl; +http://www.semrush.com/bot.html)"
185.191.171.45 - - [05/May/2023:20:24:00 +0000] "GET /?p=332 HTTP/1.1" 200 1781 "-" "Mozilla/5.0 (compatible; SemrushBot/7~bl; +http://www.semrush.com/bot.html)"
152.89.196.77 - - [05/May/2023:20:35:23 +0000] "POST /wp-blockdown.php?lt=503c138bd956ccbe9a63967ef1f22dac HTTP/1.1" 404 16 "-" "Mozilla/5.0 (Windows NT 10.0; Win64; x64; rv:66.0) Gecko/20100101 Firefox/66.0"
31.14.75.31 - - [05/May/2023:20:38:19 +0000] "GET / HTTP/1.1" 200 1781 "-" "Mozilla/5.0 (Windows NT 10.0; Win64; x64) AppleWebKit/537.36 (KHTML, like Gecko) Chrome/95.0.4638.69 Safari/537.36"
31.14.75.31 - - [05/May/2023:20:38:19 +0000] "GET /wp-includes/ID3/license.txt HTTP/1.1" 404 196 "-" "Mozilla/5.0 (Windows NT 10.0; Win64; x64) AppleWebKit/537.36 (KHTML, like Gecko) Chrome/95.0.4638.69 Safari/537.36"
31.14.75.31 - - [05/May/2023:20:38:19 +0000] "GET /feed/ HTTP/1.1" 404 196 "-" "Mozilla/5.0 (Windows NT 10.0; Win64; x64) AppleWebKit/537.36 (KHTML, like Gecko) Chrome/95.0.4638.69 Safari/537.36"
31.14.75.31 - - [05/May/2023:20:38:19 +0000] "GET /xmlrpc.php?rsd HTTP/1.1" 404 16 "-" "Mozilla/5.0 (Windows NT 10.0; Win64; x64) AppleWebKit/537.36 (KHTML, like Gecko) Chrome/95.0.4638.69 Safari/537.36"
31.14.75.31 - - [05/May/2023:20:38:20 +0000] "GET /blog/wp-includes/wlwmanifest.xml HTTP/1.1" 404 196 "-" "Mozilla/5.0 (Windows NT 10.0; Win64; x64) AppleWebKit/537.36 (KHTML, like Gecko) Chrome/95.0.4638.69 Safari/537.36"
31.14.75.31 - - [05/May/2023:20:38:20 +0000] "GET /web/wp-includes/wlwmanifest.xml HTTP/1.1" 404 196 "-" "Mozilla/5.0 (Windows NT 10.0; Win64; x64) AppleWebKit/537.36 (KHTML, like Gecko) Chrome/95.0.4638.69 Safari/537.36"
31.14.75.31 - - [05/May/2023:20:38:20 +0000] "GET /wordpress/wp-includes/wlwmanifest.xml HTTP/1.1" 404 196 "-" "Mozilla/5.0 (Windows NT 10.0; Win64; x64) AppleWebKit/537.36 (KHTML, like Gecko) Chrome/95.0.4638.69 Safari/537.36"
31.14.75.31 - - [05/May/2023:20:38:20 +0000] "GET /wp/wp-includes/wlwmanifest.xml HTTP/1.1" 404 196 "-" "Mozilla/5.0 (Windows NT 10.0; Win64; x64) AppleWebKit/537.36 (KHTML, like Gecko) Chrome/95.0.4638.69 Safari/537.36"
31.14.75.31 - - [05/May/2023:20:38:20 +0000] "GET /2020/wp-includes/wlwmanifest.xml HTTP/1.1" 404 196 "-" "Mozilla/5.0 (Windows NT 10.0; Win64; x64) AppleWebKit/537.36 (KHTML, like Gecko) Chrome/95.0.4638.69 Safari/537.36"
31.14.75.31 - - [05/May/2023:20:38:20 +0000] "GET /2019/wp-includes/wlwmanifest.xml HTTP/1.1" 404 196 "-" "Mozilla/5.0 (Windows NT 10.0; Win64; x64) AppleWebKit/537.36 (KHTML, like Gecko) Chrome/95.0.4638.69 Safari/537.36"
31.14.75.31 - - [05/May/2023:20:38:20 +0000] "GET /2021/wp-includes/wlwmanifest.xml HTTP/1.1" 404 196 "-" "Mozilla/5.0 (Windows NT 10.0; Win64; x64) AppleWebKit/537.36 (KHTML, like Gecko) Chrome/95.0.4638.69 Safari/537.36"
31.14.75.31 - - [05/May/2023:20:38:21 +0000] "GET /shop/wp-includes/wlwmanifest.xml HTTP/1.1" 404 196 "-" "Mozilla/5.0 (Windows NT 10.0; Win64; x64) AppleWebKit/537.36 (KHTML, like Gecko) Chrome/95.0.4638.69 Safari/537.36"
31.14.75.31 - - [05/May/2023:20:38:21 +0000] "GET /wp1/wp-includes/wlwmanifest.xml HTTP/1.1" 404 196 "-" "Mozilla/5.0 (Windows NT 10.0; Win64; x64) AppleWebKit/537.36 (KHTML, like Gecko) Chrome/95.0.4638.69 Safari/537.36"
31.14.75.31 - - [05/May/2023:20:38:21 +0000] "GET /test/wp-includes/wlwmanifest.xml HTTP/1.1" 404 196 "-" "Mozilla/5.0 (Windows NT 10.0; Win64; x64) AppleWebKit/537.36 (KHTML, like Gecko) Chrome/95.0.4638.69 Safari/537.36"
31.14.75.31 - - [05/May/2023:20:38:21 +0000] "GET /site/wp-includes/wlwmanifest.xml HTTP/1.1" 404 196 "-" "Mozilla/5.0 (Windows NT 10.0; Win64; x64) AppleWebKit/537.36 (KHTML, like Gecko) Chrome/95.0.4638.69 Safari/537.36"
31.14.75.31 - - [05/May/2023:20:38:21 +0000] "GET /cms/wp-includes/wlwmanifest.xml HTTP/1.1" 404 196 "-" "Mozilla/5.0 (Windows NT 10.0; Win64; x64) AppleWebKit/537.36 (KHTML, like Gecko) Chrome/95.0.4638.69 Safari/537.36"
152.89.196.77 - - [05/May/2023:20:41:33 +0000] "HEAD / HTTP/1.1" 200 - "-" "Mozilla/5.0 (Windows NT 10.0; Win64; x64; rv:67.0) Gecko/20100101 Firefox/67.0"
216.244.66.237 - - [05/May/2023:20:42:06 +0000] "GET /robots.txt HTTP/1.1" 404 196 "-" "Mozilla/5.0 (compatible; DotBot/1.2; +https://opensiteexplorer.org/dotbot; help@moz.com)"
185.191.171.23 - - [05/May/2023:20:44:25 +0000] "GET /?p=564 HTTP/1.1" 200 1781 "-" "Mozilla/5.0 (compatible; SemrushBot/7~bl; +http://www.semrush.com/bot.html)"
216.244.66.237 - - [05/May/2023:20:46:10 +0000] "GET /?p=324 HTTP/1.1" 200 1781 "-" "Mozilla/5.0 (compatible; DotBot/1.2; +https://opensiteexplorer.org/dotbot; help@moz.com)"
216.244.66.237 - - [05/May/2023:20:46:40 +0000] "GET /?%2Falbums%2Fcrayons%2Fcontent%2Fleslie%2F HTTP/1.1" 200 1781 "-" "Mozilla/5.0 (compatible; DotBot/1.2; +https://opensiteexplorer.org/dotbot; help@moz.com)"
216.244.66.237 - - [05/May/2023:20:46:59 +0000] "GET /?%2Falbums%2Fcroquis-sur-le-vif%2Fcontent%2Fauchan%2F HTTP/1.1" 200 1781 "-" "Mozilla/5.0 (compatible; DotBot/1.2; +https://opensiteexplorer.org/dotbot; help@moz.com)"
216.244.66.237 - - [05/May/2023:20:47:04 +0000] "GET /?%2Falbums%2Fcroquis-sur-le-vif%2Fcontent%2Ftigre-blanc%2F HTTP/1.1" 200 1781 "-" "Mozilla/5.0 (compatible; DotBot/1.2; +https://opensiteexplorer.org/dotbot; help@moz.com)"
4.150.8.248 - - [05/May/2023:20:49:00 +0000] "GET /.env HTTP/1.1" 404 196 "-" "Mozilla/5.0 (Windows NT 10.0; Win64; x64) AppleWebKit/537.36 (KHTML, like Gecko) Chrome/93.0.4577.63 Safari/537.3"
152.89.196.77 - - [05/May/2023:20:53:23 +0000] "GET /wp-content/uploads/2022/02/ups.phpups.php HTTP/1.1" 404 196 "-" "Mozilla/5.0 (Windows NT 10.0; Win64; x64; rv:66.0) Gecko/20100101 Firefox/66.0"
185.191.171.17 - - [05/May/2023:20:55:35 +0000] "GET /?p=835 HTTP/1.1" 200 1781 "-" "Mozilla/5.0 (compatible; SemrushBot/7~bl; +http://www.semrush.com/bot.html)"
185.191.171.34 - - [05/May/2023:20:57:54 +0000] "GET /robots.txt HTTP/1.1" 404 196 "-" "Mozilla/5.0 (compatible; SemrushBot/7~bl; +http://www.semrush.com/bot.html)"
185.191.171.22 - - [05/May/2023:20:57:54 +0000] "GET /?p=450 HTTP/1.1" 200 1781 "-" "Mozilla/5.0 (compatible; SemrushBot/7~bl; +http://www.semrush.com/bot.html)"
152.89.196.77 - - [05/May/2023:21:01:25 +0000] "POST /wp-content/themes/twentyseventeen/comments.php HTTP/1.1" 404 196 "-" "Mozilla/5.0 (Windows NT 10.0; Win64; x64; rv:67.0) Gecko/20100101 Firefox/67.0"
152.89.196.77 - - [05/May/2023:21:01:36 +0000] "GET /wp-content/uploads/2022/02/ups.php HTTP/1.1" 404 196 "-" "Mozilla/5.0 (Windows NT 10.0; Win64; x64) AppleWebKit/537.36 (KHTML, like Gecko) Chrome/74.0.3729.157 Safari/537.36"
66.249.76.35 - - [05/May/2023:21:26:06 +0000] "GET /robots.txt HTTP/1.1" 404 196 "-" "Mozilla/5.0 (compatible; Googlebot/2.1; +http://www.google.com/bot.html)"
66.249.76.35 - - [05/May/2023:21:26:06 +0000] "GET /?C=N%3BO%3DD HTTP/1.1" 200 1781 "-" "Mozilla/5.0 (Linux; Android 6.0.1; Nexus 5X Build/MMB29P) AppleWebKit/537.36 (KHTML, like Gecko) Chrome/112.0.5615.142 Mobile Safari/537.36 (compatible; Googlebot/2.1; +http://www.google.com/bot.html)"
185.191.171.6 - - [05/May/2023:21:30:23 +0000] "GET /?p=1263 HTTP/1.1" 200 1781 "-" "Mozilla/5.0 (compatible; SemrushBot/7~bl; +http://www.semrush.com/bot.html)"
66.249.70.87 - - [05/May/2023:21:31:02 +0000] "GET /?C=D%3BO%3DA HTTP/1.1" 200 1781 "-" "Mozilla/5.0 (Linux; Android 6.0.1; Nexus 5X Build/MMB29P) AppleWebKit/537.36 (KHTML, like Gecko) Chrome/112.0.5615.142 Mobile Safari/537.36 (compatible; Googlebot/2.1; +http://www.google.com/bot.html)"
185.191.171.8 - - [05/May/2023:21:32:03 +0000] "GET /?p=607 HTTP/1.1" 200 1781 "-" "Mozilla/5.0 (compatible; SemrushBot/7~bl; +http://www.semrush.com/bot.html)"
216.244.66.237 - - [05/May/2023:21:37:12 +0000] "GET /robots.txt HTTP/1.1" 404 196 "-" "Mozilla/5.0 (compatible; DotBot/1.2; +https://opensiteexplorer.org/dotbot; help@moz.com)"
152.89.196.77 - - [05/May/2023:21:37:48 +0000] "POST /wp-content/themes/sketch/get.php?key=sdfadsgh4513sdGG435341FDGWWDFGDFHDFGDSFGDFSGDFG HTTP/1.1" 404 196 "-" "Mozilla/5.0 (Macintosh; Intel Mac OS X 10.14; rv:68.0) Gecko/20100101 Firefox/68.0"
216.244.66.237 - - [05/May/2023:21:41:17 +0000] "GET /?p=240 HTTP/1.1" 200 1781 "-" "Mozilla/5.0 (compatible; DotBot/1.2; +https://opensiteexplorer.org/dotbot; help@moz.com)"
216.244.66.237 - - [05/May/2023:21:41:47 +0000] "GET /?%2Falbums%2Fcategories%2Fcroquis%2Fcrayons%2F HTTP/1.1" 200 1781 "-" "Mozilla/5.0 (compatible; DotBot/1.2; +https://opensiteexplorer.org/dotbot; help@moz.com)"
185.191.171.9 - - [05/May/2023:21:48:08 +0000] "GET /?p=306 HTTP/1.1" 200 1781 "-" "Mozilla/5.0 (compatible; SemrushBot/7~bl; +http://www.semrush.com/bot.html)"
152.89.196.77 - - [05/May/2023:22:25:36 +0000] "GET /wp-includes/SimplePie/gzdecodes.php HTTP/1.1" 404 196 "-" "Mozilla/5.0 (Windows NT 6.1; WOW64; rv:40.012; !en.support.wordpress.com; !support.wordpress.com; support.wordpress.com; en.support.wordpress.com) Gecko/20120121 Firefox/40.0"
152.89.196.77 - - [05/May/2023:22:43:26 +0000] "POST /wp-content/themes/twentyseventeen/header.php HTTP/1.1" 404 196 "-" "Mozilla/5.0 (Windows NT 10.0; Win64; x64; rv:67.0) Gecko/20100101 Firefox/67.0"
152.89.196.77 - - [05/May/2023:23:07:11 +0000] "POST /wp-config.php HTTP/1.1" 404 16 "-" "Mozilla/5.0 (Windows NT 10.0; Win64; x64; rv:67.0) Gecko/20100101 Firefox/67.0"
54.36.148.229 - - [05/May/2023:23:12:32 +0000] "GET /robots.txt HTTP/1.1" 404 196 "-" "Mozilla/5.0 (compatible; AhrefsBot/7.0; +http://ahrefs.com/robot/)"
51.222.253.12 - - [05/May/2023:23:12:33 +0000] "GET / HTTP/1.1" 200 1781 "-" "Mozilla/5.0 (compatible; AhrefsBot/7.0; +http://ahrefs.com/robot/)"
185.191.171.36 - - [05/May/2023:23:14:42 +0000] "GET /robots.txt HTTP/1.1" 404 196 "-" "Mozilla/5.0 (compatible; SemrushBot/7~bl; +http://www.semrush.com/bot.html)"
185.191.171.6 - - [05/May/2023:23:14:42 +0000] "GET /?p=299 HTTP/1.1" 200 1781 "-" "Mozilla/5.0 (compatible; SemrushBot/7~bl; +http://www.semrush.com/bot.html)"
216.244.66.237 - - [05/May/2023:23:27:38 +0000] "GET /robots.txt HTTP/1.1" 404 196 "-" "Mozilla/5.0 (compatible; DotBot/1.2; +https://opensiteexplorer.org/dotbot; help@moz.com)"
216.244.66.237 - - [05/May/2023:23:31:49 +0000] "GET /?p=312 HTTP/1.1" 200 1781 "-" "Mozilla/5.0 (compatible; DotBot/1.2; +https://opensiteexplorer.org/dotbot; help@moz.com)"
216.244.66.237 - - [05/May/2023:23:31:54 +0000] "GET /?p=316 HTTP/1.1" 200 1781 "-" "Mozilla/5.0 (compatible; DotBot/1.2; +https://opensiteexplorer.org/dotbot; help@moz.com)"
216.244.66.237 - - [05/May/2023:23:32:21 +0000] "GET /?%2Falbums%2Faquarelle%2Fcontent%2Fneige%2F HTTP/1.1" 200 1781 "-" "Mozilla/5.0 (compatible; DotBot/1.2; +https://opensiteexplorer.org/dotbot; help@moz.com)"
216.244.66.237 - - [05/May/2023:23:32:25 +0000] "GET /?%2Falbums%2Faquarelle%2Fcontent%2Fbouquet%2F HTTP/1.1" 200 1781 "-" "Mozilla/5.0 (compatible; DotBot/1.2; +https://opensiteexplorer.org/dotbot; help@moz.com)"
216.244.66.237 - - [05/May/2023:23:32:28 +0000] "GET /?%2Falbums%2Faquarelle%2Fcontent%2Foiseau%2F HTTP/1.1" 200 1781 "-" "Mozilla/5.0 (compatible; DotBot/1.2; +https://opensiteexplorer.org/dotbot; help@moz.com)"
216.244.66.237 - - [05/May/2023:23:32:30 +0000] "GET /?%2Falbums%2Faquarelle%2Fcontent%2Frose-fanee%2F HTTP/1.1" 200 1781 "-" "Mozilla/5.0 (compatible; DotBot/1.2; +https://opensiteexplorer.org/dotbot; help@moz.com)"
216.244.66.237 - - [05/May/2023:23:32:39 +0000] "GET /?%2Falbums%2Fcroquis-sur-le-vif%2Fcontent%2Fimg-873%2F HTTP/1.1" 200 1781 "-" "Mozilla/5.0 (compatible; DotBot/1.2; +https://opensiteexplorer.org/dotbot; help@moz.com)"
185.191.171.19 - - [05/May/2023:23:34:37 +0000] "GET /?p=286 HTTP/1.1" 200 1781 "-" "Mozilla/5.0 (compatible; SemrushBot/7~bl; +http://www.semrush.com/bot.html)"
152.89.196.77 - - [05/May/2023:23:36:20 +0000] "POST /wp-admin/css/colors/blue/menu_settings.php HTTP/1.1" 404 196 "-" "Mozilla/5.0 (Macintosh; Intel Mac OS X 10.14; rv:68.0) Gecko/20100101 Firefox/68.0"
152.89.196.77 - - [05/May/2023:23:36:21 +0000] "POST /wp-blockup.php?lt=503c138bd956ccbe9a63967ef1f22dac HTTP/1.1" 404 16 "-" "Mozilla/5.0 (Windows NT 10.0; Win64; x64; rv:66.0) Gecko/20100101 Firefox/66.0"
185.191.171.36 - - [05/May/2023:23:40:59 +0000] "GET /?p=2087 HTTP/1.1" 200 1781 "-" "Mozilla/5.0 (compatible; SemrushBot/7~bl; +http://www.semrush.com/bot.html)"
185.191.171.43 - - [05/May/2023:23:54:06 +0000] "GET /?p=578 HTTP/1.1" 200 1781 "-" "Mozilla/5.0 (compatible; SemrushBot/7~bl; +http://www.semrush.com/bot.html)"
185.191.171.20 - - [06/May/2023:00:04:32 +0000] "GET /?p=373 HTTP/1.1" 200 1781 "-" "Mozilla/5.0 (compatible; SemrushBot/7~bl; +http://www.semrush.com/bot.html)"
185.191.171.4 - - [06/May/2023:00:14:39 +0000] "GET /?p=479 HTTP/1.1" 200 1781 "-" "Mozilla/5.0 (compatible; SemrushBot/7~bl; +http://www.semrush.com/bot.html)"
152.89.196.77 - - [06/May/2023:00:19:12 +0000] "POST /wp-admin/network/site-users-stream.php?limit=152.89.196.13/b.txt HTTP/1.1" 404 196 "-" "Mozilla/5.0 (Windows NT 10.0; Win64; x64; rv:66.0) Gecko/20100101 Firefox/66.0"
216.244.66.237 - - [06/May/2023:00:23:05 +0000] "GET /robots.txt HTTP/1.1" 404 196 "-" "Mozilla/5.0 (compatible; DotBot/1.2; +https://opensiteexplorer.org/dotbot; help@moz.com)"
185.191.171.41 - - [06/May/2023:00:25:34 +0000] "GET /robots.txt HTTP/1.1" 404 196 "-" "Mozilla/5.0 (compatible; SemrushBot/7~bl; +http://www.semrush.com/bot.html)"
185.191.171.35 - - [06/May/2023:00:25:34 +0000] "GET /?p=278 HTTP/1.1" 200 1781 "-" "Mozilla/5.0 (compatible; SemrushBot/7~bl; +http://www.semrush.com/bot.html)"
216.244.66.237 - - [06/May/2023:00:27:06 +0000] "GET /affichertexte.php HTTP/1.1" 200 459 "-" "Mozilla/5.0 (compatible; DotBot/1.2; +https://opensiteexplorer.org/dotbot; help@moz.com)"
216.244.66.237 - - [06/May/2023:00:28:13 +0000] "GET /?%2Falbums%2Fcroquis-sur-le-vif%2Fcontent%2Fimg-872%2F HTTP/1.1" 200 1781 "-" "Mozilla/5.0 (compatible; DotBot/1.2; +https://opensiteexplorer.org/dotbot; help@moz.com)"
152.89.196.77 - - [06/May/2023:00:36:23 +0000] "POST /wp-content/wordpress-index-keyword.php HTTP/1.1" 404 196 "-" "Mozilla/5.0 (Windows NT 10.0; Win64; x64) AppleWebKit/537.36 (KHTML, like Gecko) Chrome/74.0.3729.169 Safari/537.36"
104.167.221.206 - - [06/May/2023:00:43:53 +0000] "GET / HTTP/1.1" 200 1781 "-" "Mozilla/5.0 (Macintosh; Intel Mac OS X 10_15_7) AppleWebKit/537.36 (KHTML, like Gecko) Chrome/109.0.0.0 Safari/537.36"
185.191.171.7 - - [06/May/2023:00:46:24 +0000] "GET /?p=566 HTTP/1.1" 200 1781 "-" "Mozilla/5.0 (compatible; SemrushBot/7~bl; +http://www.semrush.com/bot.html)"
185.191.171.22 - - [06/May/2023:00:48:31 +0000] "GET /?p=710 HTTP/1.1" 200 1781 "-" "Mozilla/5.0 (compatible; SemrushBot/7~bl; +http://www.semrush.com/bot.html)"
185.191.171.1 - - [06/May/2023:00:57:05 +0000] "GET /?p=218 HTTP/1.1" 200 1781 "-" "Mozilla/5.0 (compatible; SemrushBot/7~bl; +http://www.semrush.com/bot.html)"
152.89.196.77 - - [06/May/2023:01:00:42 +0000] "GET /wp-content/plugins/apikey/apikey.php?test=hello HTTP/1.1" 404 196 "-" "Mozilla/5.0 (Windows NT 10.0; Win64; x64; rv:67.0) Gecko/20100101 Firefox/67.0"
216.244.66.237 - - [06/May/2023:01:17:52 +0000] "GET /robots.txt HTTP/1.1" 404 196 "-" "Mozilla/5.0 (compatible; DotBot/1.2; +https://opensiteexplorer.org/dotbot; help@moz.com)"
216.244.66.237 - - [06/May/2023:01:21:36 +0000] "GET /log/ HTTP/1.1" 200 1090 "-" "Mozilla/5.0 (compatible; DotBot/1.2; +https://opensiteexplorer.org/dotbot; help@moz.com)"
216.244.66.237 - - [06/May/2023:01:22:36 +0000] "GET /?%2Falbums%2Faquarelle%2Fcontent%2Ftournesols%2F HTTP/1.1" 200 1781 "-" "Mozilla/5.0 (compatible; DotBot/1.2; +https://opensiteexplorer.org/dotbot; help@moz.com)"
185.191.171.13 - - [06/May/2023:01:42:38 +0000] "GET /robots.txt HTTP/1.1" 404 196 "-" "Mozilla/5.0 (compatible; SemrushBot/7~bl; +http://www.semrush.com/bot.html)"
185.191.171.12 - - [06/May/2023:01:42:38 +0000] "GET /?p=1291 HTTP/1.1" 200 1781 "-" "Mozilla/5.0 (compatible; SemrushBot/7~bl; +http://www.semrush.com/bot.html)"
152.89.196.77 - - [06/May/2023:01:53:03 +0000] "POST /.quarantine/wp-blockup.php?lt=503c138bd956ccbe9a63967ef1f22dac HTTP/1.1" 404 196 "-" "Mozilla/5.0 (Macintosh; Intel Mac OS X 10.14; rv:68.0) Gecko/20100101 Firefox/68.0"
185.191.171.15 - - [06/May/2023:02:11:53 +0000] "GET /?p=232 HTTP/1.1" 200 1781 "-" "Mozilla/5.0 (compatible; SemrushBot/7~bl; +http://www.semrush.com/bot.html)"
216.244.66.237 - - [06/May/2023:02:12:59 +0000] "GET /robots.txt HTTP/1.1" 404 196 "-" "Mozilla/5.0 (compatible; DotBot/1.2; +https://opensiteexplorer.org/dotbot; help@moz.com)"
185.191.171.13 - - [06/May/2023:02:16:48 +0000] "GET /?p=821 HTTP/1.1" 200 1781 "-" "Mozilla/5.0 (compatible; SemrushBot/7~bl; +http://www.semrush.com/bot.html)"
216.244.66.237 - - [06/May/2023:02:17:21 +0000] "GET /?p=255 HTTP/1.1" 200 1781 "-" "Mozilla/5.0 (compatible; DotBot/1.2; +https://opensiteexplorer.org/dotbot; help@moz.com)"
216.244.66.237 - - [06/May/2023:02:18:09 +0000] "GET /?%2Falbums%2Fcroquis-sur-le-vif%2Fcontent%2Fimg-871%2F HTTP/1.1" 200 1781 "-" "Mozilla/5.0 (compatible; DotBot/1.2; +https://opensiteexplorer.org/dotbot; help@moz.com)"
152.89.196.77 - - [06/May/2023:02:26:43 +0000] "POST /wp-content/themes/twentyseventeen/inc/color-patterns.php HTTP/1.1" 404 196 "-" "Mozilla/5.0 (Windows NT 10.0; Win64; x64; rv:66.0) Gecko/20100101 Firefox/66.0"
185.191.171.26 - - [06/May/2023:02:29:50 +0000] "GET /?p=317 HTTP/1.1" 200 1781 "-" "Mozilla/5.0 (compatible; SemrushBot/7~bl; +http://www.semrush.com/bot.html)"
51.222.253.2 - - [06/May/2023:02:38:20 +0000] "GET /log/?C=D;O=D HTTP/1.1" 200 1090 "-" "Mozilla/5.0 (compatible; AhrefsBot/7.0; +http://ahrefs.com/robot/)"
51.222.253.16 - - [06/May/2023:02:38:22 +0000] "GET /icons/back.gif HTTP/1.1" 200 216 "-" "Mozilla/5.0 (compatible; AhrefsBot/7.0; +http://ahrefs.com/robot/)"
51.222.253.10 - - [06/May/2023:02:38:23 +0000] "GET /icons/text.gif HTTP/1.1" 200 229 "-" "Mozilla/5.0 (compatible; AhrefsBot/7.0; +http://ahrefs.com/robot/)"
185.191.171.3 - - [06/May/2023:02:47:06 +0000] "GET /robots.txt HTTP/1.1" 404 196 "-" "Mozilla/5.0 (compatible; SemrushBot/7~bl; +http://www.semrush.com/bot.html)"
185.191.171.38 - - [06/May/2023:02:47:08 +0000] "GET /?p=717 HTTP/1.1" 200 1781 "-" "Mozilla/5.0 (compatible; SemrushBot/7~bl; +http://www.semrush.com/bot.html)"
185.191.171.4 - - [06/May/2023:02:49:14 +0000] "GET /?p=836 HTTP/1.1" 200 1781 "-" "Mozilla/5.0 (compatible; SemrushBot/7~bl; +http://www.semrush.com/bot.html)"
152.89.196.77 - - [06/May/2023:03:07:34 +0000] "POST /wp-content/plugins/newsletter-optin-box/templates/contact.php HTTP/1.1" 404 196 "-" "Mozilla/5.0 (Windows NT 10.0; Win64; x64; rv:67.0) Gecko/20100101 Firefox/67.0"
216.244.66.237 - - [06/May/2023:03:08:34 +0000] "GET /robots.txt HTTP/1.1" 404 196 "-" "Mozilla/5.0 (compatible; DotBot/1.2; +https://opensiteexplorer.org/dotbot; help@moz.com)"
216.244.66.237 - - [06/May/2023:03:12:45 +0000] "GET /?p=260 HTTP/1.1" 200 1781 "-" "Mozilla/5.0 (compatible; DotBot/1.2; +https://opensiteexplorer.org/dotbot; help@moz.com)"
152.89.196.77 - - [06/May/2023:03:27:42 +0000] "POST /wp-content/plugins/akismet/class.akismet-https.php HTTP/1.1" 404 196 "-" "Mozilla/5.0 (Macintosh; Intel Mac OS X 10.14; rv:68.0) Gecko/20100101 Firefox/68.0"
152.89.196.77 - - [06/May/2023:03:34:41 +0000] "GET /assets/images/1.php HTTP/1.1" 404 196 "-" "Mozilla/5.0 (Windows NT 10.0; Win64; x64) AppleWebKit/537.36 (KHTML, like Gecko) Chrome/74.0.3729.157 Safari/537.36"
216.244.66.237 - - [06/May/2023:04:04:05 +0000] "GET /robots.txt HTTP/1.1" 404 196 "-" "Mozilla/5.0 (compatible; DotBot/1.2; +https://opensiteexplorer.org/dotbot; help@moz.com)"
216.244.66.237 - - [06/May/2023:04:08:02 +0000] "GET /?p=214 HTTP/1.1" 200 1781 "-" "Mozilla/5.0 (compatible; DotBot/1.2; +https://opensiteexplorer.org/dotbot; help@moz.com)"
216.244.66.237 - - [06/May/2023:04:08:07 +0000] "GET /?p=248 HTTP/1.1" 200 1781 "-" "Mozilla/5.0 (compatible; DotBot/1.2; +https://opensiteexplorer.org/dotbot; help@moz.com)"
216.244.66.237 - - [06/May/2023:04:08:54 +0000] "GET /?%2Falbums%2Fcroquis-sur-le-vif%2Fcontent%2Fimg-869%2F HTTP/1.1" 200 1781 "-" "Mozilla/5.0 (compatible; DotBot/1.2; +https://opensiteexplorer.org/dotbot; help@moz.com)"
216.244.66.237 - - [06/May/2023:04:59:24 +0000] "GET /robots.txt HTTP/1.1" 404 196 "-" "Mozilla/5.0 (compatible; DotBot/1.2; +https://opensiteexplorer.org/dotbot; help@moz.com)"
152.89.196.77 - - [06/May/2023:05:03:04 +0000] "POST /wp-content/uploads/wp-blockdown.php?lt=503c138bd956ccbe9a63967ef1f22dac HTTP/1.1" 404 196 "-" "Mozilla/5.0 (Windows NT 10.0; Win64; x64) AppleWebKit/537.36 (KHTML, like Gecko) Chrome/74.0.3729.157 Safari/537.36"
216.244.66.237 - - [06/May/2023:05:03:31 +0000] "GET /?p=247 HTTP/1.1" 200 1781 "-" "Mozilla/5.0 (compatible; DotBot/1.2; +https://opensiteexplorer.org/dotbot; help@moz.com)"
52.167.144.133 - - [06/May/2023:05:26:26 +0000] "GET /robots.txt HTTP/1.1" 404 196 "-" "Mozilla/5.0 AppleWebKit/537.36 (KHTML, like Gecko; compatible; bingbot/2.0; +http://www.bing.com/bingbot.htm) Chrome/103.0.5060.134 Safari/537.36"
52.167.144.162 - - [06/May/2023:05:26:49 +0000] "GET / HTTP/1.1" 200 1781 "-" "Mozilla/5.0 AppleWebKit/537.36 (KHTML, like Gecko; compatible; bingbot/2.0; +http://www.bing.com/bingbot.htm) Chrome/103.0.5060.134 Safari/537.36"
185.191.171.15 - - [06/May/2023:05:30:33 +0000] "GET /robots.txt HTTP/1.1" 404 196 "-" "Mozilla/5.0 (compatible; SemrushBot/7~bl; +http://www.semrush.com/bot.html)"
185.191.171.9 - - [06/May/2023:05:30:33 +0000] "GET /?p=766 HTTP/1.1" 200 1781 "-" "Mozilla/5.0 (compatible; SemrushBot/7~bl; +http://www.semrush.com/bot.html)"
185.191.171.4 - - [06/May/2023:05:30:46 +0000] "GET /?p=499 HTTP/1.1" 200 1781 "-" "Mozilla/5.0 (compatible; SemrushBot/7~bl; +http://www.semrush.com/bot.html)"
185.191.171.44 - - [06/May/2023:05:35:30 +0000] "GET /?p=642 HTTP/1.1" 200 1781 "-" "Mozilla/5.0 (compatible; SemrushBot/7~bl; +http://www.semrush.com/bot.html)"
152.89.196.77 - - [06/May/2023:05:36:05 +0000] "POST /wp-content/uploads/2022/02/wp_wrong_datlib.php HTTP/1.1" 404 196 "-" "Mozilla/5.0 (Windows NT 10.0; Win64; x64; rv:67.0) Gecko/20100101 Firefox/67.0"
51.222.253.19 - - [06/May/2023:05:52:20 +0000] "GET /log/?C=M;O=D HTTP/1.1" 200 1090 "-" "Mozilla/5.0 (compatible; AhrefsBot/7.0; +http://ahrefs.com/robot/)"
185.191.171.21 - - [06/May/2023:05:54:34 +0000] "GET /?p=557 HTTP/1.1" 200 1781 "-" "Mozilla/5.0 (compatible; SemrushBot/7~bl; +http://www.semrush.com/bot.html)"
114.119.131.192 - - [06/May/2023:06:00:58 +0000] "GET / HTTP/1.1" 200 1781 "http://laurencegaudet.com/log/" "Mozilla/5.0 (Linux; Android 7.0;) AppleWebKit/537.36 (KHTML, like Gecko) Mobile Safari/537.36 (compatible; PetalBot;+https://webmaster.petalsearch.com/site/petalbot)"
185.191.171.16 - - [06/May/2023:06:24:11 +0000] "GET /?p=693 HTTP/1.1" 200 1781 "-" "Mozilla/5.0 (compatible; SemrushBot/7~bl; +http://www.semrush.com/bot.html)"
152.89.196.77 - - [06/May/2023:06:45:39 +0000] "POST /wp-content/qq.php HTTP/1.1" 404 196 "-" "Mozilla/5.0 (Windows NT 10.0; Win64; x64) AppleWebKit/537.36 (KHTML, like Gecko) Chrome/74.0.3729.169 Safari/537.36"
216.244.66.237 - - [06/May/2023:06:51:14 +0000] "GET /robots.txt HTTP/1.1" 404 196 "-" "Mozilla/5.0 (compatible; DotBot/1.2; +https://opensiteexplorer.org/dotbot; help@moz.com)"
51.222.253.12 - - [06/May/2023:06:53:59 +0000] "GET /log/?C=S;O=D HTTP/1.1" 200 1090 "-" "Mozilla/5.0 (compatible; AhrefsBot/7.0; +http://ahrefs.com/robot/)"
216.244.66.237 - - [06/May/2023:06:55:20 +0000] "GET /?p=204 HTTP/1.1" 200 1781 "-" "Mozilla/5.0 (compatible; DotBot/1.2; +https://opensiteexplorer.org/dotbot; help@moz.com)"
216.244.66.237 - - [06/May/2023:06:56:43 +0000] "GET /2020/11/22/hoe-je-altijd-slots-wint/ HTTP/1.1" 404 196 "-" "Mozilla/5.0 (compatible; DotBot/1.2; +https://opensiteexplorer.org/dotbot; help@moz.com)"
152.89.196.77 - - [06/May/2023:06:58:46 +0000] "POST /wp-content/mu-plugins/.06e0f.php HTTP/1.1" 404 196 "-" "Mozilla/5.0 (Windows NT 10.0; Win64; x64; rv:66.0) Gecko/20100101 Firefox/66.0"
185.191.171.39 - - [06/May/2023:07:18:38 +0000] "GET /robots.txt HTTP/1.1" 404 196 "-" "Mozilla/5.0 (compatible; SemrushBot/7~bl; +http://www.semrush.com/bot.html)"
185.191.171.45 - - [06/May/2023:07:18:38 +0000] "GET /?p=424 HTTP/1.1" 200 1781 "-" "Mozilla/5.0 (compatible; SemrushBot/7~bl; +http://www.semrush.com/bot.html)"
216.244.66.237 - - [06/May/2023:07:48:18 +0000] "GET /robots.txt HTTP/1.1" 404 196 "-" "Mozilla/5.0 (compatible; DotBot/1.2; +https://opensiteexplorer.org/dotbot; help@moz.com)"
216.244.66.237 - - [06/May/2023:07:53:04 +0000] "GET /?p=268 HTTP/1.1" 200 1781 "-" "Mozilla/5.0 (compatible; DotBot/1.2; +https://opensiteexplorer.org/dotbot; help@moz.com)"
185.191.171.23 - - [06/May/2023:08:03:35 +0000] "GET /?p=928 HTTP/1.1" 200 1781 "-" "Mozilla/5.0 (compatible; SemrushBot/7~bl; +http://www.semrush.com/bot.html)"
185.191.171.20 - - [06/May/2023:08:07:07 +0000] "GET /?p=1475 HTTP/1.1" 200 1781 "-" "Mozilla/5.0 (compatible; SemrushBot/7~bl; +http://www.semrush.com/bot.html)"
216.244.66.237 - - [06/May/2023:08:36:35 +0000] "GET /robots.txt HTTP/1.1" 404 196 "-" "Mozilla/5.0 (compatible; DotBot/1.2; +https://opensiteexplorer.org/dotbot; help@moz.com)"
216.244.66.237 - - [06/May/2023:08:41:24 +0000] "GET /?p=206 HTTP/1.1" 200 1781 "-" "Mozilla/5.0 (compatible; DotBot/1.2; +https://opensiteexplorer.org/dotbot; help@moz.com)"
216.244.66.237 - - [06/May/2023:08:41:58 +0000] "GET /?%2Falbums%2Faquarelle%2Fcontent%2Fasie%2F HTTP/1.1" 200 1781 "-" "Mozilla/5.0 (compatible; DotBot/1.2; +https://opensiteexplorer.org/dotbot; help@moz.com)"
216.244.66.237 - - [06/May/2023:08:42:20 +0000] "GET /?%2Falbums%2Fcroquis-sur-le-vif%2Fcontent%2Fimg-875%2F HTTP/1.1" 200 1781 "-" "Mozilla/5.0 (compatible; DotBot/1.2; +https://opensiteexplorer.org/dotbot; help@moz.com)"
185.191.171.12 - - [06/May/2023:08:48:15 +0000] "GET /robots.txt HTTP/1.1" 404 196 "-" "Mozilla/5.0 (compatible; SemrushBot/7~bl; +http://www.semrush.com/bot.html)"
185.191.171.43 - - [06/May/2023:08:48:16 +0000] "GET /?p=1487 HTTP/1.1" 200 1781 "-" "Mozilla/5.0 (compatible; SemrushBot/7~bl; +http://www.semrush.com/bot.html)"
212.224.98.109 - - [06/May/2023:09:04:03 +0000] "GET /wp-login.php HTTP/1.1" 404 16 "-" "Mozilla/5.0 (Windows NT 10.0; Win64; x64; rv:96.0) Gecko/20100101 Firefox/96"
54.202.59.43 - - [06/May/2023:09:18:28 +0000] "GET / HTTP/1.1" 200 1781 "-" "Mozilla/5.0 (X11; Linux x86_64) AppleWebKit/537.36 (KHTML, like Gecko) Chrome/83.0.4103.97 Safari/537.36"
34.211.34.94 - - [06/May/2023:09:18:42 +0000] "GET /favicon.ico HTTP/1.1" 404 196 "-" "Mozilla/5.0 (X11; Linux x86_64) AppleWebKit/537.36 (KHTML, like Gecko) Chrome/83.0.4103.97 Safari/537.36"
34.211.34.94 - - [06/May/2023:09:18:43 +0000] "GET / HTTP/1.1" 200 1781 "-" "Mozilla/5.0 (X11; Linux x86_64) AppleWebKit/537.36 (KHTML, like Gecko) Chrome/83.0.4103.97 Safari/537.36"
85.152.52.220 - - [06/May/2023:09:24:42 +0000] "GET /inputs.php HTTP/1.1" 404 16 "laurencegaudet.com" "Mozilla/5.1 (Windows NT 6.0; WOW64) AppleWebKit/537.37 (KHTML, like Gecko) Chrome/58.0.1145.75 Safari/537.37"
216.244.66.237 - - [06/May/2023:09:35:13 +0000] "GET /robots.txt HTTP/1.1" 404 196 "-" "Mozilla/5.0 (compatible; DotBot/1.2; +https://opensiteexplorer.org/dotbot; help@moz.com)"
216.244.66.237 - - [06/May/2023:09:40:23 +0000] "GET /?%2Ffeed%2Falbums%2F1%2Frecent_rss HTTP/1.1" 200 1781 "-" "Mozilla/5.0 (compatible; DotBot/1.2; +https://opensiteexplorer.org/dotbot; help@moz.com)"
216.244.66.237 - - [06/May/2023:09:40:28 +0000] "GET /?%2Falbums%2Fcrayons%2Fcontent%2Felsa%2F HTTP/1.1" 200 1781 "-" "Mozilla/5.0 (compatible; DotBot/1.2; +https://opensiteexplorer.org/dotbot; help@moz.com)"
216.244.66.237 - - [06/May/2023:09:40:32 +0000] "GET /?%2Falbums%2Fcrayons%2Fcontent%2Flion%2F HTTP/1.1" 200 1781 "-" "Mozilla/5.0 (compatible; DotBot/1.2; +https://opensiteexplorer.org/dotbot; help@moz.com)"
54.186.166.69 - - [06/May/2023:09:51:41 +0000] "GET / HTTP/1.1" 200 1781 "-" "Mozilla/5.0 (Windows NT 10.0; Win64; x64)AppleWebKit/537.36 (KHTML, like Gecko) Chrome/66.0.3359.181 Safari/537.36"
66.115.130.58 - - [06/May/2023:10:04:08 +0000] "GET /inputs.php HTTP/1.1" 404 16 "laurencegaudet.com" "Mozilla/5.1 (Windows NT 6.0; WOW64) AppleWebKit/537.37 (KHTML, like Gecko) Chrome/58.0.1145.75 Safari/537.37"
185.191.171.39 - - [06/May/2023:10:14:30 +0000] "GET /robots.txt HTTP/1.1" 404 196 "-" "Mozilla/5.0 (compatible; SemrushBot/7~bl; +http://www.semrush.com/bot.html)"
185.191.171.23 - - [06/May/2023:10:14:32 +0000] "GET /?p=483 HTTP/1.1" 200 1781 "-" "Mozilla/5.0 (compatible; SemrushBot/7~bl; +http://www.semrush.com/bot.html)"
185.191.171.17 - - [06/May/2023:10:33:34 +0000] "GET /?p=248 HTTP/1.1" 200 1781 "-" "Mozilla/5.0 (compatible; SemrushBot/7~bl; +http://www.semrush.com/bot.html)"
185.191.171.8 - - [06/May/2023:10:38:06 +0000] "GET /?p=1090 HTTP/1.1" 200 1781 "-" "Mozilla/5.0 (compatible; SemrushBot/7~bl; +http://www.semrush.com/bot.html)"
185.191.171.15 - - [06/May/2023:10:40:01 +0000] "GET /?p=1192 HTTP/1.1" 200 1781 "-" "Mozilla/5.0 (compatible; SemrushBot/7~bl; +http://www.semrush.com/bot.html)"
185.191.171.39 - - [06/May/2023:10:58:55 +0000] "GET /?p=687 HTTP/1.1" 200 1781 "-" "Mozilla/5.0 (compatible; SemrushBot/7~bl; +http://www.semrush.com/bot.html)"
66.249.70.87 - - [06/May/2023:11:11:13 +0000] "GET /robots.txt HTTP/1.1" 404 196 "-" "Mozilla/5.0 (compatible; Googlebot/2.1; +http://www.google.com/bot.html)"
66.249.76.63 - - [06/May/2023:11:11:13 +0000] "GET /administrator/ HTTP/1.1" 404 196 "-" "Mozilla/5.0 (Linux; Android 6.0.1; Nexus 5X Build/MMB29P) AppleWebKit/537.36 (KHTML, like Gecko) Chrome/112.0.5615.142 Mobile Safari/537.36 (compatible; Googlebot/2.1; +http://www.google.com/bot.html)"
185.191.171.11 - - [06/May/2023:11:28:45 +0000] "GET /robots.txt HTTP/1.1" 404 196 "-" "Mozilla/5.0 (compatible; SemrushBot/7~bl; +http://www.semrush.com/bot.html)"
185.191.171.25 - - [06/May/2023:11:28:47 +0000] "GET /?p=1613 HTTP/1.1" 200 1781 "-" "Mozilla/5.0 (compatible; SemrushBot/7~bl; +http://www.semrush.com/bot.html)"
185.191.171.17 - - [06/May/2023:11:35:39 +0000] "GET /?p=659 HTTP/1.1" 200 1781 "-" "Mozilla/5.0 (compatible; SemrushBot/7~bl; +http://www.semrush.com/bot.html)"
185.191.171.39 - - [06/May/2023:11:55:45 +0000] "GET /?p=431 HTTP/1.1" 200 1781 "-" "Mozilla/5.0 (compatible; SemrushBot/7~bl; +http://www.semrush.com/bot.html)"
185.191.171.6 - - [06/May/2023:12:00:01 +0000] "GET /?p=198 HTTP/1.1" 200 1781 "-" "Mozilla/5.0 (compatible; SemrushBot/7~bl; +http://www.semrush.com/bot.html)"
185.191.171.18 - - [06/May/2023:12:18:01 +0000] "GET /?p=346 HTTP/1.1" 200 1781 "-" "Mozilla/5.0 (compatible; SemrushBot/7~bl; +http://www.semrush.com/bot.html)"
185.191.171.9 - - [06/May/2023:12:19:54 +0000] "GET /?p=217 HTTP/1.1" 200 1781 "-" "Mozilla/5.0 (compatible; SemrushBot/7~bl; +http://www.semrush.com/bot.html)"
216.244.66.237 - - [06/May/2023:12:25:44 +0000] "GET /robots.txt HTTP/1.1" 404 196 "-" "Mozilla/5.0 (compatible; DotBot/1.2; +https://opensiteexplorer.org/dotbot; help@moz.com)"
216.244.66.237 - - [06/May/2023:12:37:40 +0000] "GET /?%2Falbums%2Faquarelle%2Fcontent%2Fnuances%2F HTTP/1.1" 200 1781 "-" "Mozilla/5.0 (compatible; DotBot/1.2; +https://opensiteexplorer.org/dotbot; help@moz.com)"
216.244.66.237 - - [06/May/2023:13:21:01 +0000] "GET /robots.txt HTTP/1.1" 404 196 "-" "Mozilla/5.0 (compatible; DotBot/1.2; +https://opensiteexplorer.org/dotbot; help@moz.com)"
216.244.66.237 - - [06/May/2023:13:29:33 +0000] "GET /?p=367 HTTP/1.1" 200 1781 "-" "Mozilla/5.0 (compatible; DotBot/1.2; +https://opensiteexplorer.org/dotbot; help@moz.com)"
216.244.66.237 - - [06/May/2023:13:34:17 +0000] "GET /2020/11/22/online-casino-gratis-echtgeld/ HTTP/1.1" 404 196 "-" "Mozilla/5.0 (compatible; DotBot/1.2; +https://opensiteexplorer.org/dotbot; help@moz.com)"
185.191.171.24 - - [06/May/2023:14:02:56 +0000] "GET /robots.txt HTTP/1.1" 404 196 "-" "Mozilla/5.0 (compatible; SemrushBot/7~bl; +http://www.semrush.com/bot.html)"
185.191.171.3 - - [06/May/2023:14:02:56 +0000] "GET /?p=714 HTTP/1.1" 200 1781 "-" "Mozilla/5.0 (compatible; SemrushBot/7~bl; +http://www.semrush.com/bot.html)"
185.191.171.37 - - [06/May/2023:14:07:03 +0000] "GET /?p=427 HTTP/1.1" 200 1781 "-" "Mozilla/5.0 (compatible; SemrushBot/7~bl; +http://www.semrush.com/bot.html)"
185.191.171.39 - - [06/May/2023:14:15:46 +0000] "GET /?p=552 HTTP/1.1" 200 1781 "-" "Mozilla/5.0 (compatible; SemrushBot/7~bl; +http://www.semrush.com/bot.html)"
216.244.66.237 - - [06/May/2023:14:16:03 +0000] "GET /robots.txt HTTP/1.1" 404 196 "-" "Mozilla/5.0 (compatible; DotBot/1.2; +https://opensiteexplorer.org/dotbot; help@moz.com)"
216.244.66.237 - - [06/May/2023:14:23:50 +0000] "GET /?p=243 HTTP/1.1" 200 1781 "-" "Mozilla/5.0 (compatible; DotBot/1.2; +https://opensiteexplorer.org/dotbot; help@moz.com)"
216.244.66.237 - - [06/May/2023:14:23:55 +0000] "GET /?p=318 HTTP/1.1" 200 1781 "-" "Mozilla/5.0 (compatible; DotBot/1.2; +https://opensiteexplorer.org/dotbot; help@moz.com)"
185.191.171.40 - - [06/May/2023:14:37:54 +0000] "GET /?p=554 HTTP/1.1" 200 1781 "-" "Mozilla/5.0 (compatible; SemrushBot/7~bl; +http://www.semrush.com/bot.html)"
185.191.171.19 - - [06/May/2023:14:41:28 +0000] "GET /?p=782 HTTP/1.1" 200 1781 "-" "Mozilla/5.0 (compatible; SemrushBot/7~bl; +http://www.semrush.com/bot.html)"
185.191.171.9 - - [06/May/2023:14:48:59 +0000] "GET /?p=753 HTTP/1.1" 200 1781 "-" "Mozilla/5.0 (compatible; SemrushBot/7~bl; +http://www.semrush.com/bot.html)"
185.191.171.5 - - [06/May/2023:14:59:47 +0000] "GET /?p=355 HTTP/1.1" 200 1781 "-" "Mozilla/5.0 (compatible; SemrushBot/7~bl; +http://www.semrush.com/bot.html)"
185.191.171.26 - - [06/May/2023:14:59:50 +0000] "GET /?p=261 HTTP/1.1" 200 1781 "-" "Mozilla/5.0 (compatible; SemrushBot/7~bl; +http://www.semrush.com/bot.html)"
216.244.66.237 - - [06/May/2023:15:10:11 +0000] "GET /robots.txt HTTP/1.1" 404 196 "-" "Mozilla/5.0 (compatible; DotBot/1.2; +https://opensiteexplorer.org/dotbot; help@moz.com)"
216.244.66.237 - - [06/May/2023:15:14:27 +0000] "GET /?p=1287 HTTP/1.1" 200 1781 "-" "Mozilla/5.0 (compatible; DotBot/1.2; +https://opensiteexplorer.org/dotbot; help@moz.com)"
185.191.171.24 - - [06/May/2023:15:24:56 +0000] "GET /robots.txt HTTP/1.1" 404 196 "-" "Mozilla/5.0 (compatible; SemrushBot/7~bl; +http://www.semrush.com/bot.html)"
185.191.171.13 - - [06/May/2023:15:24:56 +0000] "GET /?p=443 HTTP/1.1" 200 1781 "-" "Mozilla/5.0 (compatible; SemrushBot/7~bl; +http://www.semrush.com/bot.html)"
185.191.171.38 - - [06/May/2023:15:38:50 +0000] "GET /?p=510 HTTP/1.1" 200 1781 "-" "Mozilla/5.0 (compatible; SemrushBot/7~bl; +http://www.semrush.com/bot.html)"
185.191.171.20 - - [06/May/2023:15:59:49 +0000] "GET /?p=2150 HTTP/1.1" 200 1781 "-" "Mozilla/5.0 (compatible; SemrushBot/7~bl; +http://www.semrush.com/bot.html)"
185.191.171.3 - - [06/May/2023:16:00:19 +0000] "GET /?p=679 HTTP/1.1" 200 1781 "-" "Mozilla/5.0 (compatible; SemrushBot/7~bl; +http://www.semrush.com/bot.html)"
185.191.171.4 - - [06/May/2023:16:20:36 +0000] "GET /?p=490 HTTP/1.1" 200 1781 "-" "Mozilla/5.0 (compatible; SemrushBot/7~bl; +http://www.semrush.com/bot.html)"
185.191.171.43 - - [06/May/2023:17:13:00 +0000] "GET /robots.txt HTTP/1.1" 404 196 "-" "Mozilla/5.0 (compatible; SemrushBot/7~bl; +http://www.semrush.com/bot.html)"
185.191.171.13 - - [06/May/2023:17:13:01 +0000] "GET /?p=1124 HTTP/1.1" 200 1781 "-" "Mozilla/5.0 (compatible; SemrushBot/7~bl; +http://www.semrush.com/bot.html)"
185.191.171.3 - - [06/May/2023:17:47:41 +0000] "GET /?p=560 HTTP/1.1" 200 1781 "-" "Mozilla/5.0 (compatible; SemrushBot/7~bl; +http://www.semrush.com/bot.html)"
52.167.144.162 - - [06/May/2023:17:49:48 +0000] "GET / HTTP/1.1" 200 1781 "-" "Mozilla/5.0 AppleWebKit/537.36 (KHTML, like Gecko; compatible; bingbot/2.0; +http://www.bing.com/bingbot.htm) Chrome/103.0.5060.134 Safari/537.36"
185.191.171.18 - - [06/May/2023:18:05:16 +0000] "GET /?p=489 HTTP/1.1" 200 1781 "-" "Mozilla/5.0 (compatible; SemrushBot/7~bl; +http://www.semrush.com/bot.html)"
185.191.171.43 - - [06/May/2023:18:15:47 +0000] "GET /robots.txt HTTP/1.1" 404 196 "-" "Mozilla/5.0 (compatible; SemrushBot/7~bl; +http://www.semrush.com/bot.html)"
185.191.171.18 - - [06/May/2023:18:15:49 +0000] "GET /?p=752 HTTP/1.1" 200 1781 "-" "Mozilla/5.0 (compatible; SemrushBot/7~bl; +http://www.semrush.com/bot.html)"
185.191.171.10 - - [06/May/2023:18:28:32 +0000] "GET /?p=1003 HTTP/1.1" 200 1781 "-" "Mozilla/5.0 (compatible; SemrushBot/7~bl; +http://www.semrush.com/bot.html)"
185.191.171.25 - - [06/May/2023:19:03:58 +0000] "GET /?p=1217 HTTP/1.1" 200 1781 "-" "Mozilla/5.0 (compatible; SemrushBot/7~bl; +http://www.semrush.com/bot.html)"
185.191.171.18 - - [06/May/2023:19:12:35 +0000] "GET /?p=561 HTTP/1.1" 200 1781 "-" "Mozilla/5.0 (compatible; SemrushBot/7~bl; +http://www.semrush.com/bot.html)"
185.191.171.23 - - [06/May/2023:19:15:53 +0000] "GET /robots.txt HTTP/1.1" 404 196 "-" "Mozilla/5.0 (compatible; SemrushBot/7~bl; +http://www.semrush.com/bot.html)"
185.191.171.23 - - [06/May/2023:19:15:53 +0000] "GET /?p=433 HTTP/1.1" 200 1781 "-" "Mozilla/5.0 (compatible; SemrushBot/7~bl; +http://www.semrush.com/bot.html)"
185.191.171.42 - - [06/May/2023:19:22:14 +0000] "GET /?p=416 HTTP/1.1" 200 1781 "-" "Mozilla/5.0 (compatible; SemrushBot/7~bl; +http://www.semrush.com/bot.html)"
216.244.66.237 - - [06/May/2023:19:41:35 +0000] "GET /robots.txt HTTP/1.1" 404 196 "-" "Mozilla/5.0 (compatible; DotBot/1.2; +https://opensiteexplorer.org/dotbot; help@moz.com)"
216.244.66.237 - - [06/May/2023:19:45:27 +0000] "GET /?p=277 HTTP/1.1" 200 1781 "-" "Mozilla/5.0 (compatible; DotBot/1.2; +https://opensiteexplorer.org/dotbot; help@moz.com)"
216.244.66.237 - - [06/May/2023:19:46:02 +0000] "GET /?%2Falbums%2Fcroquis-sur-le-vif%2Fcontent%2Fimg-876%2F HTTP/1.1" 200 1781 "-" "Mozilla/5.0 (compatible; DotBot/1.2; +https://opensiteexplorer.org/dotbot; help@moz.com)"
185.191.171.37 - - [06/May/2023:19:47:16 +0000] "GET /?p=447 HTTP/1.1" 200 1781 "-" "Mozilla/5.0 (compatible; SemrushBot/7~bl; +http://www.semrush.com/bot.html)"
162.241.24.29 - - [06/May/2023:19:59:31 +0000] "GET /wordpress/ HTTP/1.1" 404 196 "-" "-"
185.191.171.34 - - [06/May/2023:20:02:22 +0000] "GET /?p=429 HTTP/1.1" 200 1781 "-" "Mozilla/5.0 (compatible; SemrushBot/7~bl; +http://www.semrush.com/bot.html)"
185.191.171.40 - - [06/May/2023:20:04:23 +0000] "GET /?p=1410 HTTP/1.1" 200 1781 "-" "Mozilla/5.0 (compatible; SemrushBot/7~bl; +http://www.semrush.com/bot.html)"
185.191.171.35 - - [06/May/2023:20:12:05 +0000] "GET /?p=498 HTTP/1.1" 200 1781 "-" "Mozilla/5.0 (compatible; SemrushBot/7~bl; +http://www.semrush.com/bot.html)"
185.191.171.8 - - [06/May/2023:20:34:14 +0000] "GET /robots.txt HTTP/1.1" 404 196 "-" "Mozilla/5.0 (compatible; SemrushBot/7~bl; +http://www.semrush.com/bot.html)"
