103.54.58.237 - - [01/Feb/2023:04:53:41 +0000] "GET /marijuana.php HTTP/1.1" 404 16 "-" "Mozilla/5.0 (Windows NT 10.0; Win64; x64) AppleWebKit/537.36 (KHTML, like Gecko) Chrome/109.0.0.0 Safari/537.36"
103.54.58.237 - - [01/Feb/2023:04:53:42 +0000] "GET /small.php HTTP/1.1" 404 16 "-" "Mozilla/5.0 (Windows NT 10.0; Win64; x64) AppleWebKit/537.36 (KHTML, like Gecko) Chrome/109.0.0.0 Safari/537.36"
103.54.58.237 - - [01/Feb/2023:04:53:43 +0000] "GET /fx.php HTTP/1.1" 404 16 "-" "Mozilla/5.0 (Windows NT 10.0; Win64; x64) AppleWebKit/537.36 (KHTML, like Gecko) Chrome/109.0.0.0 Safari/537.36"
103.54.58.237 - - [01/Feb/2023:04:53:44 +0000] "GET /l.php HTTP/1.1" 404 16 "-" "Mozilla/5.0 (Windows NT 10.0; Win64; x64) AppleWebKit/537.36 (KHTML, like Gecko) Chrome/109.0.0.0 Safari/537.36"
103.54.58.237 - - [01/Feb/2023:04:53:45 +0000] "GET /w.php HTTP/1.1" 404 16 "-" "Mozilla/5.0 (Windows NT 10.0; Win64; x64) AppleWebKit/537.36 (KHTML, like Gecko) Chrome/109.0.0.0 Safari/537.36"
103.54.58.237 - - [01/Feb/2023:04:53:46 +0000] "GET /alfa.php HTTP/1.1" 404 16 "-" "Mozilla/5.0 (Windows NT 10.0; Win64; x64) AppleWebKit/537.36 (KHTML, like Gecko) Chrome/109.0.0.0 Safari/537.36"
103.54.58.237 - - [01/Feb/2023:04:53:46 +0000] "GET /vuln.php HTTP/1.1" 404 16 "-" "Mozilla/5.0 (Windows NT 10.0; Win64; x64) AppleWebKit/537.36 (KHTML, like Gecko) Chrome/109.0.0.0 Safari/537.36"
103.54.58.237 - - [01/Feb/2023:04:53:47 +0000] "GET /wp-includes/shell20211028.php HTTP/1.1" 404 196 "-" "Mozilla/5.0 (Windows NT 10.0; Win64; x64) AppleWebKit/537.36 (KHTML, like Gecko) Chrome/109.0.0.0 Safari/537.36"
103.54.58.237 - - [01/Feb/2023:04:53:48 +0000] "GET /wp2.php HTTP/1.1" 404 16 "-" "Mozilla/5.0 (Windows NT 10.0; Win64; x64) AppleWebKit/537.36 (KHTML, like Gecko) Chrome/109.0.0.0 Safari/537.36"
103.54.58.237 - - [01/Feb/2023:04:53:49 +0000] "GET /edit-form.php HTTP/1.1" 404 16 "-" "Mozilla/5.0 (Windows NT 10.0; Win64; x64) AppleWebKit/537.36 (KHTML, like Gecko) Chrome/109.0.0.0 Safari/537.36"
103.54.58.237 - - [01/Feb/2023:04:53:50 +0000] "GET /z.php HTTP/1.1" 404 16 "-" "Mozilla/5.0 (Windows NT 10.0; Win64; x64) AppleWebKit/537.36 (KHTML, like Gecko) Chrome/109.0.0.0 Safari/537.36"
103.54.58.237 - - [01/Feb/2023:04:53:51 +0000] "GET /c.php HTTP/1.1" 404 16 "-" "Mozilla/5.0 (Windows NT 10.0; Win64; x64) AppleWebKit/537.36 (KHTML, like Gecko) Chrome/109.0.0.0 Safari/537.36"
103.54.58.237 - - [01/Feb/2023:04:53:51 +0000] "GET /new.php HTTP/1.1" 404 16 "-" "Mozilla/5.0 (Windows NT 10.0; Win64; x64) AppleWebKit/537.36 (KHTML, like Gecko) Chrome/109.0.0.0 Safari/537.36"
103.54.58.237 - - [01/Feb/2023:04:53:52 +0000] "GET /wp-admin/maint/about.php HTTP/1.1" 404 196 "-" "Mozilla/5.0 (Windows NT 10.0; Win64; x64) AppleWebKit/537.36 (KHTML, like Gecko) Chrome/109.0.0.0 Safari/537.36"
103.54.58.237 - - [01/Feb/2023:04:53:53 +0000] "GET /ok.php HTTP/1.1" 404 16 "-" "Mozilla/5.0 (Windows NT 10.0; Win64; x64) AppleWebKit/537.36 (KHTML, like Gecko) Chrome/109.0.0.0 Safari/537.36"
216.244.66.237 - - [01/Feb/2023:05:00:35 +0000] "GET /robots.txt HTTP/1.1" 404 196 "-" "Mozilla/5.0 (compatible; DotBot/1.2; +https://opensiteexplorer.org/dotbot; help@moz.com)"
216.244.66.237 - - [01/Feb/2023:05:06:49 +0000] "GET /?p=499 HTTP/1.1" 200 1781 "-" "Mozilla/5.0 (compatible; DotBot/1.2; +https://opensiteexplorer.org/dotbot; help@moz.com)"
103.74.123.3 - - [01/Feb/2023:05:20:06 +0000] "GET /wp-login.php HTTP/1.1" 404 16 "" "Mozilla/5.0 (Windows NT 10.0; Win64; x64; rv:108.0) Gecko/20100101 Firefox/108.0"
205.210.31.5 - - [01/Feb/2023:05:23:00 +0000] "GET / HTTP/1.1" 200 1781 "-" "Expanse, a Palo Alto Networks company, searches across the global IPv4 space multiple times per day to identify customers' presences on the Internet. If you would like to be excluded from our scans, please send IP addresses/domains to: scaninfo@paloaltonetworks.com"
216.244.66.237 - - [01/Feb/2023:05:48:43 +0000] "GET /robots.txt HTTP/1.1" 404 196 "-" "Mozilla/5.0 (compatible; DotBot/1.2; +https://opensiteexplorer.org/dotbot; help@moz.com)"
216.244.66.237 - - [01/Feb/2023:05:54:35 +0000] "GET /?p=228 HTTP/1.1" 200 1781 "-" "Mozilla/5.0 (compatible; DotBot/1.2; +https://opensiteexplorer.org/dotbot; help@moz.com)"
51.75.146.219 - - [01/Feb/2023:06:33:45 +0000] "GET / HTTP/1.1" 200 1781 "-" "Mozilla/5.0 (compatible; Googlebot/2.1; +http://www.google.com/bot.html)"
216.244.66.237 - - [01/Feb/2023:06:36:50 +0000] "GET /robots.txt HTTP/1.1" 404 196 "-" "Mozilla/5.0 (compatible; DotBot/1.2; +https://opensiteexplorer.org/dotbot; help@moz.com)"
216.244.66.237 - - [01/Feb/2023:06:41:46 +0000] "GET /?%2Falbums%2Fcroquis-sur-le-vif%2Fcontent%2Fimg-878%2F HTTP/1.1" 200 1781 "-" "Mozilla/5.0 (compatible; DotBot/1.2; +https://opensiteexplorer.org/dotbot; help@moz.com)"
157.230.178.254 - - [01/Feb/2023:06:42:23 +0000] "GET /wp-login.php HTTP/1.1" 404 16 "" "Mozilla/5.0 (Windows NT 10.0; Win64; x64; rv:108.0) Gecko/20100101 Firefox/108.0"
42.236.10.83 - - [01/Feb/2023:07:07:56 +0000] "GET / HTTP/1.1" 200 1781 "http://laurencegaudet.com/" "Mozilla/5.0 (Windows NT 6.1; WOW64) AppleWebKit/537.36 (KHTML, like Gecko) Chrome/50.0.2661.102 Safari/537.36; 360Spider"
216.244.66.237 - - [01/Feb/2023:07:24:59 +0000] "GET /robots.txt HTTP/1.1" 404 196 "-" "Mozilla/5.0 (compatible; DotBot/1.2; +https://opensiteexplorer.org/dotbot; help@moz.com)"
216.244.66.237 - - [01/Feb/2023:07:30:07 +0000] "GET /?%2Falbums%2Faquarelle%2F HTTP/1.1" 200 1781 "-" "Mozilla/5.0 (compatible; DotBot/1.2; +https://opensiteexplorer.org/dotbot; help@moz.com)"
216.244.66.237 - - [01/Feb/2023:07:30:11 +0000] "GET /?%2Falbums%2Fcrayons%2F HTTP/1.1" 200 1781 "-" "Mozilla/5.0 (compatible; DotBot/1.2; +https://opensiteexplorer.org/dotbot; help@moz.com)"
216.244.66.237 - - [01/Feb/2023:07:30:16 +0000] "GET /?%2Falbums%2Fcrayons%2Fcontent%2Fflamenco%2F HTTP/1.1" 200 1781 "-" "Mozilla/5.0 (compatible; DotBot/1.2; +https://opensiteexplorer.org/dotbot; help@moz.com)"
216.244.66.237 - - [01/Feb/2023:07:30:56 +0000] "GET /?p=224 HTTP/1.1" 200 1781 "-" "Mozilla/5.0 (compatible; DotBot/1.2; +https://opensiteexplorer.org/dotbot; help@moz.com)"
216.244.66.237 - - [01/Feb/2023:08:13:06 +0000] "GET /robots.txt HTTP/1.1" 404 196 "-" "Mozilla/5.0 (compatible; DotBot/1.2; +https://opensiteexplorer.org/dotbot; help@moz.com)"
216.244.66.237 - - [01/Feb/2023:08:19:10 +0000] "GET /?p=421 HTTP/1.1" 200 1781 "-" "Mozilla/5.0 (compatible; DotBot/1.2; +https://opensiteexplorer.org/dotbot; help@moz.com)"
157.90.181.206 - - [01/Feb/2023:08:36:01 +0000] "GET /robots.txt HTTP/1.1" 404 196 "-" "Mozilla/5.0 (compatible; BLEXBot/1.0; +http://webmeup-crawler.com/)"
157.90.181.206 - - [01/Feb/2023:08:36:01 +0000] "GET / HTTP/1.1" 200 1781 "-" "Mozilla/5.0 (compatible; BLEXBot/1.0; +http://webmeup-crawler.com/)"
89.201.194.133 - - [01/Feb/2023:09:00:50 +0000] "GET /wp-admin/includes/class-wp-community-events-ajax-response.php?limit=ofj.hu/ajax HTTP/1.1" 404 196 "-" "Mozilla/4.0 (compatible; MSIE 7.0; Windows NT 6.2; Trident/7.0; .NET4.0C; .NET4.0E)"
118.173.161.21 - - [01/Feb/2023:09:02:01 +0000] "GET /wp-content/plugins/akismet/class.akismet-widget-cron.php HTTP/1.1" 404 196 "-" "Mozilla/5.0 (Windows NT 10.0; Win64; x64) AppleWebKit/537.36 (KHTML, like Gecko) Chrome/63.0.3239.108 Safari/537.36 OPR/50.0.2762.45"
81.182.16.52 - - [01/Feb/2023:09:02:29 +0000] "GET /wp-includes/cron-meta.php HTTP/1.1" 404 196 "-" "Mozilla/5.0 (Windows NT 6.1; rv:61.0) Gecko/20100101 Firefox/61.0"
50.62.56.97 - - [01/Feb/2023:09:03:01 +0000] "GET /wp-config-sample.php?private HTTP/1.1" 404 16 "-" "Mozilla/5.0 (Macintosh; Intel Mac OS X 10_10_5) AppleWebKit/602.4.8 (KHTML, like Gecko) Version/10.0.3 Safari/602.4.8"
110.77.230.195 - - [01/Feb/2023:09:03:41 +0000] "GET /wp-admin/network/user-new-core.php?varname=ofj.hu/ajax HTTP/1.1" 404 196 "-" "Mozilla/5.0 (Macintosh; Intel Mac OS X 10_11_6) AppleWebKit/537.36 (KHTML, like Gecko) Chrome/66.0.3359.181 Safari/537.36"
77.79.159.253 - - [01/Feb/2023:09:03:45 +0000] "GET /wp-content/plugins/elementor-pro/plugin-ajax-response.php HTTP/1.1" 404 196 "-" "Mozilla/5.0 (Windows NT 6.1) AppleWebKit/537.36 (KHTML, like Gecko) Chrome/67.0.3396.87 Safari/537.36"
216.244.66.237 - - [01/Feb/2023:09:03:49 +0000] "GET /robots.txt HTTP/1.1" 404 196 "-" "Mozilla/5.0 (compatible; DotBot/1.2; +https://opensiteexplorer.org/dotbot; help@moz.com)"
91.185.45.50 - - [01/Feb/2023:09:04:02 +0000] "GET /wp-includes/capabilities-ajax-response.php HTTP/1.1" 404 196 "-" "Mozilla/5.0 (Macintosh; Intel Mac OS X 10_13_4) AppleWebKit/537.36 (KHTML, like Gecko) Chrome/66.0.3359.181 Safari/537.36"
134.236.59.129 - - [01/Feb/2023:09:04:11 +0000] "GET /wp-admin/includes/class-walker-category-checklist-meta.php HTTP/1.1" 404 196 "-" "Mozilla/5.0 (Macintosh; Intel Mac OS X 10_13_5) AppleWebKit/537.36 (KHTML, like Gecko) Chrome/67.0.3396.62 Safari/537.36"
216.244.66.237 - - [01/Feb/2023:09:08:48 +0000] "GET /?%2Falbums%2Fcrayons%2Fcontent%2Fserpent%2F HTTP/1.1" 200 1781 "-" "Mozilla/5.0 (compatible; DotBot/1.2; +https://opensiteexplorer.org/dotbot; help@moz.com)"
216.244.66.237 - - [01/Feb/2023:09:08:54 +0000] "GET /?%2Falbums%2Fcroquis-sur-le-vif%2F HTTP/1.1" 200 1781 "-" "Mozilla/5.0 (compatible; DotBot/1.2; +https://opensiteexplorer.org/dotbot; help@moz.com)"
216.244.66.237 - - [01/Feb/2023:09:09:41 +0000] "GET /?p=354 HTTP/1.1" 200 1781 "-" "Mozilla/5.0 (compatible; DotBot/1.2; +https://opensiteexplorer.org/dotbot; help@moz.com)"
216.244.66.237 - - [01/Feb/2023:09:09:44 +0000] "GET /?p=438 HTTP/1.1" 200 1781 "-" "Mozilla/5.0 (compatible; DotBot/1.2; +https://opensiteexplorer.org/dotbot; help@moz.com)"
185.60.170.226 - - [01/Feb/2023:09:41:40 +0000] "GET /wp-login.php HTTP/1.1" 404 16 "" "Mozilla/5.0 (Windows NT 10.0; Win64; x64; rv:108.0) Gecko/20100101 Firefox/108.0"
216.244.66.237 - - [01/Feb/2023:09:51:41 +0000] "GET /robots.txt HTTP/1.1" 404 196 "-" "Mozilla/5.0 (compatible; DotBot/1.2; +https://opensiteexplorer.org/dotbot; help@moz.com)"
216.244.66.237 - - [01/Feb/2023:09:56:38 +0000] "GET /?%2Falbums%2Fcroquis-sur-le-vif%2Fcontent%2Fmetro%2F HTTP/1.1" 200 1781 "-" "Mozilla/5.0 (compatible; DotBot/1.2; +https://opensiteexplorer.org/dotbot; help@moz.com)"
36.91.100.149 - - [01/Feb/2023:10:42:04 +0000] "GET /wp-login.php HTTP/1.1" 404 16 "" "Mozilla/5.0 (Windows NT 10.0; Win64; x64; rv:108.0) Gecko/20100101 Firefox/108.0"
54.190.52.47 - - [01/Feb/2023:10:45:24 +0000] "GET / HTTP/1.1" 200 1781 "-" "Mozilla/5.0 (X11; Linux x86_64) AppleWebKit/537.36 (KHTML, like Gecko) Chrome/83.0.4103.97 Safari/537.36"
35.91.145.246 - - [01/Feb/2023:10:45:32 +0000] "GET /favicon.ico HTTP/1.1" 404 196 "-" "Mozilla/5.0 (X11; Linux x86_64) AppleWebKit/537.36 (KHTML, like Gecko) Chrome/83.0.4103.97 Safari/537.36"
35.91.145.246 - - [01/Feb/2023:10:45:33 +0000] "GET / HTTP/1.1" 200 1781 "-" "Mozilla/5.0 (X11; Linux x86_64) AppleWebKit/537.36 (KHTML, like Gecko) Chrome/83.0.4103.97 Safari/537.36"
34.219.85.142 - - [01/Feb/2023:10:48:43 +0000] "GET / HTTP/1.1" 200 1781 "-" "Mozilla/5.0 (Windows NT 10.0; Win64; x64)AppleWebKit/537.36 (KHTML, like Gecko) Chrome/66.0.3359.181 Safari/537.36"
103.153.3.21 - - [01/Feb/2023:11:05:13 +0000] "GET /wp-login.php HTTP/1.1" 404 16 "" "Mozilla/5.0 (Windows NT 10.0; Win64; x64; rv:108.0) Gecko/20100101 Firefox/108.0"
216.244.66.237 - - [01/Feb/2023:11:26:56 +0000] "GET /robots.txt HTTP/1.1" 404 196 "-" "Mozilla/5.0 (compatible; DotBot/1.2; +https://opensiteexplorer.org/dotbot; help@moz.com)"
216.244.66.237 - - [01/Feb/2023:11:32:20 +0000] "GET /?%2Falbums%2Faquarelle%2Fcontent%2Flapins%2F HTTP/1.1" 200 1781 "-" "Mozilla/5.0 (compatible; DotBot/1.2; +https://opensiteexplorer.org/dotbot; help@moz.com)"
216.244.66.237 - - [01/Feb/2023:11:32:25 +0000] "GET /readme.txt HTTP/1.1" 200 652 "-" "Mozilla/5.0 (compatible; DotBot/1.2; +https://opensiteexplorer.org/dotbot; help@moz.com)"
216.244.66.237 - - [01/Feb/2023:11:32:58 +0000] "GET /?C=D;O=A HTTP/1.1" 200 1781 "-" "Mozilla/5.0 (compatible; DotBot/1.2; +https://opensiteexplorer.org/dotbot; help@moz.com)"
103.28.53.179 - - [01/Feb/2023:12:00:12 +0000] "GET /wp-login.php HTTP/1.1" 404 16 "" "Mozilla/5.0 (Windows NT 10.0; Win64; x64; rv:108.0) Gecko/20100101 Firefox/108.0"
216.244.66.237 - - [01/Feb/2023:12:14:49 +0000] "GET /robots.txt HTTP/1.1" 404 196 "-" "Mozilla/5.0 (compatible; DotBot/1.2; +https://opensiteexplorer.org/dotbot; help@moz.com)"
216.244.66.237 - - [01/Feb/2023:12:21:39 +0000] "GET /?p=231 HTTP/1.1" 200 1781 "-" "Mozilla/5.0 (compatible; DotBot/1.2; +https://opensiteexplorer.org/dotbot; help@moz.com)"
216.244.66.237 - - [01/Feb/2023:12:21:45 +0000] "GET /?p=766 HTTP/1.1" 200 1781 "-" "Mozilla/5.0 (compatible; DotBot/1.2; +https://opensiteexplorer.org/dotbot; help@moz.com)"
216.244.66.237 - - [01/Feb/2023:12:26:47 +0000] "GET /2020/11/22/beste-nieuwe-casinobonussen/ HTTP/1.1" 404 196 "-" "Mozilla/5.0 (compatible; DotBot/1.2; +https://opensiteexplorer.org/dotbot; help@moz.com)"
181.119.146.47 - - [01/Feb/2023:12:50:46 +0000] "GET /wp-login.php HTTP/1.1" 404 16 "" "Mozilla/5.0 (Windows NT 10.0; Win64; x64; rv:108.0) Gecko/20100101 Firefox/108.0"
216.244.66.237 - - [01/Feb/2023:13:02:04 +0000] "GET /robots.txt HTTP/1.1" 404 196 "-" "Mozilla/5.0 (compatible; DotBot/1.2; +https://opensiteexplorer.org/dotbot; help@moz.com)"
216.244.66.237 - - [01/Feb/2023:13:08:57 +0000] "GET /?p=292 HTTP/1.1" 200 1781 "-" "Mozilla/5.0 (compatible; DotBot/1.2; +https://opensiteexplorer.org/dotbot; help@moz.com)"
216.244.66.237 - - [01/Feb/2023:13:49:51 +0000] "GET /robots.txt HTTP/1.1" 404 196 "-" "Mozilla/5.0 (compatible; DotBot/1.2; +https://opensiteexplorer.org/dotbot; help@moz.com)"
216.244.66.237 - - [01/Feb/2023:14:07:44 +0000] "GET /2020/11/22/echt-geld-casino-gratis/ HTTP/1.1" 404 196 "-" "Mozilla/5.0 (compatible; DotBot/1.2; +https://opensiteexplorer.org/dotbot; help@moz.com)"
216.244.66.237 - - [01/Feb/2023:14:38:05 +0000] "GET /robots.txt HTTP/1.1" 404 196 "-" "Mozilla/5.0 (compatible; DotBot/1.2; +https://opensiteexplorer.org/dotbot; help@moz.com)"
185.229.66.15 - - [01/Feb/2023:14:38:37 +0000] "GET /wp-login.php HTTP/1.1" 404 16 "" "Mozilla/5.0 (Windows NT 10.0; Win64; x64; rv:108.0) Gecko/20100101 Firefox/108.0"
216.244.66.237 - - [01/Feb/2023:14:44:50 +0000] "GET /?%2Falbums%2Fcroquis-sur-le-vif%2Fcontent%2Fimg-866%2F HTTP/1.1" 200 1781 "-" "Mozilla/5.0 (compatible; DotBot/1.2; +https://opensiteexplorer.org/dotbot; help@moz.com)"
216.244.66.237 - - [01/Feb/2023:14:45:20 +0000] "GET /?p=381 HTTP/1.1" 200 1781 "-" "Mozilla/5.0 (compatible; DotBot/1.2; +https://opensiteexplorer.org/dotbot; help@moz.com)"
91.206.200.73 - - [01/Feb/2023:15:06:43 +0000] "GET /wp-login.php HTTP/1.1" 404 16 "" "Mozilla/5.0 (Windows NT 10.0; Win64; x64; rv:108.0) Gecko/20100101 Firefox/108.0"
103.28.53.179 - - [01/Feb/2023:15:11:26 +0000] "GET /wp-login.php HTTP/1.1" 404 16 "" "Mozilla/5.0 (Windows NT 10.0; Win64; x64; rv:108.0) Gecko/20100101 Firefox/108.0"
51.222.253.15 - - [01/Feb/2023:15:14:08 +0000] "GET /robots.txt HTTP/1.1" 404 196 "-" "Mozilla/5.0 (compatible; AhrefsBot/7.0; +http://ahrefs.com/robot/)"
51.222.253.16 - - [01/Feb/2023:15:14:09 +0000] "GET / HTTP/1.1" 200 1781 "-" "Mozilla/5.0 (compatible; AhrefsBot/7.0; +http://ahrefs.com/robot/)"
51.222.253.3 - - [01/Feb/2023:15:14:13 +0000] "GET /icons/blank.gif HTTP/1.1" 200 148 "-" "Mozilla/5.0 (compatible; AhrefsBot/7.0; +http://ahrefs.com/robot/)"
51.222.253.18 - - [01/Feb/2023:15:14:14 +0000] "GET /icons/text.gif HTTP/1.1" 200 229 "-" "Mozilla/5.0 (compatible; AhrefsBot/7.0; +http://ahrefs.com/robot/)"
51.222.253.11 - - [01/Feb/2023:15:14:14 +0000] "GET /icons/compressed.gif HTTP/1.1" 200 1038 "-" "Mozilla/5.0 (compatible; AhrefsBot/7.0; +http://ahrefs.com/robot/)"
39.101.205.176 - - [01/Feb/2023:15:32:54 +0000] "GET /wp-login.php HTTP/1.1" 404 16 "-" "Mozilla/5.0 (Windows NT 10.0; Win64; x64) Chrome/92.0.4515.159 Safari/537.36"
216.244.66.237 - - [01/Feb/2023:16:13:41 +0000] "GET /robots.txt HTTP/1.1" 404 196 "-" "Mozilla/5.0 (compatible; DotBot/1.2; +https://opensiteexplorer.org/dotbot; help@moz.com)"
216.244.66.237 - - [01/Feb/2023:16:19:12 +0000] "GET /?%2Falbums%2Faquarelle%2Fcontent%2Fbambi%2F HTTP/1.1" 200 1781 "-" "Mozilla/5.0 (compatible; DotBot/1.2; +https://opensiteexplorer.org/dotbot; help@moz.com)"
216.244.66.237 - - [01/Feb/2023:16:19:18 +0000] "GET /?%2Falbums%2Fcroquis-sur-le-vif%2Fcontent%2Fscientifique%2F HTTP/1.1" 200 1781 "-" "Mozilla/5.0 (compatible; DotBot/1.2; +https://opensiteexplorer.org/dotbot; help@moz.com)"
113.161.116.20 - - [01/Feb/2023:16:25:48 +0000] "GET /wp-login.php HTTP/1.1" 404 16 "" "Mozilla/5.0 (Windows NT 10.0; Win64; x64; rv:108.0) Gecko/20100101 Firefox/108.0"
47.95.7.118 - - [01/Feb/2023:16:48:55 +0000] "GET /wp-login.php HTTP/1.1" 404 16 "" "Mozilla/5.0 (Windows NT 10.0; Win64; x64; rv:108.0) Gecko/20100101 Firefox/108.0"
216.244.66.237 - - [01/Feb/2023:17:00:34 +0000] "GET /robots.txt HTTP/1.1" 404 196 "-" "Mozilla/5.0 (compatible; DotBot/1.2; +https://opensiteexplorer.org/dotbot; help@moz.com)"
52.167.144.100 - - [01/Feb/2023:17:05:39 +0000] "GET / HTTP/1.1" 200 1781 "-" "Mozilla/5.0 AppleWebKit/537.36 (KHTML, like Gecko; compatible; bingbot/2.0; +http://www.bing.com/bingbot.htm) Chrome/103.0.5060.134 Safari/537.36"
216.244.66.237 - - [01/Feb/2023:17:07:08 +0000] "GET /?p=197 HTTP/1.1" 200 1781 "-" "Mozilla/5.0 (compatible; DotBot/1.2; +https://opensiteexplorer.org/dotbot; help@moz.com)"
216.244.66.237 - - [01/Feb/2023:17:16:14 +0000] "GET /2020/11/22/online-casino-geld-verdienen-erfahrung/ HTTP/1.1" 404 196 "-" "Mozilla/5.0 (compatible; DotBot/1.2; +https://opensiteexplorer.org/dotbot; help@moz.com)"
51.222.253.18 - - [01/Feb/2023:17:37:53 +0000] "GET /echec/ HTTP/1.1" 200 6504 "-" "Mozilla/5.0 (compatible; AhrefsBot/7.0; +http://ahrefs.com/robot/)"
216.244.66.237 - - [01/Feb/2023:17:48:01 +0000] "GET /robots.txt HTTP/1.1" 404 196 "-" "Mozilla/5.0 (compatible; DotBot/1.2; +https://opensiteexplorer.org/dotbot; help@moz.com)"
194.233.81.138 - - [01/Feb/2023:17:49:29 +0000] "GET /wp-login.php HTTP/1.1" 404 16 "" "Mozilla/5.0 (Windows NT 10.0; Win64; x64; rv:108.0) Gecko/20100101 Firefox/108.0"
216.244.66.237 - - [01/Feb/2023:17:52:54 +0000] "GET /?p=235 HTTP/1.1" 200 1781 "-" "Mozilla/5.0 (compatible; DotBot/1.2; +https://opensiteexplorer.org/dotbot; help@moz.com)"
198.244.193.213 - - [01/Feb/2023:17:54:12 +0000] "GET / HTTP/1.1" 200 1781 "-" "Mozilla/5.0 (Macintosh; Intel Mac OS X 12_5) AppleWebKit/537.36 (KHTML, like Gecko) Chrome/103.0.0.0 YaBrowser/22.7.0 Yowser/2.5 Safari/537.36"
198.244.193.213 - - [01/Feb/2023:17:54:13 +0000] "GET /?C=N;O=D HTTP/1.1" 200 1781 "http://laurencegaudet.com" "Mozilla/5.0 (Macintosh; Intel Mac OS X 12_5) AppleWebKit/537.36 (KHTML, like Gecko) Chrome/103.0.0.0 YaBrowser/22.7.0 Yowser/2.5 Safari/537.36"
198.244.193.213 - - [01/Feb/2023:17:54:15 +0000] "GET /readme.txt HTTP/1.1" 200 652 "http://laurencegaudet.com" "Mozilla/5.0 (Macintosh; Intel Mac OS X 12_5) AppleWebKit/537.36 (KHTML, like Gecko) Chrome/103.0.0.0 YaBrowser/22.7.0 Yowser/2.5 Safari/537.36"
198.244.193.213 - - [01/Feb/2023:17:54:15 +0000] "GET /?C=M;O=A HTTP/1.1" 200 1781 "http://laurencegaudet.com" "Mozilla/5.0 (Macintosh; Intel Mac OS X 12_5) AppleWebKit/537.36 (KHTML, like Gecko) Chrome/103.0.0.0 YaBrowser/22.7.0 Yowser/2.5 Safari/537.36"
198.244.193.213 - - [01/Feb/2023:17:54:16 +0000] "GET /log/ HTTP/1.1" 200 1090 "http://laurencegaudet.com" "Mozilla/5.0 (Macintosh; Intel Mac OS X 12_5) AppleWebKit/537.36 (KHTML, like Gecko) Chrome/103.0.0.0 YaBrowser/22.7.0 Yowser/2.5 Safari/537.36"
198.244.193.213 - - [01/Feb/2023:17:54:17 +0000] "GET /?C=S;O=A HTTP/1.1" 200 1781 "http://laurencegaudet.com" "Mozilla/5.0 (Macintosh; Intel Mac OS X 12_5) AppleWebKit/537.36 (KHTML, like Gecko) Chrome/103.0.0.0 YaBrowser/22.7.0 Yowser/2.5 Safari/537.36"
198.244.193.213 - - [01/Feb/2023:17:54:18 +0000] "GET /info.php HTTP/1.1" 200 84278 "http://laurencegaudet.com" "Mozilla/5.0 (Macintosh; Intel Mac OS X 12_5) AppleWebKit/537.36 (KHTML, like Gecko) Chrome/103.0.0.0 YaBrowser/22.7.0 Yowser/2.5 Safari/537.36"
198.244.193.213 - - [01/Feb/2023:17:54:23 +0000] "GET /?C=D;O=A HTTP/1.1" 200 1781 "http://laurencegaudet.com" "Mozilla/5.0 (Macintosh; Intel Mac OS X 12_5) AppleWebKit/537.36 (KHTML, like Gecko) Chrome/103.0.0.0 YaBrowser/22.7.0 Yowser/2.5 Safari/537.36"
198.244.193.213 - - [01/Feb/2023:17:54:23 +0000] "GET /echec/ HTTP/1.1" 200 6504 "http://laurencegaudet.com" "Mozilla/5.0 (Macintosh; Intel Mac OS X 12_5) AppleWebKit/537.36 (KHTML, like Gecko) Chrome/103.0.0.0 YaBrowser/22.7.0 Yowser/2.5 Safari/537.36"
198.244.193.213 - - [01/Feb/2023:17:54:24 +0000] "GET /27987-1027532-jeu-d-echec-reseau.zip HTTP/1.1" 200 198632 "http://laurencegaudet.com" "Mozilla/5.0 (Macintosh; Intel Mac OS X 12_5) AppleWebKit/537.36 (KHTML, like Gecko) Chrome/103.0.0.0 YaBrowser/22.7.0 Yowser/2.5 Safari/537.36"
198.244.193.213 - - [01/Feb/2023:17:54:28 +0000] "GET /affichertexte.php HTTP/1.1" 200 459 "http://laurencegaudet.com" "Mozilla/5.0 (Macintosh; Intel Mac OS X 12_5) AppleWebKit/537.36 (KHTML, like Gecko) Chrome/103.0.0.0 YaBrowser/22.7.0 Yowser/2.5 Safari/537.36"
3.235.25.27 - - [01/Feb/2023:18:05:57 +0000] "GET /robots.txt HTTP/1.1" 404 196 "-" "CCBot/2.0 (https://commoncrawl.org/faq/)"
3.235.25.27 - - [01/Feb/2023:18:05:57 +0000] "GET /?C=D;O=A HTTP/1.1" 200 1781 "-" "CCBot/2.0 (https://commoncrawl.org/faq/)"
3.235.25.27 - - [01/Feb/2023:18:08:23 +0000] "GET /?C=M;O=A HTTP/1.1" 200 1781 "-" "CCBot/2.0 (https://commoncrawl.org/faq/)"
3.235.25.27 - - [01/Feb/2023:18:09:28 +0000] "GET /?C=N;O=A HTTP/1.1" 200 1781 "-" "CCBot/2.0 (https://commoncrawl.org/faq/)"
3.235.25.27 - - [01/Feb/2023:18:11:16 +0000] "GET /?C=S;O=A HTTP/1.1" 200 1781 "-" "CCBot/2.0 (https://commoncrawl.org/faq/)"
3.235.25.27 - - [01/Feb/2023:18:20:19 +0000] "GET /affichertexte.php HTTP/1.1" 200 459 "-" "CCBot/2.0 (https://commoncrawl.org/faq/)"
216.244.66.237 - - [01/Feb/2023:18:34:30 +0000] "GET /robots.txt HTTP/1.1" 404 196 "-" "Mozilla/5.0 (compatible; DotBot/1.2; +https://opensiteexplorer.org/dotbot; help@moz.com)"
3.235.25.27 - - [01/Feb/2023:18:35:43 +0000] "GET /log/?C=D;O=A HTTP/1.1" 200 1090 "-" "CCBot/2.0 (https://commoncrawl.org/faq/)"
216.244.66.237 - - [01/Feb/2023:18:40:16 +0000] "GET /2020/11/22/casino-minimum-aanbetaling-1-euro-paypal/ HTTP/1.1" 404 196 "-" "Mozilla/5.0 (compatible; DotBot/1.2; +https://opensiteexplorer.org/dotbot; help@moz.com)"
3.235.25.27 - - [01/Feb/2023:18:44:34 +0000] "GET /log/error.log HTTP/1.1" 200 93022 "-" "CCBot/2.0 (https://commoncrawl.org/faq/)"
3.235.25.27 - - [01/Feb/2023:18:45:56 +0000] "GET /echec/create.php HTTP/1.1" 200 4074 "-" "CCBot/2.0 (https://commoncrawl.org/faq/)"
185.114.245.193 - - [01/Feb/2023:18:47:13 +0000] "GET /wp-login.php HTTP/1.1" 404 16 "" "Mozilla/5.0 (Windows NT 10.0; Win64; x64; rv:108.0) Gecko/20100101 Firefox/108.0"
3.235.25.27 - - [01/Feb/2023:18:56:34 +0000] "GET /log/?C=M;O=A HTTP/1.1" 200 1090 "-" "CCBot/2.0 (https://commoncrawl.org/faq/)"
3.235.25.27 - - [01/Feb/2023:19:08:44 +0000] "GET /info.php HTTP/1.1" 200 83433 "-" "CCBot/2.0 (https://commoncrawl.org/faq/)"
3.235.25.27 - - [01/Feb/2023:19:10:30 +0000] "GET /readme.txt HTTP/1.1" 200 652 "-" "CCBot/2.0 (https://commoncrawl.org/faq/)"
3.235.25.27 - - [01/Feb/2023:19:12:48 +0000] "GET /echec/ HTTP/1.1" 200 6504 "-" "CCBot/2.0 (https://commoncrawl.org/faq/)"
3.235.25.27 - - [01/Feb/2023:19:19:44 +0000] "GET /log/ HTTP/1.1" 200 1090 "-" "CCBot/2.0 (https://commoncrawl.org/faq/)"
216.244.66.237 - - [01/Feb/2023:19:21:33 +0000] "GET /robots.txt HTTP/1.1" 404 196 "-" "Mozilla/5.0 (compatible; DotBot/1.2; +https://opensiteexplorer.org/dotbot; help@moz.com)"
103.153.3.21 - - [01/Feb/2023:19:21:41 +0000] "GET /wp-login.php HTTP/1.1" 404 16 "" "Mozilla/5.0 (Windows NT 10.0; Win64; x64; rv:108.0) Gecko/20100101 Firefox/108.0"
216.244.66.237 - - [01/Feb/2023:19:25:57 +0000] "GET /?%2Falbums%2Fcrayons%2Fcontent%2Fleslie%2F HTTP/1.1" 200 1781 "-" "Mozilla/5.0 (compatible; DotBot/1.2; +https://opensiteexplorer.org/dotbot; help@moz.com)"
216.244.66.237 - - [01/Feb/2023:19:26:02 +0000] "GET /?%2Falbums%2Fcroquis-sur-le-vif%2Fcontent%2Fauchan%2F HTTP/1.1" 200 1781 "-" "Mozilla/5.0 (compatible; DotBot/1.2; +https://opensiteexplorer.org/dotbot; help@moz.com)"
216.244.66.237 - - [01/Feb/2023:19:26:06 +0000] "GET /?%2Falbums%2Fcroquis-sur-le-vif%2Fcontent%2Ftigre-blanc%2F HTTP/1.1" 200 1781 "-" "Mozilla/5.0 (compatible; DotBot/1.2; +https://opensiteexplorer.org/dotbot; help@moz.com)"
216.244.66.237 - - [01/Feb/2023:19:26:09 +0000] "GET /?p=324 HTTP/1.1" 200 1781 "-" "Mozilla/5.0 (compatible; DotBot/1.2; +https://opensiteexplorer.org/dotbot; help@moz.com)"
3.235.25.27 - - [01/Feb/2023:19:26:45 +0000] "GET /log/access.log HTTP/1.1" 200 323988 "-" "CCBot/2.0 (https://commoncrawl.org/faq/)"
3.235.25.27 - - [01/Feb/2023:19:45:02 +0000] "GET /?C=D;O=D HTTP/1.1" 200 1781 "-" "CCBot/2.0 (https://commoncrawl.org/faq/)"
3.235.25.27 - - [01/Feb/2023:19:46:10 +0000] "GET /log/?C=N;O=D HTTP/1.1" 200 1090 "-" "CCBot/2.0 (https://commoncrawl.org/faq/)"
3.235.25.27 - - [01/Feb/2023:19:46:42 +0000] "GET /echec/aff_log.php HTTP/1.1" 200 484 "-" "CCBot/2.0 (https://commoncrawl.org/faq/)"
3.235.25.27 - - [01/Feb/2023:19:47:45 +0000] "GET /?C=M;O=D HTTP/1.1" 200 1781 "-" "CCBot/2.0 (https://commoncrawl.org/faq/)"
3.235.25.27 - - [01/Feb/2023:19:48:14 +0000] "GET /?C=N;O=D HTTP/1.1" 200 1781 "-" "CCBot/2.0 (https://commoncrawl.org/faq/)"
3.235.25.27 - - [01/Feb/2023:19:49:42 +0000] "GET /?C=S;O=D HTTP/1.1" 200 1781 "-" "CCBot/2.0 (https://commoncrawl.org/faq/)"
3.235.25.27 - - [01/Feb/2023:19:52:54 +0000] "GET /log/?C=S;O=A HTTP/1.1" 200 1090 "-" "CCBot/2.0 (https://commoncrawl.org/faq/)"
93.84.114.208 - - [01/Feb/2023:19:53:47 +0000] "GET /wp-login.php HTTP/1.1" 404 16 "" "Mozilla/5.0 (Windows NT 10.0; Win64; x64; rv:108.0) Gecko/20100101 Firefox/108.0"
3.235.25.27 - - [01/Feb/2023:20:05:26 +0000] "GET /echec/regles.html HTTP/1.1" 200 4312 "-" "CCBot/2.0 (https://commoncrawl.org/faq/)"
216.244.66.237 - - [01/Feb/2023:20:06:34 +0000] "GET /robots.txt HTTP/1.1" 404 196 "-" "Mozilla/5.0 (compatible; DotBot/1.2; +https://opensiteexplorer.org/dotbot; help@moz.com)"
216.244.66.237 - - [01/Feb/2023:20:10:46 +0000] "GET /?%2Falbums%2Fcategories%2Fcroquis%2Fcrayons%2F HTTP/1.1" 200 1781 "-" "Mozilla/5.0 (compatible; DotBot/1.2; +https://opensiteexplorer.org/dotbot; help@moz.com)"
216.244.66.237 - - [01/Feb/2023:20:10:52 +0000] "GET /?p=240 HTTP/1.1" 200 1781 "-" "Mozilla/5.0 (compatible; DotBot/1.2; +https://opensiteexplorer.org/dotbot; help@moz.com)"
51.222.253.5 - - [01/Feb/2023:20:59:19 +0000] "GET /?C=N;O=D HTTP/1.1" 200 1781 "-" "Mozilla/5.0 (compatible; AhrefsBot/7.0; +http://ahrefs.com/robot/)"
103.74.116.69 - - [01/Feb/2023:21:10:05 +0000] "GET /wp-login.php HTTP/1.1" 404 16 "" "Mozilla/5.0 (Windows NT 10.0; Win64; x64; rv:108.0) Gecko/20100101 Firefox/108.0"
103.146.203.123 - - [01/Feb/2023:21:30:39 +0000] "GET /wp-login.php HTTP/1.1" 404 16 "" "Mozilla/5.0 (Windows NT 10.0; Win64; x64; rv:108.0) Gecko/20100101 Firefox/108.0"
216.244.66.237 - - [01/Feb/2023:21:38:32 +0000] "GET /robots.txt HTTP/1.1" 404 196 "-" "Mozilla/5.0 (compatible; DotBot/1.2; +https://opensiteexplorer.org/dotbot; help@moz.com)"
216.244.66.237 - - [01/Feb/2023:21:42:30 +0000] "GET /?%2Falbums%2Faquarelle%2Fcontent%2Fneige%2F HTTP/1.1" 200 1781 "-" "Mozilla/5.0 (compatible; DotBot/1.2; +https://opensiteexplorer.org/dotbot; help@moz.com)"
216.244.66.237 - - [01/Feb/2023:21:42:35 +0000] "GET /?%2Falbums%2Faquarelle%2Fcontent%2Fbouquet%2F HTTP/1.1" 200 1781 "-" "Mozilla/5.0 (compatible; DotBot/1.2; +https://opensiteexplorer.org/dotbot; help@moz.com)"
216.244.66.237 - - [01/Feb/2023:21:42:39 +0000] "GET /?%2Falbums%2Faquarelle%2Fcontent%2Foiseau%2F HTTP/1.1" 200 1781 "-" "Mozilla/5.0 (compatible; DotBot/1.2; +https://opensiteexplorer.org/dotbot; help@moz.com)"
216.244.66.237 - - [01/Feb/2023:21:42:42 +0000] "GET /?%2Falbums%2Faquarelle%2Fcontent%2Frose-fanee%2F HTTP/1.1" 200 1781 "-" "Mozilla/5.0 (compatible; DotBot/1.2; +https://opensiteexplorer.org/dotbot; help@moz.com)"
216.244.66.237 - - [01/Feb/2023:21:42:45 +0000] "GET /?%2Falbums%2Fcroquis-sur-le-vif%2Fcontent%2Fimg-873%2F HTTP/1.1" 200 1781 "-" "Mozilla/5.0 (compatible; DotBot/1.2; +https://opensiteexplorer.org/dotbot; help@moz.com)"
216.244.66.237 - - [01/Feb/2023:21:42:47 +0000] "GET /?p=312 HTTP/1.1" 200 1781 "-" "Mozilla/5.0 (compatible; DotBot/1.2; +https://opensiteexplorer.org/dotbot; help@moz.com)"
216.244.66.237 - - [01/Feb/2023:21:42:50 +0000] "GET /?p=316 HTTP/1.1" 200 1781 "-" "Mozilla/5.0 (compatible; DotBot/1.2; +https://opensiteexplorer.org/dotbot; help@moz.com)"
216.250.127.227 - - [01/Feb/2023:21:45:08 +0000] "GET /wp-login.php HTTP/1.1" 404 16 "" "Mozilla/5.0 (Windows NT 10.0; Win64; x64; rv:108.0) Gecko/20100101 Firefox/108.0"
216.244.66.237 - - [01/Feb/2023:22:24:39 +0000] "GET /robots.txt HTTP/1.1" 404 196 "-" "Mozilla/5.0 (compatible; DotBot/1.2; +https://opensiteexplorer.org/dotbot; help@moz.com)"
216.244.66.237 - - [01/Feb/2023:22:28:39 +0000] "GET /?%2Falbums%2Fcroquis-sur-le-vif%2Fcontent%2Fimg-872%2F HTTP/1.1" 200 1781 "-" "Mozilla/5.0 (compatible; DotBot/1.2; +https://opensiteexplorer.org/dotbot; help@moz.com)"
216.244.66.237 - - [01/Feb/2023:22:28:44 +0000] "GET /affichertexte.php HTTP/1.1" 200 459 "-" "Mozilla/5.0 (compatible; DotBot/1.2; +https://opensiteexplorer.org/dotbot; help@moz.com)"
216.244.66.237 - - [01/Feb/2023:23:10:30 +0000] "GET /robots.txt HTTP/1.1" 404 196 "-" "Mozilla/5.0 (compatible; DotBot/1.2; +https://opensiteexplorer.org/dotbot; help@moz.com)"
92.118.39.18 - - [01/Feb/2023:23:12:38 +0000] "GET / HTTP/1.1" 200 1781 "-" "Mozilla/5.0 (X11; CrOS x86_64 8172.45.0) AppleWebKit/537.36 (KHTML, like Gecko) Chrome/51.0.2704.64 Safari/537.36"
92.118.39.18 - - [01/Feb/2023:23:12:38 +0000] "GET /favicon.ico HTTP/1.1" 404 196 "-" "Mozilla/5.0 (X11; CrOS x86_64 8172.45.0) AppleWebKit/537.36 (KHTML, like Gecko) Chrome/51.0.2704.64 Safari/537.36"
216.244.66.237 - - [01/Feb/2023:23:14:19 +0000] "GET /log/ HTTP/1.1" 200 1090 "-" "Mozilla/5.0 (compatible; DotBot/1.2; +https://opensiteexplorer.org/dotbot; help@moz.com)"
216.244.66.237 - - [01/Feb/2023:23:14:24 +0000] "GET /?%2Falbums%2Faquarelle%2Fcontent%2Ftournesols%2F HTTP/1.1" 200 1781 "-" "Mozilla/5.0 (compatible; DotBot/1.2; +https://opensiteexplorer.org/dotbot; help@moz.com)"
42.83.147.34 - - [01/Feb/2023:23:17:58 +0000] "GET / HTTP/1.1" 200 1781 "-" "Mozilla/5.0 (Windows NT 6.1; Win64; x64) AppleWebKit/537.36 (KHTML, like Gecko)Chrome/74.0.3729.169 Safari/537.36"
114.119.129.211 - - [01/Feb/2023:23:36:14 +0000] "GET /robots.txt HTTP/1.1" 404 196 "-" "Mozilla/5.0 (compatible;PetalBot;+https://webmaster.petalsearch.com/site/petalbot)"
216.244.66.237 - - [01/Feb/2023:23:57:06 +0000] "GET /robots.txt HTTP/1.1" 404 196 "-" "Mozilla/5.0 (compatible; DotBot/1.2; +https://opensiteexplorer.org/dotbot; help@moz.com)"
216.244.66.237 - - [02/Feb/2023:00:01:28 +0000] "GET /?%2Falbums%2Fcroquis-sur-le-vif%2Fcontent%2Fimg-871%2F HTTP/1.1" 200 1781 "-" "Mozilla/5.0 (compatible; DotBot/1.2; +https://opensiteexplorer.org/dotbot; help@moz.com)"
216.244.66.237 - - [02/Feb/2023:00:01:32 +0000] "GET /?p=255 HTTP/1.1" 200 1781 "-" "Mozilla/5.0 (compatible; DotBot/1.2; +https://opensiteexplorer.org/dotbot; help@moz.com)"
38.25.188.200 - - [02/Feb/2023:00:30:54 +0000] "GET /administrator/ HTTP/1.1" 404 196 "-" "Mozilla/5.0 (Windows NT 6.0; rv:34.0) Gecko/20100101 Firefox/34.0"
38.25.188.200 - - [02/Feb/2023:00:30:54 +0000] "GET /administrator/index.php HTTP/1.1" 404 196 "http://laurencegaudet.com/administrator/" "Mozilla/5.0 (Windows NT 6.0; rv:34.0) Gecko/20100101 Firefox/34.0"
38.25.188.200 - - [02/Feb/2023:00:30:55 +0000] "GET /wp-login.php HTTP/1.1" 404 16 "-" "Mozilla/5.0 (Windows NT 6.0; rv:34.0) Gecko/20100101 Firefox/34.0"
38.25.188.200 - - [02/Feb/2023:00:30:55 +0000] "GET /wp-admin/ HTTP/1.1" 404 196 "http://laurencegaudet.com/wp-login.php" "Mozilla/5.0 (Windows NT 6.0; rv:34.0) Gecko/20100101 Firefox/34.0"
38.25.188.200 - - [02/Feb/2023:00:30:56 +0000] "GET /admin.php HTTP/1.1" 404 16 "-" "Mozilla/5.0 (Windows NT 6.0; rv:34.0) Gecko/20100101 Firefox/34.0"
38.25.188.200 - - [02/Feb/2023:00:30:57 +0000] "GET /admin HTTP/1.1" 404 196 "-" "Mozilla/5.0 (Windows NT 6.0; rv:34.0) Gecko/20100101 Firefox/34.0"
38.25.188.200 - - [02/Feb/2023:00:30:57 +0000] "GET /admin HTTP/1.1" 404 196 "-" "Mozilla/5.0 (Windows NT 6.0; rv:34.0) Gecko/20100101 Firefox/34.0"
38.25.188.200 - - [02/Feb/2023:00:30:58 +0000] "GET /phpmyadmin/ HTTP/1.1" 404 196 "-" "Mozilla/5.0 (Windows NT 6.0; rv:34.0) Gecko/20100101 Firefox/34.0"
38.25.188.200 - - [02/Feb/2023:00:30:58 +0000] "GET /admin/ HTTP/1.1" 404 196 "-" "Mozilla/5.0 (Windows NT 6.0; rv:34.0) Gecko/20100101 Firefox/34.0"
38.25.188.200 - - [02/Feb/2023:00:30:59 +0000] "GET /phpMyAdmin/ HTTP/1.1" 404 196 "-" "Mozilla/5.0 (Windows NT 6.0; rv:34.0) Gecko/20100101 Firefox/34.0"
38.25.188.200 - - [02/Feb/2023:00:30:59 +0000] "GET /PhpMyAdmin/ HTTP/1.1" 404 196 "-" "Mozilla/5.0 (Windows NT 6.0; rv:34.0) Gecko/20100101 Firefox/34.0"
38.25.188.200 - - [02/Feb/2023:00:31:00 +0000] "GET /pma/ HTTP/1.1" 404 196 "-" "Mozilla/5.0 (Windows NT 6.0; rv:34.0) Gecko/20100101 Firefox/34.0"
23.129.64.137 - - [02/Feb/2023:00:31:01 +0000] "GET /administrator/ HTTP/1.1" 404 196 "-" "Mozilla/5.0 (Windows NT 6.0; rv:34.0) Gecko/20100101 Firefox/34.0"
23.129.64.137 - - [02/Feb/2023:00:31:02 +0000] "GET /administrator/index.php HTTP/1.1" 404 196 "http://laurencegaudet.com/administrator/" "Mozilla/5.0 (Windows NT 6.0; rv:34.0) Gecko/20100101 Firefox/34.0"
185.220.100.244 - - [02/Feb/2023:00:31:05 +0000] "GET /wp-login.php HTTP/1.1" 404 16 "-" "Mozilla/5.0 (Windows NT 6.0; rv:34.0) Gecko/20100101 Firefox/34.0"
185.220.100.244 - - [02/Feb/2023:00:31:06 +0000] "GET /wp-admin/ HTTP/1.1" 404 196 "http://laurencegaudet.com/wp-login.php" "Mozilla/5.0 (Windows NT 6.0; rv:34.0) Gecko/20100101 Firefox/34.0"
185.220.102.240 - - [02/Feb/2023:00:31:07 +0000] "GET /admin.php HTTP/1.1" 404 16 "-" "Mozilla/5.0 (Windows NT 6.0; rv:34.0) Gecko/20100101 Firefox/34.0"
185.56.83.83 - - [02/Feb/2023:00:31:08 +0000] "GET /admin HTTP/1.1" 404 196 "-" "Mozilla/5.0 (Windows NT 6.0; rv:34.0) Gecko/20100101 Firefox/34.0"
192.42.116.217 - - [02/Feb/2023:00:31:13 +0000] "GET /admin HTTP/1.1" 404 196 "-" "Mozilla/5.0 (Windows NT 6.0; rv:34.0) Gecko/20100101 Firefox/34.0"
192.42.116.208 - - [02/Feb/2023:00:31:18 +0000] "GET /admin/ HTTP/1.1" 404 196 "-" "Mozilla/5.0 (Windows NT 6.0; rv:34.0) Gecko/20100101 Firefox/34.0"
216.244.66.237 - - [02/Feb/2023:00:43:27 +0000] "GET /robots.txt HTTP/1.1" 404 196 "-" "Mozilla/5.0 (compatible; DotBot/1.2; +https://opensiteexplorer.org/dotbot; help@moz.com)"
216.244.66.237 - - [02/Feb/2023:00:47:52 +0000] "GET /?p=260 HTTP/1.1" 200 1781 "-" "Mozilla/5.0 (compatible; DotBot/1.2; +https://opensiteexplorer.org/dotbot; help@moz.com)"
188.166.149.6 - - [02/Feb/2023:01:10:01 +0000] "GET /wp-login.php HTTP/1.1" 404 16 "" "Mozilla/5.0 (Windows NT 10.0; Win64; x64; rv:108.0) Gecko/20100101 Firefox/108.0"
216.244.66.237 - - [02/Feb/2023:01:29:57 +0000] "GET /robots.txt HTTP/1.1" 404 196 "-" "Mozilla/5.0 (compatible; DotBot/1.2; +https://opensiteexplorer.org/dotbot; help@moz.com)"
216.244.66.237 - - [02/Feb/2023:01:34:21 +0000] "GET /?%2Falbums%2Fcroquis-sur-le-vif%2Fcontent%2Fimg-869%2F HTTP/1.1" 200 1781 "-" "Mozilla/5.0 (compatible; DotBot/1.2; +https://opensiteexplorer.org/dotbot; help@moz.com)"
216.244.66.237 - - [02/Feb/2023:01:34:26 +0000] "GET /?p=214 HTTP/1.1" 200 1781 "-" "Mozilla/5.0 (compatible; DotBot/1.2; +https://opensiteexplorer.org/dotbot; help@moz.com)"
216.244.66.237 - - [02/Feb/2023:01:34:30 +0000] "GET /?p=248 HTTP/1.1" 200 1781 "-" "Mozilla/5.0 (compatible; DotBot/1.2; +https://opensiteexplorer.org/dotbot; help@moz.com)"
216.244.66.237 - - [02/Feb/2023:02:16:33 +0000] "GET /robots.txt HTTP/1.1" 404 196 "-" "Mozilla/5.0 (compatible; DotBot/1.2; +https://opensiteexplorer.org/dotbot; help@moz.com)"
216.244.66.237 - - [02/Feb/2023:02:20:40 +0000] "GET /?p=247 HTTP/1.1" 200 1781 "-" "Mozilla/5.0 (compatible; DotBot/1.2; +https://opensiteexplorer.org/dotbot; help@moz.com)"
40.77.167.237 - - [02/Feb/2023:02:22:36 +0000] "GET / HTTP/1.1" 200 1781 "-" "Mozilla/5.0 AppleWebKit/537.36 (KHTML, like Gecko; compatible; bingbot/2.0; +http://www.bing.com/bingbot.htm) Chrome/103.0.5060.134 Safari/537.36"
137.116.141.77 - - [02/Feb/2023:02:28:08 +0000] "GET /wp-login.php HTTP/1.1" 404 16 "" "Mozilla/5.0 (Windows NT 10.0; Win64; x64; rv:108.0) Gecko/20100101 Firefox/108.0"
103.54.58.237 - - [02/Feb/2023:03:20:01 +0000] "GET /Makhdamx.php HTTP/1.1" 404 16 "-" "Mozilla/5.0 (Windows NT 10.0; Win64; x64) AppleWebKit/537.36 (KHTML, like Gecko) Chrome/109.0.0.0 Safari/537.36"
103.54.58.237 - - [02/Feb/2023:03:20:02 +0000] "GET /Makhdamx.php HTTP/1.1" 404 16 "-" "Mozilla/5.0 (Windows NT 10.0; Win64; x64) AppleWebKit/537.36 (KHTML, like Gecko) Chrome/109.0.0.0 Safari/537.36"
103.54.58.237 - - [02/Feb/2023:03:20:04 +0000] "GET /wp-commentin.php HTTP/1.1" 404 16 "-" "Mozilla/5.0 (Windows NT 10.0; Win64; x64) AppleWebKit/537.36 (KHTML, like Gecko) Chrome/109.0.0.0 Safari/537.36"
103.54.58.237 - - [02/Feb/2023:03:20:05 +0000] "GET /wp-content/themes/seotheme/db.php?u HTTP/1.1" 404 196 "-" "Mozilla/5.0 (Windows NT 10.0; Win64; x64) AppleWebKit/537.36 (KHTML, like Gecko) Chrome/109.0.0.0 Safari/537.36"
103.54.58.237 - - [02/Feb/2023:03:20:07 +0000] "GET /xltavrat.php HTTP/1.1" 404 16 "-" "Mozilla/5.0 (Windows NT 10.0; Win64; x64) AppleWebKit/537.36 (KHTML, like Gecko) Chrome/109.0.0.0 Safari/537.36"
103.54.58.237 - - [02/Feb/2023:03:20:08 +0000] "GET /wp-admin/includes/class-wp-media-list-data.php HTTP/1.1" 404 196 "-" "Mozilla/5.0 (Windows NT 10.0; Win64; x64) AppleWebKit/537.36 (KHTML, like Gecko) Chrome/109.0.0.0 Safari/537.36"
103.54.58.237 - - [02/Feb/2023:03:20:10 +0000] "GET /wp-content/plugins/seoplugins/index.php HTTP/1.1" 404 196 "-" "Mozilla/5.0 (Windows NT 10.0; Win64; x64) AppleWebKit/537.36 (KHTML, like Gecko) Chrome/109.0.0.0 Safari/537.36"
103.54.58.237 - - [02/Feb/2023:03:20:12 +0000] "GET /wso112233.php HTTP/1.1" 404 16 "-" "Mozilla/5.0 (Windows NT 10.0; Win64; x64) AppleWebKit/537.36 (KHTML, like Gecko) Chrome/109.0.0.0 Safari/537.36"
103.54.58.237 - - [02/Feb/2023:03:20:13 +0000] "GET /xleet-shell.php HTTP/1.1" 404 16 "-" "Mozilla/5.0 (Windows NT 10.0; Win64; x64) AppleWebKit/537.36 (KHTML, like Gecko) Chrome/109.0.0.0 Safari/537.36"
103.54.58.237 - - [02/Feb/2023:03:20:15 +0000] "GET /xleet.php HTTP/1.1" 404 16 "-" "Mozilla/5.0 (Windows NT 10.0; Win64; x64) AppleWebKit/537.36 (KHTML, like Gecko) Chrome/109.0.0.0 Safari/537.36"
103.54.58.237 - - [02/Feb/2023:03:20:16 +0000] "GET /wp-content/plugins/seoplugins/mar.php HTTP/1.1" 404 196 "-" "Mozilla/5.0 (Windows NT 10.0; Win64; x64) AppleWebKit/537.36 (KHTML, like Gecko) Chrome/109.0.0.0 Safari/537.36"
103.54.58.237 - - [02/Feb/2023:03:20:18 +0000] "GET /wp-content/themes/seotheme/mar.php HTTP/1.1" 404 196 "-" "Mozilla/5.0 (Windows NT 10.0; Win64; x64) AppleWebKit/537.36 (KHTML, like Gecko) Chrome/109.0.0.0 Safari/537.36"
103.54.58.237 - - [02/Feb/2023:03:20:19 +0000] "GET /wp-admin/js/widgets/wp-login.php HTTP/1.1" 404 196 "-" "Mozilla/5.0 (Windows NT 10.0; Win64; x64) AppleWebKit/537.36 (KHTML, like Gecko) Chrome/109.0.0.0 Safari/537.36"
103.54.58.237 - - [02/Feb/2023:03:20:21 +0000] "GET /0z.php HTTP/1.1" 404 16 "-" "Mozilla/5.0 (Windows NT 10.0; Win64; x64) AppleWebKit/537.36 (KHTML, like Gecko) Chrome/109.0.0.0 Safari/537.36"
103.54.58.237 - - [02/Feb/2023:03:20:22 +0000] "GET /fw.php HTTP/1.1" 404 16 "-" "Mozilla/5.0 (Windows NT 10.0; Win64; x64) AppleWebKit/537.36 (KHTML, like Gecko) Chrome/109.0.0.0 Safari/537.36"
103.54.58.237 - - [02/Feb/2023:03:20:24 +0000] "GET /wp-includes/wp-class.php HTTP/1.1" 404 196 "-" "Mozilla/5.0 (Windows NT 10.0; Win64; x64) AppleWebKit/537.36 (KHTML, like Gecko) Chrome/109.0.0.0 Safari/537.36"
103.54.58.237 - - [02/Feb/2023:03:20:25 +0000] "GET /radio.php HTTP/1.1" 404 16 "-" "Mozilla/5.0 (Windows NT 10.0; Win64; x64) AppleWebKit/537.36 (KHTML, like Gecko) Chrome/109.0.0.0 Safari/537.36"
103.54.58.237 - - [02/Feb/2023:03:20:27 +0000] "GET /i.php HTTP/1.1" 404 16 "-" "Mozilla/5.0 (Windows NT 10.0; Win64; x64) AppleWebKit/537.36 (KHTML, like Gecko) Chrome/109.0.0.0 Safari/537.36"
103.54.58.237 - - [02/Feb/2023:03:20:28 +0000] "GET /o.php HTTP/1.1" 404 16 "-" "Mozilla/5.0 (Windows NT 10.0; Win64; x64) AppleWebKit/537.36 (KHTML, like Gecko) Chrome/109.0.0.0 Safari/537.36"
103.54.58.237 - - [02/Feb/2023:03:20:29 +0000] "GET /alwso.php HTTP/1.1" 404 16 "-" "Mozilla/5.0 (Windows NT 10.0; Win64; x64) AppleWebKit/537.36 (KHTML, like Gecko) Chrome/109.0.0.0 Safari/537.36"
103.54.58.237 - - [02/Feb/2023:03:20:31 +0000] "GET /wp-blog.php HTTP/1.1" 404 16 "-" "Mozilla/5.0 (Windows NT 10.0; Win64; x64) AppleWebKit/537.36 (KHTML, like Gecko) Chrome/109.0.0.0 Safari/537.36"
103.54.58.237 - - [02/Feb/2023:03:20:32 +0000] "GET /u.php HTTP/1.1" 404 16 "-" "Mozilla/5.0 (Windows NT 10.0; Win64; x64) AppleWebKit/537.36 (KHTML, like Gecko) Chrome/109.0.0.0 Safari/537.36"
103.54.58.237 - - [02/Feb/2023:03:20:35 +0000] "GET /templates/beez5/index.php HTTP/1.1" 404 196 "-" "Mozilla/5.0 (Windows NT 10.0; Win64; x64) AppleWebKit/537.36 (KHTML, like Gecko) Chrome/109.0.0.0 Safari/537.36"
103.54.58.237 - - [02/Feb/2023:03:20:36 +0000] "GET /mini.php HTTP/1.1" 404 16 "-" "Mozilla/5.0 (Windows NT 10.0; Win64; x64) AppleWebKit/537.36 (KHTML, like Gecko) Chrome/109.0.0.0 Safari/537.36"
103.54.58.237 - - [02/Feb/2023:03:20:38 +0000] "GET /x.php HTTP/1.1" 404 16 "-" "Mozilla/5.0 (Windows NT 10.0; Win64; x64) AppleWebKit/537.36 (KHTML, like Gecko) Chrome/109.0.0.0 Safari/537.36"
103.54.58.237 - - [02/Feb/2023:03:20:39 +0000] "GET /404.php HTTP/1.1" 404 16 "-" "Mozilla/5.0 (Windows NT 10.0; Win64; x64) AppleWebKit/537.36 (KHTML, like Gecko) Chrome/109.0.0.0 Safari/537.36"
103.54.58.237 - - [02/Feb/2023:03:20:41 +0000] "GET /13.php HTTP/1.1" 404 16 "-" "Mozilla/5.0 (Windows NT 10.0; Win64; x64) AppleWebKit/537.36 (KHTML, like Gecko) Chrome/109.0.0.0 Safari/537.36"
103.54.58.237 - - [02/Feb/2023:03:20:42 +0000] "GET /11index.php HTTP/1.1" 404 16 "-" "Mozilla/5.0 (Windows NT 10.0; Win64; x64) AppleWebKit/537.36 (KHTML, like Gecko) Chrome/109.0.0.0 Safari/537.36"
103.54.58.237 - - [02/Feb/2023:03:20:44 +0000] "GET /wp-uploads.php HTTP/1.1" 404 16 "-" "Mozilla/5.0 (Windows NT 10.0; Win64; x64) AppleWebKit/537.36 (KHTML, like Gecko) Chrome/109.0.0.0 Safari/537.36"
103.54.58.237 - - [02/Feb/2023:03:20:45 +0000] "GET /sh.php HTTP/1.1" 404 16 "-" "Mozilla/5.0 (Windows NT 10.0; Win64; x64) AppleWebKit/537.36 (KHTML, like Gecko) Chrome/109.0.0.0 Safari/537.36"
103.54.58.237 - - [02/Feb/2023:03:20:47 +0000] "GET /k.php HTTP/1.1" 404 16 "-" "Mozilla/5.0 (Windows NT 10.0; Win64; x64) AppleWebKit/537.36 (KHTML, like Gecko) Chrome/109.0.0.0 Safari/537.36"
103.54.58.237 - - [02/Feb/2023:03:20:48 +0000] "GET /wikindex.php HTTP/1.1" 404 16 "-" "Mozilla/5.0 (Windows NT 10.0; Win64; x64) AppleWebKit/537.36 (KHTML, like Gecko) Chrome/109.0.0.0 Safari/537.36"
103.54.58.237 - - [02/Feb/2023:03:20:50 +0000] "GET /y.php HTTP/1.1" 404 16 "-" "Mozilla/5.0 (Windows NT 10.0; Win64; x64) AppleWebKit/537.36 (KHTML, like Gecko) Chrome/109.0.0.0 Safari/537.36"
103.54.58.237 - - [02/Feb/2023:03:20:52 +0000] "GET /alf.php HTTP/1.1" 404 16 "-" "Mozilla/5.0 (Windows NT 10.0; Win64; x64) AppleWebKit/537.36 (KHTML, like Gecko) Chrome/109.0.0.0 Safari/537.36"
103.54.58.237 - - [02/Feb/2023:03:20:53 +0000] "GET /WSO.php HTTP/1.1" 404 16 "-" "Mozilla/5.0 (Windows NT 10.0; Win64; x64) AppleWebKit/537.36 (KHTML, like Gecko) Chrome/109.0.0.0 Safari/537.36"
103.54.58.237 - - [02/Feb/2023:03:20:55 +0000] "GET /10.php HTTP/1.1" 404 16 "-" "Mozilla/5.0 (Windows NT 10.0; Win64; x64) AppleWebKit/537.36 (KHTML, like Gecko) Chrome/109.0.0.0 Safari/537.36"
103.54.58.237 - - [02/Feb/2023:03:20:56 +0000] "GET /2index.php HTTP/1.1" 404 16 "-" "Mozilla/5.0 (Windows NT 10.0; Win64; x64) AppleWebKit/537.36 (KHTML, like Gecko) Chrome/109.0.0.0 Safari/537.36"
103.54.58.237 - - [02/Feb/2023:03:20:58 +0000] "GET /mari.php HTTP/1.1" 404 16 "-" "Mozilla/5.0 (Windows NT 10.0; Win64; x64) AppleWebKit/537.36 (KHTML, like Gecko) Chrome/109.0.0.0 Safari/537.36"
103.54.58.237 - - [02/Feb/2023:03:21:00 +0000] "GET /1.php HTTP/1.1" 404 16 "-" "Mozilla/5.0 (Windows NT 10.0; Win64; x64) AppleWebKit/537.36 (KHTML, like Gecko) Chrome/109.0.0.0 Safari/537.36"
103.54.58.237 - - [02/Feb/2023:03:21:01 +0000] "GET /100.php HTTP/1.1" 404 16 "-" "Mozilla/5.0 (Windows NT 10.0; Win64; x64) AppleWebKit/537.36 (KHTML, like Gecko) Chrome/109.0.0.0 Safari/537.36"
103.54.58.237 - - [02/Feb/2023:03:21:03 +0000] "GET /wp-admin.php HTTP/1.1" 404 16 "-" "Mozilla/5.0 (Windows NT 10.0; Win64; x64) AppleWebKit/537.36 (KHTML, like Gecko) Chrome/109.0.0.0 Safari/537.36"
103.54.58.237 - - [02/Feb/2023:03:21:05 +0000] "GET /shx.php HTTP/1.1" 404 16 "-" "Mozilla/5.0 (Windows NT 10.0; Win64; x64) AppleWebKit/537.36 (KHTML, like Gecko) Chrome/109.0.0.0 Safari/537.36"
103.54.58.237 - - [02/Feb/2023:03:21:06 +0000] "GET /xx.php HTTP/1.1" 404 16 "-" "Mozilla/5.0 (Windows NT 10.0; Win64; x64) AppleWebKit/537.36 (KHTML, like Gecko) Chrome/109.0.0.0 Safari/537.36"
103.54.58.237 - - [02/Feb/2023:03:21:08 +0000] "GET /shell.php HTTP/1.1" 404 16 "-" "Mozilla/5.0 (Windows NT 10.0; Win64; x64) AppleWebKit/537.36 (KHTML, like Gecko) Chrome/109.0.0.0 Safari/537.36"
103.54.58.237 - - [02/Feb/2023:03:21:09 +0000] "GET /wso1.php HTTP/1.1" 404 16 "-" "Mozilla/5.0 (Windows NT 10.0; Win64; x64) AppleWebKit/537.36 (KHTML, like Gecko) Chrome/109.0.0.0 Safari/537.36"
103.54.58.237 - - [02/Feb/2023:03:21:11 +0000] "GET /doc.php HTTP/1.1" 404 16 "-" "Mozilla/5.0 (Windows NT 10.0; Win64; x64) AppleWebKit/537.36 (KHTML, like Gecko) Chrome/109.0.0.0 Safari/537.36"
103.54.58.237 - - [02/Feb/2023:03:21:13 +0000] "GET /wso2.php HTTP/1.1" 404 16 "-" "Mozilla/5.0 (Windows NT 10.0; Win64; x64) AppleWebKit/537.36 (KHTML, like Gecko) Chrome/109.0.0.0 Safari/537.36"
103.54.58.237 - - [02/Feb/2023:03:21:14 +0000] "GET /wp-content/wp.php HTTP/1.1" 404 196 "-" "Mozilla/5.0 (Windows NT 10.0; Win64; x64) AppleWebKit/537.36 (KHTML, like Gecko) Chrome/109.0.0.0 Safari/537.36"
103.54.58.237 - - [02/Feb/2023:03:21:16 +0000] "GET /uploads/up.php HTTP/1.1" 404 196 "-" "Mozilla/5.0 (Windows NT 10.0; Win64; x64) AppleWebKit/537.36 (KHTML, like Gecko) Chrome/109.0.0.0 Safari/537.36"
103.54.58.237 - - [02/Feb/2023:03:21:17 +0000] "GET /old-index.php HTTP/1.1" 404 16 "-" "Mozilla/5.0 (Windows NT 10.0; Win64; x64) AppleWebKit/537.36 (KHTML, like Gecko) Chrome/109.0.0.0 Safari/537.36"
103.54.58.237 - - [02/Feb/2023:03:21:19 +0000] "GET /9.php HTTP/1.1" 404 16 "-" "Mozilla/5.0 (Windows NT 10.0; Win64; x64) AppleWebKit/537.36 (KHTML, like Gecko) Chrome/109.0.0.0 Safari/537.36"
103.54.58.237 - - [02/Feb/2023:03:21:20 +0000] "GET /date.php HTTP/1.1" 404 16 "-" "Mozilla/5.0 (Windows NT 10.0; Win64; x64) AppleWebKit/537.36 (KHTML, like Gecko) Chrome/109.0.0.0 Safari/537.36"
103.54.58.237 - - [02/Feb/2023:03:21:22 +0000] "GET /n.php HTTP/1.1" 404 16 "-" "Mozilla/5.0 (Windows NT 10.0; Win64; x64) AppleWebKit/537.36 (KHTML, like Gecko) Chrome/109.0.0.0 Safari/537.36"
103.54.58.237 - - [02/Feb/2023:03:21:23 +0000] "GET /p.php HTTP/1.1" 404 16 "-" "Mozilla/5.0 (Windows NT 10.0; Win64; x64) AppleWebKit/537.36 (KHTML, like Gecko) Chrome/109.0.0.0 Safari/537.36"
103.54.58.237 - - [02/Feb/2023:03:21:24 +0000] "GET /mar.php HTTP/1.1" 404 16 "-" "Mozilla/5.0 (Windows NT 10.0; Win64; x64) AppleWebKit/537.36 (KHTML, like Gecko) Chrome/109.0.0.0 Safari/537.36"
103.54.58.237 - - [02/Feb/2023:03:21:26 +0000] "GET /01.php HTTP/1.1" 404 16 "-" "Mozilla/5.0 (Windows NT 10.0; Win64; x64) AppleWebKit/537.36 (KHTML, like Gecko) Chrome/109.0.0.0 Safari/537.36"
103.54.58.237 - - [02/Feb/2023:03:21:27 +0000] "GET /0.php HTTP/1.1" 404 16 "-" "Mozilla/5.0 (Windows NT 10.0; Win64; x64) AppleWebKit/537.36 (KHTML, like Gecko) Chrome/109.0.0.0 Safari/537.36"
103.54.58.237 - - [02/Feb/2023:03:21:29 +0000] "GET /wp-admin/fw.php HTTP/1.1" 404 196 "-" "Mozilla/5.0 (Windows NT 10.0; Win64; x64) AppleWebKit/537.36 (KHTML, like Gecko) Chrome/109.0.0.0 Safari/537.36"
103.54.58.237 - - [02/Feb/2023:03:21:31 +0000] "GET /about.php HTTP/1.1" 404 16 "-" "Mozilla/5.0 (Windows NT 10.0; Win64; x64) AppleWebKit/537.36 (KHTML, like Gecko) Chrome/109.0.0.0 Safari/537.36"
103.54.58.237 - - [02/Feb/2023:03:21:32 +0000] "GET /xmlrpc.php HTTP/1.1" 404 16 "-" "Mozilla/5.0 (Windows NT 10.0; Win64; x64) AppleWebKit/537.36 (KHTML, like Gecko) Chrome/109.0.0.0 Safari/537.36"
103.54.58.237 - - [02/Feb/2023:03:21:34 +0000] "GET /ups.php HTTP/1.1" 404 16 "-" "Mozilla/5.0 (Windows NT 10.0; Win64; x64) AppleWebKit/537.36 (KHTML, like Gecko) Chrome/109.0.0.0 Safari/537.36"
103.54.58.237 - - [02/Feb/2023:03:21:35 +0000] "GET /wp-content/x.php HTTP/1.1" 404 196 "-" "Mozilla/5.0 (Windows NT 10.0; Win64; x64) AppleWebKit/537.36 (KHTML, like Gecko) Chrome/109.0.0.0 Safari/537.36"
103.54.58.237 - - [02/Feb/2023:03:21:36 +0000] "GET /root.php HTTP/1.1" 404 16 "-" "Mozilla/5.0 (Windows NT 10.0; Win64; x64) AppleWebKit/537.36 (KHTML, like Gecko) Chrome/109.0.0.0 Safari/537.36"
103.54.58.237 - - [02/Feb/2023:03:21:38 +0000] "GET /wp-content/fw.php HTTP/1.1" 404 196 "-" "Mozilla/5.0 (Windows NT 10.0; Win64; x64) AppleWebKit/537.36 (KHTML, like Gecko) Chrome/109.0.0.0 Safari/537.36"
103.54.58.237 - - [02/Feb/2023:03:21:39 +0000] "GET /wp-includes/about.php HTTP/1.1" 404 196 "-" "Mozilla/5.0 (Windows NT 10.0; Win64; x64) AppleWebKit/537.36 (KHTML, like Gecko) Chrome/109.0.0.0 Safari/537.36"
103.54.58.237 - - [02/Feb/2023:03:21:40 +0000] "GET /q.php HTTP/1.1" 404 16 "-" "Mozilla/5.0 (Windows NT 10.0; Win64; x64) AppleWebKit/537.36 (KHTML, like Gecko) Chrome/109.0.0.0 Safari/537.36"
