185.191.171.34 - - [06/May/2023:20:34:15 +0000] "GET /?p=308 HTTP/1.1" 200 1781 "-" "Mozilla/5.0 (compatible; SemrushBot/7~bl; +http://www.semrush.com/bot.html)"
216.244.66.237 - - [06/May/2023:20:35:25 +0000] "GET /robots.txt HTTP/1.1" 404 196 "-" "Mozilla/5.0 (compatible; DotBot/1.2; +https://opensiteexplorer.org/dotbot; help@moz.com)"
185.191.171.24 - - [06/May/2023:20:35:27 +0000] "GET /?p=351 HTTP/1.1" 200 1781 "-" "Mozilla/5.0 (compatible; SemrushBot/7~bl; +http://www.semrush.com/bot.html)"
216.244.66.237 - - [06/May/2023:20:39:16 +0000] "GET /?p=298 HTTP/1.1" 200 1781 "-" "Mozilla/5.0 (compatible; DotBot/1.2; +https://opensiteexplorer.org/dotbot; help@moz.com)"
216.244.66.237 - - [06/May/2023:20:39:20 +0000] "GET /?p=586 HTTP/1.1" 200 1781 "-" "Mozilla/5.0 (compatible; DotBot/1.2; +https://opensiteexplorer.org/dotbot; help@moz.com)"
51.222.253.20 - - [06/May/2023:21:10:55 +0000] "GET /robots.txt HTTP/1.1" 404 196 "-" "Mozilla/5.0 (compatible; AhrefsBot/7.0; +http://ahrefs.com/robot/)"
51.222.253.6 - - [06/May/2023:21:10:55 +0000] "GET / HTTP/1.1" 200 1781 "-" "Mozilla/5.0 (compatible; AhrefsBot/7.0; +http://ahrefs.com/robot/)"
216.244.66.237 - - [06/May/2023:21:30:29 +0000] "GET /robots.txt HTTP/1.1" 404 196 "-" "Mozilla/5.0 (compatible; DotBot/1.2; +https://opensiteexplorer.org/dotbot; help@moz.com)"
216.244.66.237 - - [06/May/2023:21:35:04 +0000] "GET /?%2Falbums%2Fcroquis-sur-le-vif%2Fcontent%2Fimg-868%2F HTTP/1.1" 200 1781 "-" "Mozilla/5.0 (compatible; DotBot/1.2; +https://opensiteexplorer.org/dotbot; help@moz.com)"
185.191.171.43 - - [06/May/2023:21:44:40 +0000] "GET /robots.txt HTTP/1.1" 404 196 "-" "Mozilla/5.0 (compatible; SemrushBot/7~bl; +http://www.semrush.com/bot.html)"
185.191.171.20 - - [06/May/2023:21:44:41 +0000] "GET /?p=455 HTTP/1.1" 200 1781 "-" "Mozilla/5.0 (compatible; SemrushBot/7~bl; +http://www.semrush.com/bot.html)"
185.191.171.7 - - [06/May/2023:21:44:54 +0000] "GET /?p=206 HTTP/1.1" 200 1781 "-" "Mozilla/5.0 (compatible; SemrushBot/7~bl; +http://www.semrush.com/bot.html)"
185.191.171.40 - - [06/May/2023:22:03:47 +0000] "GET /?p=838 HTTP/1.1" 200 1781 "-" "Mozilla/5.0 (compatible; SemrushBot/7~bl; +http://www.semrush.com/bot.html)"
185.191.171.3 - - [06/May/2023:22:22:57 +0000] "GET /?p=225 HTTP/1.1" 200 1781 "-" "Mozilla/5.0 (compatible; SemrushBot/7~bl; +http://www.semrush.com/bot.html)"
216.244.66.237 - - [06/May/2023:22:25:52 +0000] "GET /robots.txt HTTP/1.1" 404 196 "-" "Mozilla/5.0 (compatible; DotBot/1.2; +https://opensiteexplorer.org/dotbot; help@moz.com)"
185.191.171.2 - - [06/May/2023:22:26:28 +0000] "GET /?p=1118 HTTP/1.1" 200 1781 "-" "Mozilla/5.0 (compatible; SemrushBot/7~bl; +http://www.semrush.com/bot.html)"
114.119.155.145 - - [06/May/2023:22:26:38 +0000] "GET /robots.txt HTTP/1.1" 404 196 "-" "Mozilla/5.0 (compatible;PetalBot;+https://webmaster.petalsearch.com/site/petalbot)"
216.244.66.237 - - [06/May/2023:22:29:58 +0000] "GET /?p=233 HTTP/1.1" 200 1781 "-" "Mozilla/5.0 (compatible; DotBot/1.2; +https://opensiteexplorer.org/dotbot; help@moz.com)"
185.191.171.26 - - [06/May/2023:22:37:40 +0000] "GET /?p=520 HTTP/1.1" 200 1781 "-" "Mozilla/5.0 (compatible; SemrushBot/7~bl; +http://www.semrush.com/bot.html)"
185.191.171.45 - - [06/May/2023:22:42:50 +0000] "GET /?p=1232 HTTP/1.1" 200 1781 "-" "Mozilla/5.0 (compatible; SemrushBot/7~bl; +http://www.semrush.com/bot.html)"
94.142.16.122 - - [06/May/2023:22:55:53 +0000] "GET / HTTP/1.1" 200 1781 "-" "Mozilla/5.0 (Windows NT 10.0; Win64; x64) AppleWebKit/537.36 (KHTML, like Gecko) Chrome/99.0.4844.51 Safari/537.36"
185.191.171.19 - - [06/May/2023:22:59:45 +0000] "GET /robots.txt HTTP/1.1" 404 196 "-" "Mozilla/5.0 (compatible; SemrushBot/7~bl; +http://www.semrush.com/bot.html)"
185.191.171.42 - - [06/May/2023:23:00:09 +0000] "GET /?p=223 HTTP/1.1" 200 1781 "-" "Mozilla/5.0 (compatible; SemrushBot/7~bl; +http://www.semrush.com/bot.html)"
216.244.66.237 - - [06/May/2023:23:21:02 +0000] "GET /robots.txt HTTP/1.1" 404 196 "-" "Mozilla/5.0 (compatible; DotBot/1.2; +https://opensiteexplorer.org/dotbot; help@moz.com)"
216.244.66.237 - - [06/May/2023:23:25:00 +0000] "GET /?p=449 HTTP/1.1" 200 1781 "-" "Mozilla/5.0 (compatible; DotBot/1.2; +https://opensiteexplorer.org/dotbot; help@moz.com)"
216.244.66.237 - - [07/May/2023:00:15:53 +0000] "GET /robots.txt HTTP/1.1" 404 196 "-" "Mozilla/5.0 (compatible; DotBot/1.2; +https://opensiteexplorer.org/dotbot; help@moz.com)"
216.244.66.237 - - [07/May/2023:00:19:48 +0000] "GET /?p=289 HTTP/1.1" 200 1781 "-" "Mozilla/5.0 (compatible; DotBot/1.2; +https://opensiteexplorer.org/dotbot; help@moz.com)"
216.244.66.237 - - [07/May/2023:00:20:25 +0000] "GET /?%2Falbums%2Faquarelle%2Fcontent%2Fchateauneuf-n1%2F HTTP/1.1" 200 1781 "-" "Mozilla/5.0 (compatible; DotBot/1.2; +https://opensiteexplorer.org/dotbot; help@moz.com)"
216.244.66.237 - - [07/May/2023:00:20:30 +0000] "GET /?%2Falbums%2Fcroquis-sur-le-vif%2Fcontent%2Fimg-884%2F HTTP/1.1" 200 1781 "-" "Mozilla/5.0 (compatible; DotBot/1.2; +https://opensiteexplorer.org/dotbot; help@moz.com)"
216.244.66.237 - - [07/May/2023:00:20:33 +0000] "GET /?%2Falbums%2Fcroquis-sur-le-vif%2Fcontent%2Fvisite%2F HTTP/1.1" 200 1781 "-" "Mozilla/5.0 (compatible; DotBot/1.2; +https://opensiteexplorer.org/dotbot; help@moz.com)"
185.191.171.1 - - [07/May/2023:00:42:21 +0000] "GET /robots.txt HTTP/1.1" 404 196 "-" "Mozilla/5.0 (compatible; SemrushBot/7~bl; +http://www.semrush.com/bot.html)"
185.191.171.40 - - [07/May/2023:00:42:26 +0000] "GET /?p=1805 HTTP/1.1" 200 1781 "-" "Mozilla/5.0 (compatible; SemrushBot/7~bl; +http://www.semrush.com/bot.html)"
185.191.171.7 - - [07/May/2023:01:01:42 +0000] "GET /?p=1714 HTTP/1.1" 200 1781 "-" "Mozilla/5.0 (compatible; SemrushBot/7~bl; +http://www.semrush.com/bot.html)"
216.244.66.237 - - [07/May/2023:01:10:05 +0000] "GET /robots.txt HTTP/1.1" 404 196 "-" "Mozilla/5.0 (compatible; DotBot/1.2; +https://opensiteexplorer.org/dotbot; help@moz.com)"
216.244.66.237 - - [07/May/2023:01:14:08 +0000] "GET /?p=350 HTTP/1.1" 200 1781 "-" "Mozilla/5.0 (compatible; DotBot/1.2; +https://opensiteexplorer.org/dotbot; help@moz.com)"
216.244.66.237 - - [07/May/2023:01:14:30 +0000] "GET /?%2Ffeed%2Falbums%2F2%2Frecent_rss HTTP/1.1" 200 1781 "-" "Mozilla/5.0 (compatible; DotBot/1.2; +https://opensiteexplorer.org/dotbot; help@moz.com)"
216.244.66.237 - - [07/May/2023:01:14:38 +0000] "GET /?%2Falbums%2Faquarelle%2Fcontent%2Fgeisha%2F HTTP/1.1" 200 1781 "-" "Mozilla/5.0 (compatible; DotBot/1.2; +https://opensiteexplorer.org/dotbot; help@moz.com)"
185.191.171.20 - - [07/May/2023:01:29:12 +0000] "GET /?p=741 HTTP/1.1" 200 1781 "-" "Mozilla/5.0 (compatible; SemrushBot/7~bl; +http://www.semrush.com/bot.html)"
185.191.171.36 - - [07/May/2023:01:50:04 +0000] "GET /robots.txt HTTP/1.1" 404 196 "-" "Mozilla/5.0 (compatible; SemrushBot/7~bl; +http://www.semrush.com/bot.html)"
185.191.171.17 - - [07/May/2023:01:52:05 +0000] "GET /?p=530 HTTP/1.1" 200 1781 "-" "Mozilla/5.0 (compatible; SemrushBot/7~bl; +http://www.semrush.com/bot.html)"
113.142.131.55 - - [07/May/2023:02:00:40 +0000] "GET / HTTP/1.1" 200 1781 "-" "Mozilla/5.0 (iPhone; CPU iPhone OS 13_2_3 like Mac OS X) AppleWebKit/605.1.15 (KHTML, like Gecko) Version/13.0.3 Mobile/15E148 Safari/604.1"
216.244.66.237 - - [07/May/2023:02:04:58 +0000] "GET /robots.txt HTTP/1.1" 404 196 "-" "Mozilla/5.0 (compatible; DotBot/1.2; +https://opensiteexplorer.org/dotbot; help@moz.com)"
216.244.66.237 - - [07/May/2023:02:09:05 +0000] "GET /?p=1083 HTTP/1.1" 200 1781 "-" "Mozilla/5.0 (compatible; DotBot/1.2; +https://opensiteexplorer.org/dotbot; help@moz.com)"
216.244.66.237 - - [07/May/2023:02:09:27 +0000] "GET /?%2Falbums%2Fcategories%2Fcroquis%2F HTTP/1.1" 200 1781 "-" "Mozilla/5.0 (compatible; DotBot/1.2; +https://opensiteexplorer.org/dotbot; help@moz.com)"
185.191.171.45 - - [07/May/2023:02:28:59 +0000] "GET /?p=387 HTTP/1.1" 200 1781 "-" "Mozilla/5.0 (compatible; SemrushBot/7~bl; +http://www.semrush.com/bot.html)"
185.191.171.38 - - [07/May/2023:02:33:19 +0000] "GET /?p=995 HTTP/1.1" 200 1781 "-" "Mozilla/5.0 (compatible; SemrushBot/7~bl; +http://www.semrush.com/bot.html)"
185.191.171.9 - - [07/May/2023:02:43:47 +0000] "GET /?p=237 HTTP/1.1" 200 1781 "-" "Mozilla/5.0 (compatible; SemrushBot/7~bl; +http://www.semrush.com/bot.html)"
185.191.171.5 - - [07/May/2023:02:43:49 +0000] "GET /?p=199 HTTP/1.1" 200 1781 "-" "Mozilla/5.0 (compatible; SemrushBot/7~bl; +http://www.semrush.com/bot.html)"
185.191.171.3 - - [07/May/2023:02:46:12 +0000] "GET /?p=349 HTTP/1.1" 200 1781 "-" "Mozilla/5.0 (compatible; SemrushBot/7~bl; +http://www.semrush.com/bot.html)"
185.191.171.12 - - [07/May/2023:02:58:29 +0000] "GET /robots.txt HTTP/1.1" 404 196 "-" "Mozilla/5.0 (compatible; SemrushBot/7~bl; +http://www.semrush.com/bot.html)"
185.191.171.25 - - [07/May/2023:02:58:29 +0000] "GET /?p=542 HTTP/1.1" 200 1781 "-" "Mozilla/5.0 (compatible; SemrushBot/7~bl; +http://www.semrush.com/bot.html)"
185.191.171.17 - - [07/May/2023:03:19:42 +0000] "GET /?p=970 HTTP/1.1" 200 1781 "-" "Mozilla/5.0 (compatible; SemrushBot/7~bl; +http://www.semrush.com/bot.html)"
52.167.144.162 - - [07/May/2023:03:48:24 +0000] "GET / HTTP/1.1" 200 1781 "-" "Mozilla/5.0 AppleWebKit/537.36 (KHTML, like Gecko; compatible; bingbot/2.0; +http://www.bing.com/bingbot.htm) Chrome/103.0.5060.134 Safari/537.36"
216.244.66.237 - - [07/May/2023:03:57:15 +0000] "GET /robots.txt HTTP/1.1" 404 196 "-" "Mozilla/5.0 (compatible; DotBot/1.2; +https://opensiteexplorer.org/dotbot; help@moz.com)"
216.244.66.237 - - [07/May/2023:04:01:19 +0000] "GET /info.php HTTP/1.1" 200 83277 "-" "Mozilla/5.0 (compatible; DotBot/1.2; +https://opensiteexplorer.org/dotbot; help@moz.com)"
216.244.66.237 - - [07/May/2023:04:03:07 +0000] "GET /2020/11/22/casino-apps-met-echt-geld/ HTTP/1.1" 404 196 "-" "Mozilla/5.0 (compatible; DotBot/1.2; +https://opensiteexplorer.org/dotbot; help@moz.com)"
51.91.123.91 - - [07/May/2023:04:18:54 +0000] "GET /wp-login.php HTTP/1.1" 404 16 "-" "Mozilla/5.0 (Windows NT 10.0; Win64; x64; rv:96.0) Gecko/20100101 Firefox/96"
123.117.34.170 - - [07/May/2023:04:38:49 +0000] "GET / HTTP/1.1" 200 1781 "-" "curl/7.54.0"
152.89.196.77 - - [07/May/2023:04:43:37 +0000] "GET /assets/images/ups.php HTTP/1.1" 404 196 "-" "Mozilla/5.0 (Windows NT 10.0; Win64; x64; rv:67.0) Gecko/20100101 Firefox/67.0"
185.191.171.41 - - [07/May/2023:04:45:45 +0000] "GET /robots.txt HTTP/1.1" 404 196 "-" "Mozilla/5.0 (compatible; SemrushBot/7~bl; +http://www.semrush.com/bot.html)"
185.191.171.17 - - [07/May/2023:04:45:46 +0000] "GET /?p=904 HTTP/1.1" 200 1781 "-" "Mozilla/5.0 (compatible; SemrushBot/7~bl; +http://www.semrush.com/bot.html)"
216.244.66.237 - - [07/May/2023:04:53:08 +0000] "GET /robots.txt HTTP/1.1" 404 196 "-" "Mozilla/5.0 (compatible; DotBot/1.2; +https://opensiteexplorer.org/dotbot; help@moz.com)"
216.244.66.237 - - [07/May/2023:04:57:24 +0000] "GET /?p=203 HTTP/1.1" 200 1781 "-" "Mozilla/5.0 (compatible; DotBot/1.2; +https://opensiteexplorer.org/dotbot; help@moz.com)"
216.244.66.237 - - [07/May/2023:04:57:28 +0000] "GET /?p=376 HTTP/1.1" 200 1781 "-" "Mozilla/5.0 (compatible; DotBot/1.2; +https://opensiteexplorer.org/dotbot; help@moz.com)"
185.191.171.2 - - [07/May/2023:05:17:35 +0000] "GET /?p=523 HTTP/1.1" 200 1781 "-" "Mozilla/5.0 (compatible; SemrushBot/7~bl; +http://www.semrush.com/bot.html)"
157.90.182.27 - - [07/May/2023:05:24:48 +0000] "GET /robots.txt HTTP/1.1" 404 196 "-" "Mozilla/5.0 (compatible; BLEXBot/1.0; +http://webmeup-crawler.com/)"
157.90.182.27 - - [07/May/2023:05:24:51 +0000] "GET /sitemap HTTP/1.1" 404 196 "-" "Mozilla/5.0 (compatible; BLEXBot/1.0; +http://webmeup-crawler.com/)"
157.90.182.27 - - [07/May/2023:05:24:54 +0000] "GET /sitemap.txt HTTP/1.1" 404 196 "-" "Mozilla/5.0 (compatible; BLEXBot/1.0; +http://webmeup-crawler.com/)"
157.90.182.27 - - [07/May/2023:05:24:57 +0000] "GET /?C=D;O=D HTTP/1.1" 200 1781 "-" "Mozilla/5.0 (compatible; BLEXBot/1.0; +http://webmeup-crawler.com/)"
157.90.182.27 - - [07/May/2023:05:25:00 +0000] "GET /?C=M;O=D HTTP/1.1" 200 1781 "-" "Mozilla/5.0 (compatible; BLEXBot/1.0; +http://webmeup-crawler.com/)"
157.90.182.27 - - [07/May/2023:05:25:05 +0000] "GET /?C=N;O=A HTTP/1.1" 200 1781 "-" "Mozilla/5.0 (compatible; BLEXBot/1.0; +http://webmeup-crawler.com/)"
157.90.182.27 - - [07/May/2023:05:25:13 +0000] "GET /?C=S;O=D HTTP/1.1" 200 1781 "-" "Mozilla/5.0 (compatible; BLEXBot/1.0; +http://webmeup-crawler.com/)"
157.90.182.27 - - [07/May/2023:05:25:16 +0000] "GET /echec/aff_log.php HTTP/1.1" 200 484 "-" "Mozilla/5.0 (compatible; BLEXBot/1.0; +http://webmeup-crawler.com/)"
157.90.182.27 - - [07/May/2023:05:25:23 +0000] "GET /echec/create.php HTTP/1.1" 200 4074 "-" "Mozilla/5.0 (compatible; BLEXBot/1.0; +http://webmeup-crawler.com/)"
157.90.182.27 - - [07/May/2023:05:25:26 +0000] "GET /echec/regles.html HTTP/1.1" 200 4312 "-" "Mozilla/5.0 (compatible; BLEXBot/1.0; +http://webmeup-crawler.com/)"
157.90.182.27 - - [07/May/2023:05:25:33 +0000] "GET /log/?C=D;O=A HTTP/1.1" 200 1090 "-" "Mozilla/5.0 (compatible; BLEXBot/1.0; +http://webmeup-crawler.com/)"
157.90.182.27 - - [07/May/2023:05:25:37 +0000] "GET /log/?C=M;O=A HTTP/1.1" 200 1090 "-" "Mozilla/5.0 (compatible; BLEXBot/1.0; +http://webmeup-crawler.com/)"
157.90.182.27 - - [07/May/2023:05:25:42 +0000] "GET /log/?C=N;O=D HTTP/1.1" 200 1090 "-" "Mozilla/5.0 (compatible; BLEXBot/1.0; +http://webmeup-crawler.com/)"
157.90.182.27 - - [07/May/2023:05:25:45 +0000] "GET /log/?C=S;O=A HTTP/1.1" 200 1090 "-" "Mozilla/5.0 (compatible; BLEXBot/1.0; +http://webmeup-crawler.com/)"
185.191.171.4 - - [07/May/2023:05:29:29 +0000] "GET /?p=385 HTTP/1.1" 200 1781 "-" "Mozilla/5.0 (compatible; SemrushBot/7~bl; +http://www.semrush.com/bot.html)"
185.191.171.16 - - [07/May/2023:05:46:55 +0000] "GET /robots.txt HTTP/1.1" 404 196 "-" "Mozilla/5.0 (compatible; SemrushBot/7~bl; +http://www.semrush.com/bot.html)"
185.191.171.44 - - [07/May/2023:05:46:58 +0000] "GET /?p=771 HTTP/1.1" 200 1781 "-" "Mozilla/5.0 (compatible; SemrushBot/7~bl; +http://www.semrush.com/bot.html)"
216.244.66.237 - - [07/May/2023:05:47:13 +0000] "GET /robots.txt HTTP/1.1" 404 196 "-" "Mozilla/5.0 (compatible; DotBot/1.2; +https://opensiteexplorer.org/dotbot; help@moz.com)"
216.244.66.237 - - [07/May/2023:05:51:26 +0000] "GET /?p=416 HTTP/1.1" 200 1781 "-" "Mozilla/5.0 (compatible; DotBot/1.2; +https://opensiteexplorer.org/dotbot; help@moz.com)"
152.89.196.77 - - [07/May/2023:06:09:18 +0000] "POST /stats.php HTTP/1.1" 404 16 "-" "Mozilla/5.0 (Macintosh; Intel Mac OS X 10.14; rv:68.0) Gecko/20100101 Firefox/68.0"
185.191.171.24 - - [07/May/2023:06:42:16 +0000] "GET /?p=1312 HTTP/1.1" 200 1781 "-" "Mozilla/5.0 (compatible; SemrushBot/7~bl; +http://www.semrush.com/bot.html)"
185.191.171.2 - - [07/May/2023:06:56:59 +0000] "GET /robots.txt HTTP/1.1" 404 196 "-" "Mozilla/5.0 (compatible; SemrushBot/7~bl; +http://www.semrush.com/bot.html)"
185.191.171.42 - - [07/May/2023:06:57:01 +0000] "GET /?p=740 HTTP/1.1" 200 1781 "-" "Mozilla/5.0 (compatible; SemrushBot/7~bl; +http://www.semrush.com/bot.html)"
185.191.171.35 - - [07/May/2023:07:14:41 +0000] "GET /?p=403 HTTP/1.1" 200 1781 "-" "Mozilla/5.0 (compatible; SemrushBot/7~bl; +http://www.semrush.com/bot.html)"
114.119.136.144 - - [07/May/2023:09:11:30 +0000] "GET /log/?C=N%3BO%3DD HTTP/1.1" 200 1090 "http://laurencegaudet.com/log/" "Mozilla/5.0 (Linux; Android 7.0;) AppleWebKit/537.36 (KHTML, like Gecko) Mobile Safari/537.36 (compatible; PetalBot;+https://webmaster.petalsearch.com/site/petalbot)"
54.212.204.37 - - [07/May/2023:09:22:18 +0000] "GET / HTTP/1.1" 200 1781 "-" "Mozilla/5.0 (X11; Linux x86_64) AppleWebKit/537.36 (KHTML, like Gecko) Chrome/83.0.4103.97 Safari/537.36"
54.184.238.39 - - [07/May/2023:09:22:41 +0000] "GET /favicon.ico HTTP/1.1" 404 196 "-" "Mozilla/5.0 (X11; Linux x86_64) AppleWebKit/537.36 (KHTML, like Gecko) Chrome/83.0.4103.97 Safari/537.36"
54.184.238.39 - - [07/May/2023:09:22:43 +0000] "GET / HTTP/1.1" 200 1781 "-" "Mozilla/5.0 (X11; Linux x86_64) AppleWebKit/537.36 (KHTML, like Gecko) Chrome/83.0.4103.97 Safari/537.36"
52.11.231.80 - - [07/May/2023:09:59:49 +0000] "GET / HTTP/1.1" 200 1781 "-" "Mozilla/5.0 (Windows NT 10.0; Win64; x64)AppleWebKit/537.36 (KHTML, like Gecko) Chrome/66.0.3359.181 Safari/537.36"
45.148.235.24 - - [07/May/2023:11:09:00 +0000] "GET / HTTP/1.1" 200 1781 "-" "Mozilla/5.0 (Macintosh; Intel Mac OS X 10_15_7) AppleWebKit/537.36 (KHTML, like Gecko) Chrome/111.0.5563.146 Safari/537.36"
216.244.66.237 - - [07/May/2023:14:56:31 +0000] "GET /robots.txt HTTP/1.1" 404 196 "-" "Mozilla/5.0 (compatible; DotBot/1.2; +https://opensiteexplorer.org/dotbot; help@moz.com)"
216.244.66.237 - - [07/May/2023:15:05:34 +0000] "GET /?p=199 HTTP/1.1" 200 1781 "-" "Mozilla/5.0 (compatible; DotBot/1.2; +https://opensiteexplorer.org/dotbot; help@moz.com)"
37.148.211.122 - - [07/May/2023:15:20:55 +0000] "GET /wp-login.php HTTP/1.1" 404 16 "-" "Mozilla/5.0 (Windows NT 10.0; Win64; x64; rv:96.0) Gecko/20100101 Firefox/96"
52.167.144.162 - - [07/May/2023:15:57:06 +0000] "GET / HTTP/1.1" 200 1781 "-" "Mozilla/5.0 AppleWebKit/537.36 (KHTML, like Gecko; compatible; bingbot/2.0; +http://www.bing.com/bingbot.htm) Chrome/103.0.5060.134 Safari/537.36"
216.244.66.237 - - [07/May/2023:16:41:27 +0000] "GET /robots.txt HTTP/1.1" 404 196 "-" "Mozilla/5.0 (compatible; DotBot/1.2; +https://opensiteexplorer.org/dotbot; help@moz.com)"
216.244.66.237 - - [07/May/2023:16:45:51 +0000] "GET /?p=232 HTTP/1.1" 200 1781 "-" "Mozilla/5.0 (compatible; DotBot/1.2; +https://opensiteexplorer.org/dotbot; help@moz.com)"
216.244.66.237 - - [07/May/2023:16:46:37 +0000] "GET /?%2Falbums%2Fcroquis-sur-le-vif%2Fcontent%2Fimg-883%2F HTTP/1.1" 200 1781 "-" "Mozilla/5.0 (compatible; DotBot/1.2; +https://opensiteexplorer.org/dotbot; help@moz.com)"
216.244.66.237 - - [07/May/2023:16:47:03 +0000] "GET /2020/11/22/gratis-gokautomaat-zonder-geld-en-zonder-te-downloaden/ HTTP/1.1" 404 196 "-" "Mozilla/5.0 (compatible; DotBot/1.2; +https://opensiteexplorer.org/dotbot; help@moz.com)"
216.244.66.237 - - [07/May/2023:17:36:55 +0000] "GET /robots.txt HTTP/1.1" 404 196 "-" "Mozilla/5.0 (compatible; DotBot/1.2; +https://opensiteexplorer.org/dotbot; help@moz.com)"
216.244.66.237 - - [07/May/2023:17:41:01 +0000] "GET /?p=279 HTTP/1.1" 200 1781 "-" "Mozilla/5.0 (compatible; DotBot/1.2; +https://opensiteexplorer.org/dotbot; help@moz.com)"
216.244.66.237 - - [07/May/2023:17:42:06 +0000] "GET /2020/11/22/holland-casino-spelen-gratis/ HTTP/1.1" 404 196 "-" "Mozilla/5.0 (compatible; DotBot/1.2; +https://opensiteexplorer.org/dotbot; help@moz.com)"
114.119.134.35 - - [07/May/2023:18:29:44 +0000] "GET /robots.txt HTTP/1.1" 404 196 "-" "Mozilla/5.0 (compatible;PetalBot;+https://webmaster.petalsearch.com/site/petalbot)"
216.244.66.237 - - [07/May/2023:18:31:40 +0000] "GET /robots.txt HTTP/1.1" 404 196 "-" "Mozilla/5.0 (compatible; DotBot/1.2; +https://opensiteexplorer.org/dotbot; help@moz.com)"
216.244.66.237 - - [07/May/2023:18:35:46 +0000] "GET /?p=230 HTTP/1.1" 200 1781 "-" "Mozilla/5.0 (compatible; DotBot/1.2; +https://opensiteexplorer.org/dotbot; help@moz.com)"
216.244.66.237 - - [07/May/2023:18:35:51 +0000] "GET /?p=245 HTTP/1.1" 200 1781 "-" "Mozilla/5.0 (compatible; DotBot/1.2; +https://opensiteexplorer.org/dotbot; help@moz.com)"
216.244.66.237 - - [07/May/2023:18:35:55 +0000] "GET /?p=479 HTTP/1.1" 200 1781 "-" "Mozilla/5.0 (compatible; DotBot/1.2; +https://opensiteexplorer.org/dotbot; help@moz.com)"
216.244.66.237 - - [07/May/2023:19:26:45 +0000] "GET /robots.txt HTTP/1.1" 404 196 "-" "Mozilla/5.0 (compatible; DotBot/1.2; +https://opensiteexplorer.org/dotbot; help@moz.com)"
216.244.66.237 - - [07/May/2023:19:31:28 +0000] "GET /?p=213 HTTP/1.1" 200 1781 "-" "Mozilla/5.0 (compatible; DotBot/1.2; +https://opensiteexplorer.org/dotbot; help@moz.com)"
216.244.66.237 - - [07/May/2023:19:31:32 +0000] "GET /?p=262 HTTP/1.1" 200 1781 "-" "Mozilla/5.0 (compatible; DotBot/1.2; +https://opensiteexplorer.org/dotbot; help@moz.com)"
216.244.66.237 - - [07/May/2023:19:31:36 +0000] "GET /?p=284 HTTP/1.1" 200 1781 "-" "Mozilla/5.0 (compatible; DotBot/1.2; +https://opensiteexplorer.org/dotbot; help@moz.com)"
216.244.66.237 - - [07/May/2023:19:31:39 +0000] "GET /?p=343 HTTP/1.1" 200 1781 "-" "Mozilla/5.0 (compatible; DotBot/1.2; +https://opensiteexplorer.org/dotbot; help@moz.com)"
89.22.234.69 - - [07/May/2023:19:38:19 +0000] "GET / HTTP/1.0" 200 1781 "http://laurencegaudet.com/" "Mozilla/5.0 (Windows NT 10.0; Win64; x64) AppleWebKit/537.36 (KHTML, like Gecko) Chrome/90.0.4430.72 Safari/537.36 Edg/90.0.818.42"
54.36.148.25 - - [07/May/2023:20:18:18 +0000] "GET /robots.txt HTTP/1.1" 404 196 "-" "Mozilla/5.0 (compatible; AhrefsBot/7.0; +http://ahrefs.com/robot/)"
51.222.253.6 - - [07/May/2023:20:18:19 +0000] "GET / HTTP/1.1" 200 1781 "-" "Mozilla/5.0 (compatible; AhrefsBot/7.0; +http://ahrefs.com/robot/)"
51.222.253.1 - - [07/May/2023:20:18:21 +0000] "GET /icons/blank.gif HTTP/1.1" 200 148 "-" "Mozilla/5.0 (compatible; AhrefsBot/7.0; +http://ahrefs.com/robot/)"
51.222.253.18 - - [07/May/2023:20:18:21 +0000] "GET /icons/text.gif HTTP/1.1" 200 229 "-" "Mozilla/5.0 (compatible; AhrefsBot/7.0; +http://ahrefs.com/robot/)"
51.222.253.5 - - [07/May/2023:20:18:22 +0000] "GET /icons/compressed.gif HTTP/1.1" 200 1038 "-" "Mozilla/5.0 (compatible; AhrefsBot/7.0; +http://ahrefs.com/robot/)"
216.244.66.237 - - [07/May/2023:20:24:04 +0000] "GET /robots.txt HTTP/1.1" 404 196 "-" "Mozilla/5.0 (compatible; DotBot/1.2; +https://opensiteexplorer.org/dotbot; help@moz.com)"
216.244.66.237 - - [07/May/2023:20:29:31 +0000] "GET /?p=281 HTTP/1.1" 200 1781 "-" "Mozilla/5.0 (compatible; DotBot/1.2; +https://opensiteexplorer.org/dotbot; help@moz.com)"
216.244.66.237 - - [07/May/2023:20:31:02 +0000] "GET /2020/11/22/speel-fruit-slots-gratis/ HTTP/1.1" 404 196 "-" "Mozilla/5.0 (compatible; DotBot/1.2; +https://opensiteexplorer.org/dotbot; help@moz.com)"
66.249.76.63 - - [07/May/2023:21:14:10 +0000] "GET /robots.txt HTTP/1.1" 404 196 "-" "Mozilla/5.0 (compatible; Googlebot/2.1; +http://www.google.com/bot.html)"
66.249.76.32 - - [07/May/2023:21:14:11 +0000] "GET /?C=S%3BO%3DA HTTP/1.1" 200 1781 "-" "Mozilla/5.0 (Linux; Android 6.0.1; Nexus 5X Build/MMB29P) AppleWebKit/537.36 (KHTML, like Gecko) Chrome/112.0.5615.142 Mobile Safari/537.36 (compatible; Googlebot/2.1; +http://www.google.com/bot.html)"
216.244.66.237 - - [07/May/2023:21:21:19 +0000] "GET /robots.txt HTTP/1.1" 404 196 "-" "Mozilla/5.0 (compatible; DotBot/1.2; +https://opensiteexplorer.org/dotbot; help@moz.com)"
216.244.66.237 - - [07/May/2023:21:26:03 +0000] "GET /?p=359 HTTP/1.1" 200 1781 "-" "Mozilla/5.0 (compatible; DotBot/1.2; +https://opensiteexplorer.org/dotbot; help@moz.com)"
216.244.66.237 - - [07/May/2023:22:18:26 +0000] "GET /robots.txt HTTP/1.1" 404 196 "-" "Mozilla/5.0 (compatible; DotBot/1.2; +https://opensiteexplorer.org/dotbot; help@moz.com)"
216.244.66.237 - - [07/May/2023:22:22:58 +0000] "GET /?p=225 HTTP/1.1" 200 1781 "-" "Mozilla/5.0 (compatible; DotBot/1.2; +https://opensiteexplorer.org/dotbot; help@moz.com)"
216.244.66.237 - - [07/May/2023:22:23:03 +0000] "GET /?p=246 HTTP/1.1" 200 1781 "-" "Mozilla/5.0 (compatible; DotBot/1.2; +https://opensiteexplorer.org/dotbot; help@moz.com)"
216.244.66.237 - - [07/May/2023:22:23:07 +0000] "GET /?p=328 HTTP/1.1" 200 1781 "-" "Mozilla/5.0 (compatible; DotBot/1.2; +https://opensiteexplorer.org/dotbot; help@moz.com)"
216.244.66.237 - - [07/May/2023:22:23:49 +0000] "GET /?%2Falbums%2Faquarelle%2Fcontent%2Fflamand-rose%2F HTTP/1.1" 200 1781 "-" "Mozilla/5.0 (compatible; DotBot/1.2; +https://opensiteexplorer.org/dotbot; help@moz.com)"
216.244.66.237 - - [07/May/2023:23:16:03 +0000] "GET /robots.txt HTTP/1.1" 404 196 "-" "Mozilla/5.0 (compatible; DotBot/1.2; +https://opensiteexplorer.org/dotbot; help@moz.com)"
216.244.66.237 - - [07/May/2023:23:20:56 +0000] "GET /?C=N;O=D HTTP/1.1" 200 1781 "-" "Mozilla/5.0 (compatible; DotBot/1.2; +https://opensiteexplorer.org/dotbot; help@moz.com)"
167.248.133.191 - - [07/May/2023:23:22:15 +0000] "GET / HTTP/1.1" 200 1781 "-" "Mozilla/5.0 (compatible; CensysInspect/1.1; +https://about.censys.io/)"
167.248.133.191 - - [07/May/2023:23:22:15 +0000] "GET /favicon.ico HTTP/1.1" 404 196 "-" "Mozilla/5.0 (compatible; CensysInspect/1.1; +https://about.censys.io/)"
66.249.70.87 - - [07/May/2023:23:28:35 +0000] "GET /3.php HTTP/1.1" 404 16 "-" "Mozilla/5.0 (Linux; Android 6.0.1; Nexus 5X Build/MMB29P) AppleWebKit/537.36 (KHTML, like Gecko) Chrome/112.0.5615.142 Mobile Safari/537.36 (compatible; Googlebot/2.1; +http://www.google.com/bot.html)"
101.68.211.2 - - [07/May/2023:23:49:02 +0000] "GET / HTTP/1.1" 200 1781 "-" "Mozilla/5.0 (Macintosh; Intel Mac OS X 10.11; rv:47.0) Gecko/20100101 Firefox/47.0"
101.68.211.2 - - [07/May/2023:23:50:29 +0000] "GET / HTTP/1.1" 200 1781 "-" "Mozilla/5.0 (Windows NT 6.1; WOW64) AppleWebKit/537.36 (KHTML, like Gecko) Chrome/63.0.3239.132 Safari/537.36 QIHU 360SE"
101.68.211.2 - - [07/May/2023:23:50:29 +0000] "GET /favicon.ico HTTP/1.1" 404 196 "-" "Mozilla/5.0 (Windows NT 6.1; WOW64) AppleWebKit/537.36 (KHTML, like Gecko) Chrome/63.0.3239.132 Safari/537.36 QIHU 360SE"
101.68.211.2 - - [07/May/2023:23:50:30 +0000] "GET /robots.txt HTTP/1.1" 404 196 "-" "Mozilla/5.0 (Windows NT 6.1; WOW64) AppleWebKit/537.36 (KHTML, like Gecko) Chrome/63.0.3239.132 Safari/537.36 QIHU 360SE"
66.249.76.63 - - [07/May/2023:23:55:51 +0000] "GET /2.php HTTP/1.1" 404 16 "-" "Mozilla/5.0 (Linux; Android 6.0.1; Nexus 5X Build/MMB29P) AppleWebKit/537.36 (KHTML, like Gecko) Chrome/112.0.5615.142 Mobile Safari/537.36 (compatible; Googlebot/2.1; +http://www.google.com/bot.html)"
216.244.66.237 - - [08/May/2023:00:16:00 +0000] "GET /robots.txt HTTP/1.1" 404 196 "-" "Mozilla/5.0 (compatible; DotBot/1.2; +https://opensiteexplorer.org/dotbot; help@moz.com)"
114.119.146.77 - - [08/May/2023:00:20:02 +0000] "GET /?C=N%3BO%3DD HTTP/1.1" 200 1781 "http://laurencegaudet.com/" "Mozilla/5.0 (Linux; Android 7.0;) AppleWebKit/537.36 (KHTML, like Gecko) Mobile Safari/537.36 (compatible; PetalBot;+https://webmaster.petalsearch.com/site/petalbot)"
216.244.66.237 - - [08/May/2023:00:20:59 +0000] "GET /?p=201 HTTP/1.1" 200 1781 "-" "Mozilla/5.0 (compatible; DotBot/1.2; +https://opensiteexplorer.org/dotbot; help@moz.com)"
216.244.66.237 - - [08/May/2023:01:14:36 +0000] "GET /robots.txt HTTP/1.1" 404 196 "-" "Mozilla/5.0 (compatible; DotBot/1.2; +https://opensiteexplorer.org/dotbot; help@moz.com)"
216.244.66.237 - - [08/May/2023:01:20:03 +0000] "GET /?p=210 HTTP/1.1" 200 1781 "-" "Mozilla/5.0 (compatible; DotBot/1.2; +https://opensiteexplorer.org/dotbot; help@moz.com)"
216.244.66.237 - - [08/May/2023:01:21:17 +0000] "GET /?%2Falbums%2Fcrayons%2Fcontent%2Fdanseuse%2F HTTP/1.1" 200 1781 "-" "Mozilla/5.0 (compatible; DotBot/1.2; +https://opensiteexplorer.org/dotbot; help@moz.com)"
52.167.144.162 - - [08/May/2023:02:06:39 +0000] "GET / HTTP/1.1" 200 1781 "-" "Mozilla/5.0 AppleWebKit/537.36 (KHTML, like Gecko; compatible; bingbot/2.0; +http://www.bing.com/bingbot.htm) Chrome/103.0.5060.134 Safari/537.36"
216.244.66.237 - - [08/May/2023:02:07:34 +0000] "GET /robots.txt HTTP/1.1" 404 196 "-" "Mozilla/5.0 (compatible; DotBot/1.2; +https://opensiteexplorer.org/dotbot; help@moz.com)"
216.244.66.237 - - [08/May/2023:02:12:58 +0000] "GET /?p=442 HTTP/1.1" 200 1781 "-" "Mozilla/5.0 (compatible; DotBot/1.2; +https://opensiteexplorer.org/dotbot; help@moz.com)"
216.244.66.237 - - [08/May/2023:02:58:20 +0000] "GET /robots.txt HTTP/1.1" 404 196 "-" "Mozilla/5.0 (compatible; DotBot/1.2; +https://opensiteexplorer.org/dotbot; help@moz.com)"
216.244.66.237 - - [08/May/2023:03:09:36 +0000] "GET /?C=M;O=A HTTP/1.1" 200 1781 "-" "Mozilla/5.0 (compatible; DotBot/1.2; +https://opensiteexplorer.org/dotbot; help@moz.com)"
216.244.66.237 - - [08/May/2023:03:11:12 +0000] "GET /?p=419 HTTP/1.1" 200 1781 "-" "Mozilla/5.0 (compatible; DotBot/1.2; +https://opensiteexplorer.org/dotbot; help@moz.com)"
54.39.104.60 - - [08/May/2023:03:32:55 +0000] "GET / HTTP/1.1" 200 1781 "-" "Mozilla/5.0 (Windows NT 10.0; rv:73.0) Gecko/20100101 Firefox/73.0"
216.244.66.237 - - [08/May/2023:03:48:30 +0000] "GET /robots.txt HTTP/1.1" 404 196 "-" "Mozilla/5.0 (compatible; DotBot/1.2; +https://opensiteexplorer.org/dotbot; help@moz.com)"
216.244.66.237 - - [08/May/2023:03:54:48 +0000] "GET /?p=1349 HTTP/1.1" 200 1781 "-" "Mozilla/5.0 (compatible; DotBot/1.2; +https://opensiteexplorer.org/dotbot; help@moz.com)"
216.244.66.237 - - [08/May/2023:03:54:53 +0000] "GET /?p=536 HTTP/1.1" 200 1781 "-" "Mozilla/5.0 (compatible; DotBot/1.2; +https://opensiteexplorer.org/dotbot; help@moz.com)"
216.244.66.237 - - [08/May/2023:04:00:49 +0000] "GET /?C=N;O=A HTTP/1.1" 200 1781 "-" "Mozilla/5.0 (compatible; DotBot/1.2; +https://opensiteexplorer.org/dotbot; help@moz.com)"
216.244.66.237 - - [08/May/2023:05:49:31 +0000] "GET /robots.txt HTTP/1.1" 404 196 "-" "Mozilla/5.0 (compatible; DotBot/1.2; +https://opensiteexplorer.org/dotbot; help@moz.com)"
216.244.66.237 - - [08/May/2023:05:55:07 +0000] "GET /?p=251 HTTP/1.1" 200 1781 "-" "Mozilla/5.0 (compatible; DotBot/1.2; +https://opensiteexplorer.org/dotbot; help@moz.com)"
216.244.66.237 - - [08/May/2023:05:55:12 +0000] "GET /?p=271 HTTP/1.1" 200 1781 "-" "Mozilla/5.0 (compatible; DotBot/1.2; +https://opensiteexplorer.org/dotbot; help@moz.com)"
216.244.66.237 - - [08/May/2023:05:56:58 +0000] "GET /?%2Falbums%2Fcroquis-sur-le-vif%2Fcontent%2Fvictor%2F HTTP/1.1" 200 1781 "-" "Mozilla/5.0 (compatible; DotBot/1.2; +https://opensiteexplorer.org/dotbot; help@moz.com)"
37.228.129.128 - - [08/May/2023:06:10:47 +0000] "GET / HTTP/1.1" 200 1781 "-" "Mozilla/5.0 (Windows NT 10.0; Win64; x64) AppleWebKit/537.36 (KHTML, like Gecko) Chrome/100.0.4889.0 Safari/537.36"
37.228.129.128 - - [08/May/2023:06:10:47 +0000] "GET /icons/blank.gif HTTP/1.1" 200 148 "http://laurencegaudet.com/" "Mozilla/5.0 (Windows NT 10.0; Win64; x64) AppleWebKit/537.36 (KHTML, like Gecko) Chrome/100.0.4889.0 Safari/537.36"
37.228.129.128 - - [08/May/2023:06:10:48 +0000] "GET /icons/compressed.gif HTTP/1.1" 200 1038 "http://laurencegaudet.com/" "Mozilla/5.0 (Windows NT 10.0; Win64; x64) AppleWebKit/537.36 (KHTML, like Gecko) Chrome/100.0.4889.0 Safari/537.36"
37.228.129.128 - - [08/May/2023:06:10:48 +0000] "GET /icons/text.gif HTTP/1.1" 200 229 "http://laurencegaudet.com/" "Mozilla/5.0 (Windows NT 10.0; Win64; x64) AppleWebKit/537.36 (KHTML, like Gecko) Chrome/100.0.4889.0 Safari/537.36"
37.228.129.128 - - [08/May/2023:06:10:48 +0000] "GET /icons/folder.gif HTTP/1.1" 200 225 "http://laurencegaudet.com/" "Mozilla/5.0 (Windows NT 10.0; Win64; x64) AppleWebKit/537.36 (KHTML, like Gecko) Chrome/100.0.4889.0 Safari/537.36"
216.244.66.237 - - [08/May/2023:06:41:29 +0000] "GET /robots.txt HTTP/1.1" 404 196 "-" "Mozilla/5.0 (compatible; DotBot/1.2; +https://opensiteexplorer.org/dotbot; help@moz.com)"
216.244.66.237 - - [08/May/2023:06:46:45 +0000] "GET /?p=294 HTTP/1.1" 200 1781 "-" "Mozilla/5.0 (compatible; DotBot/1.2; +https://opensiteexplorer.org/dotbot; help@moz.com)"
216.244.66.237 - - [08/May/2023:06:47:36 +0000] "GET /?%2Ffeed%2Fcontent%2Frecent_rss HTTP/1.1" 200 1781 "-" "Mozilla/5.0 (compatible; DotBot/1.2; +https://opensiteexplorer.org/dotbot; help@moz.com)"
66.249.70.95 - - [08/May/2023:07:12:25 +0000] "GET /index.php?/content/geisha/ HTTP/1.1" 404 16 "-" "Mozilla/5.0 (compatible; Googlebot/2.1; +http://www.google.com/bot.html)"
216.244.66.237 - - [08/May/2023:07:26:38 +0000] "GET /robots.txt HTTP/1.1" 404 196 "-" "Mozilla/5.0 (compatible; DotBot/1.2; +https://opensiteexplorer.org/dotbot; help@moz.com)"
216.244.66.237 - - [08/May/2023:07:38:53 +0000] "GET /?p=1081 HTTP/1.1" 200 1781 "-" "Mozilla/5.0 (compatible; DotBot/1.2; +https://opensiteexplorer.org/dotbot; help@moz.com)"
216.244.66.237 - - [08/May/2023:07:38:57 +0000] "GET /?p=323 HTTP/1.1" 200 1781 "-" "Mozilla/5.0 (compatible; DotBot/1.2; +https://opensiteexplorer.org/dotbot; help@moz.com)"
216.244.66.237 - - [08/May/2023:08:13:55 +0000] "GET /robots.txt HTTP/1.1" 404 196 "-" "Mozilla/5.0 (compatible; DotBot/1.2; +https://opensiteexplorer.org/dotbot; help@moz.com)"
216.244.66.237 - - [08/May/2023:08:20:03 +0000] "GET /echec/ HTTP/1.1" 200 6504 "-" "Mozilla/5.0 (compatible; DotBot/1.2; +https://opensiteexplorer.org/dotbot; help@moz.com)"
216.244.66.237 - - [08/May/2023:08:25:37 +0000] "GET /?p=383 HTTP/1.1" 200 1781 "-" "Mozilla/5.0 (compatible; DotBot/1.2; +https://opensiteexplorer.org/dotbot; help@moz.com)"
66.249.76.32 - - [08/May/2023:08:56:43 +0000] "GET /wp-login.php HTTP/1.1" 404 16 "-" "Mozilla/5.0 (Linux; Android 6.0.1; Nexus 5X Build/MMB29P) AppleWebKit/537.36 (KHTML, like Gecko) Chrome/112.0.5615.142 Mobile Safari/537.36 (compatible; Googlebot/2.1; +http://www.google.com/bot.html)"
216.244.66.237 - - [08/May/2023:09:01:41 +0000] "GET /robots.txt HTTP/1.1" 404 196 "-" "Mozilla/5.0 (compatible; DotBot/1.2; +https://opensiteexplorer.org/dotbot; help@moz.com)"
35.90.12.199 - - [08/May/2023:09:12:20 +0000] "GET / HTTP/1.1" 200 1781 "-" "Mozilla/5.0 (X11; Linux x86_64) AppleWebKit/537.36 (KHTML, like Gecko) Chrome/83.0.4103.97 Safari/537.36"
34.218.76.44 - - [08/May/2023:09:12:52 +0000] "GET /favicon.ico HTTP/1.1" 404 196 "-" "Mozilla/5.0 (X11; Linux x86_64) AppleWebKit/537.36 (KHTML, like Gecko) Chrome/83.0.4103.97 Safari/537.36"
34.218.76.44 - - [08/May/2023:09:12:52 +0000] "GET / HTTP/1.1" 200 1781 "-" "Mozilla/5.0 (X11; Linux x86_64) AppleWebKit/537.36 (KHTML, like Gecko) Chrome/83.0.4103.97 Safari/537.36"
216.244.66.237 - - [08/May/2023:09:13:13 +0000] "GET /?p=417 HTTP/1.1" 200 1781 "-" "Mozilla/5.0 (compatible; DotBot/1.2; +https://opensiteexplorer.org/dotbot; help@moz.com)"
216.244.66.237 - - [08/May/2023:09:21:17 +0000] "GET /?%2Falbums%2Fcroquis-sur-le-vif%2Fcontent%2Fimg-862%2F HTTP/1.1" 200 1781 "-" "Mozilla/5.0 (compatible; DotBot/1.2; +https://opensiteexplorer.org/dotbot; help@moz.com)"
216.244.66.237 - - [08/May/2023:09:21:21 +0000] "GET /?%2Falbums%2Fcroquis-sur-le-vif%2Fcontent%2Fscouts%2F HTTP/1.1" 200 1781 "-" "Mozilla/5.0 (compatible; DotBot/1.2; +https://opensiteexplorer.org/dotbot; help@moz.com)"
66.249.76.35 - - [08/May/2023:09:31:20 +0000] "GET /robots.txt HTTP/1.1" 404 196 "-" "Mozilla/5.0 (compatible; Googlebot/2.1; +http://www.google.com/bot.html)"
66.249.76.32 - - [08/May/2023:09:31:21 +0000] "GET /1.php HTTP/1.1" 404 16 "-" "Mozilla/5.0 (Linux; Android 6.0.1; Nexus 5X Build/MMB29P) AppleWebKit/537.36 (KHTML, like Gecko) Chrome/112.0.5615.142 Mobile Safari/537.36 (compatible; Googlebot/2.1; +http://www.google.com/bot.html)"
216.244.66.237 - - [08/May/2023:09:50:07 +0000] "GET /robots.txt HTTP/1.1" 404 196 "-" "Mozilla/5.0 (compatible; DotBot/1.2; +https://opensiteexplorer.org/dotbot; help@moz.com)"
35.91.98.92 - - [08/May/2023:09:52:42 +0000] "GET / HTTP/1.1" 200 1781 "-" "Mozilla/5.0 (Windows NT 10.0; Win64; x64)AppleWebKit/537.36 (KHTML, like Gecko) Chrome/66.0.3359.181 Safari/537.36"
216.244.66.237 - - [08/May/2023:10:02:50 +0000] "GET /?p=392 HTTP/1.1" 200 1781 "-" "Mozilla/5.0 (compatible; DotBot/1.2; +https://opensiteexplorer.org/dotbot; help@moz.com)"
216.244.66.237 - - [08/May/2023:10:10:22 +0000] "GET /?%2Falbums%2Faquarelle%2Fcontent%2Fmaison-bleue%2F HTTP/1.1" 200 1781 "-" "Mozilla/5.0 (compatible; DotBot/1.2; +https://opensiteexplorer.org/dotbot; help@moz.com)"
216.244.66.237 - - [08/May/2023:10:15:41 +0000] "GET /iqtijf/pipe-weight-calculator-formula.html HTTP/1.1" 404 196 "-" "Mozilla/5.0 (compatible; DotBot/1.2; +https://opensiteexplorer.org/dotbot; help@moz.com)"
216.244.66.237 - - [08/May/2023:10:38:53 +0000] "GET /robots.txt HTTP/1.1" 404 196 "-" "Mozilla/5.0 (compatible; DotBot/1.2; +https://opensiteexplorer.org/dotbot; help@moz.com)"
216.244.66.237 - - [08/May/2023:10:51:05 +0000] "GET /?p=234 HTTP/1.1" 200 1781 "-" "Mozilla/5.0 (compatible; DotBot/1.2; +https://opensiteexplorer.org/dotbot; help@moz.com)"
185.254.37.239 - - [08/May/2023:12:07:47 +0000] "GET / HTTP/1.1" 200 1781 "www.google.com" "Mozlila/5.0 (Linux; Android 7.0; SM-G892A Bulid/NRD90M; wv) AppleWebKit/537.36 (KHTML, like Gecko) Version/4.0 Chrome/60.0.3112.107 Moblie Safari/537.36"
216.244.66.237 - - [08/May/2023:12:16:09 +0000] "GET /robots.txt HTTP/1.1" 404 196 "-" "Mozilla/5.0 (compatible; DotBot/1.2; +https://opensiteexplorer.org/dotbot; help@moz.com)"
216.244.66.237 - - [08/May/2023:12:26:56 +0000] "GET /?%2F HTTP/1.1" 200 1781 "-" "Mozilla/5.0 (compatible; DotBot/1.2; +https://opensiteexplorer.org/dotbot; help@moz.com)"
216.244.66.237 - - [08/May/2023:12:32:40 +0000] "GET /log/?C=D;O=A HTTP/1.1" 200 1090 "-" "Mozilla/5.0 (compatible; DotBot/1.2; +https://opensiteexplorer.org/dotbot; help@moz.com)"
216.244.66.237 - - [08/May/2023:12:33:23 +0000] "GET /?%2Falbums%2Faquarelle%2Fcontent%2Fcerf-n3%2F HTTP/1.1" 200 1781 "-" "Mozilla/5.0 (compatible; DotBot/1.2; +https://opensiteexplorer.org/dotbot; help@moz.com)"
114.119.137.237 - - [08/May/2023:12:53:32 +0000] "GET /log/?C=S%3BO%3DA HTTP/1.1" 200 1090 "http://laurencegaudet.com/log/?C=N%3BO%3DD" "Mozilla/5.0 (Linux; Android 7.0;) AppleWebKit/537.36 (KHTML, like Gecko) Mobile Safari/537.36 (compatible; PetalBot;+https://webmaster.petalsearch.com/site/petalbot)"
216.244.66.237 - - [08/May/2023:13:05:09 +0000] "GET /robots.txt HTTP/1.1" 404 196 "-" "Mozilla/5.0 (compatible; DotBot/1.2; +https://opensiteexplorer.org/dotbot; help@moz.com)"
216.244.66.237 - - [08/May/2023:13:14:10 +0000] "GET /?p=205 HTTP/1.1" 200 1781 "-" "Mozilla/5.0 (compatible; DotBot/1.2; +https://opensiteexplorer.org/dotbot; help@moz.com)"
216.244.66.237 - - [08/May/2023:13:14:15 +0000] "GET /?p=300 HTTP/1.1" 200 1781 "-" "Mozilla/5.0 (compatible; DotBot/1.2; +https://opensiteexplorer.org/dotbot; help@moz.com)"
195.191.219.133 - - [08/May/2023:13:31:22 +0000] "GET /robots.txt HTTP/1.1" 404 196 "-" "Mozilla/5.0 (compatible; MJ12bot/v1.4.8; http://mj12bot.com/)"
195.191.219.133 - - [08/May/2023:13:31:25 +0000] "GET / HTTP/1.1" 200 1781 "-" "Mozilla/5.0 (compatible; MJ12bot/v1.4.8; http://mj12bot.com/)"
114.119.139.103 - - [08/May/2023:14:04:08 +0000] "GET /robots.txt HTTP/1.1" 404 196 "-" "Mozilla/5.0 (compatible;PetalBot;+https://webmaster.petalsearch.com/site/petalbot)"
52.167.144.133 - - [08/May/2023:14:09:14 +0000] "GET /robots.txt HTTP/1.1" 404 196 "-" "Mozilla/5.0 AppleWebKit/537.36 (KHTML, like Gecko; compatible; bingbot/2.0; +http://www.bing.com/bingbot.htm) Chrome/103.0.5060.134 Safari/537.36"
52.167.144.162 - - [08/May/2023:14:09:38 +0000] "GET / HTTP/1.1" 200 1781 "-" "Mozilla/5.0 AppleWebKit/537.36 (KHTML, like Gecko; compatible; bingbot/2.0; +http://www.bing.com/bingbot.htm) Chrome/103.0.5060.134 Safari/537.36"
114.119.135.126 - - [08/May/2023:14:11:10 +0000] "GET /info.php HTTP/1.1" 200 83937 "http://laurencegaudet.com/" "Mozilla/5.0 (Linux; Android 7.0;) AppleWebKit/537.36 (KHTML, like Gecko) Mobile Safari/537.36 (compatible; PetalBot;+https://webmaster.petalsearch.com/site/petalbot)"
51.222.253.18 - - [08/May/2023:14:16:29 +0000] "GET /robots.txt HTTP/1.1" 404 196 "-" "Mozilla/5.0 (compatible; AhrefsBot/7.0; +http://ahrefs.com/robot/)"
51.222.253.19 - - [08/May/2023:14:16:30 +0000] "GET /?C=N;O=D HTTP/1.1" 200 1781 "-" "Mozilla/5.0 (compatible; AhrefsBot/7.0; +http://ahrefs.com/robot/)"
216.244.66.237 - - [08/May/2023:14:41:52 +0000] "GET /robots.txt HTTP/1.1" 404 196 "-" "Mozilla/5.0 (compatible; DotBot/1.2; +https://opensiteexplorer.org/dotbot; help@moz.com)"
216.244.66.237 - - [08/May/2023:15:08:34 +0000] "GET /2020/11/22/tips-trucs-gokautomaten/ HTTP/1.1" 404 196 "-" "Mozilla/5.0 (compatible; DotBot/1.2; +https://opensiteexplorer.org/dotbot; help@moz.com)"
216.244.66.237 - - [08/May/2023:17:06:27 +0000] "GET /robots.txt HTTP/1.1" 404 196 "-" "Mozilla/5.0 (compatible; DotBot/1.2; +https://opensiteexplorer.org/dotbot; help@moz.com)"
216.244.66.237 - - [08/May/2023:17:18:51 +0000] "GET /?C=D;O=D HTTP/1.1" 200 1781 "-" "Mozilla/5.0 (compatible; DotBot/1.2; +https://opensiteexplorer.org/dotbot; help@moz.com)"
67.222.131.158 - - [08/May/2023:17:27:20 +0000] "GET /wp-login.php HTTP/1.1" 404 16 "-" "Mozilla/5.0 (Windows NT 10.0; Win64; x64; rv:96.0) Gecko/20100101 Firefox/96"
152.89.196.77 - - [08/May/2023:17:35:58 +0000] "GET /sites/default/files/69.php HTTP/1.1" 404 196 "-" "Mozilla/5.0 (Windows NT 10.0; Win64; x64; rv:66.0) Gecko/20100101 Firefox/66.0"
114.119.150.90 - - [08/May/2023:18:42:09 +0000] "GET /affichertexte.php HTTP/1.1" 200 459 "http://laurencegaudet.com/?C=N%3BO%3DD" "Mozilla/5.0 (Linux; Android 7.0;) AppleWebKit/537.36 (KHTML, like Gecko) Mobile Safari/537.36 (compatible; PetalBot;+https://webmaster.petalsearch.com/site/petalbot)"
216.244.66.237 - - [08/May/2023:19:26:30 +0000] "GET /robots.txt HTTP/1.1" 404 196 "-" "Mozilla/5.0 (compatible; DotBot/1.2; +https://opensiteexplorer.org/dotbot; help@moz.com)"
216.244.66.237 - - [08/May/2023:19:31:42 +0000] "GET /log/access.log HTTP/1.1" 200 1987042 "-" "Mozilla/5.0 (compatible; DotBot/1.2; +https://opensiteexplorer.org/dotbot; help@moz.com)"
114.119.154.9 - - [08/May/2023:19:33:58 +0000] "GET /echec/addavatar.php HTTP/1.1" 200 1098 "http://laurencegaudet.com/echec/create.php" "Mozilla/5.0 (Linux; Android 7.0;) AppleWebKit/537.36 (KHTML, like Gecko) Mobile Safari/537.36 (compatible; PetalBot;+https://webmaster.petalsearch.com/site/petalbot)"
114.119.153.160 - - [08/May/2023:19:39:32 +0000] "GET /?C=S%3BO%3DA HTTP/1.1" 200 1781 "http://laurencegaudet.com/?C=N%3BO%3DD" "Mozilla/5.0 (Linux; Android 7.0;) AppleWebKit/537.36 (KHTML, like Gecko) Mobile Safari/537.36 (compatible; PetalBot;+https://webmaster.petalsearch.com/site/petalbot)"
51.222.253.17 - - [08/May/2023:20:05:47 +0000] "GET / HTTP/1.1" 200 1781 "-" "Mozilla/5.0 (compatible; AhrefsBot/7.0; +http://ahrefs.com/robot/)"
34.214.219.207 - - [09/May/2023:01:01:18 +0000] "GET / HTTP/1.1" 200 1781 "-" "-"
35.157.26.59 - - [09/May/2023:02:33:04 +0000] "GET /.git/config HTTP/1.1" 404 196 "-" "Mozilla/5.0 (Macintosh; Intel Mac OS X 10_14_2) AppleWebKit/537.36 (KHTML, like Gecko) Chrome/100.0.4896.127 Safari/537.36"
50.35.124.70 - - [09/May/2023:04:45:01 +0000] "HEAD / HTTP/1.1" 200 - "https://www.bing.com" "Mozilla/5.0 (Windows NT 6.2; WOW64) AppleWebKit/537.36 (KHTML, like Gecko) Chrome/27.0.1453.93 Safari/537.36"
50.35.124.70 - - [09/May/2023:04:45:02 +0000] "GET /wp-login.php HTTP/1.1" 404 16 "http://laurencegaudet.com" "Mozilla/5.0 (Windows NT 6.2; WOW64) AppleWebKit/537.36 (KHTML, like Gecko) Chrome/27.0.1453.93 Safari/537.36"
50.35.124.70 - - [09/May/2023:04:45:07 +0000] "GET /wordpress/wp-login.php HTTP/1.1" 404 196 "http://laurencegaudet.com" "Mozilla/5.0 (Windows NT 6.2; WOW64) AppleWebKit/537.36 (KHTML, like Gecko) Chrome/27.0.1453.93 Safari/537.36"
50.35.124.70 - - [09/May/2023:04:45:08 +0000] "GET /blog/wp-login.php HTTP/1.1" 404 196 "http://laurencegaudet.com" "Mozilla/5.0 (Windows NT 6.2; WOW64) AppleWebKit/537.36 (KHTML, like Gecko) Chrome/27.0.1453.93 Safari/537.36"
50.35.124.70 - - [09/May/2023:04:45:12 +0000] "GET /wp/wp-login.php HTTP/1.1" 404 196 "http://laurencegaudet.com" "Mozilla/5.0 (Windows NT 6.2; WOW64) AppleWebKit/537.36 (KHTML, like Gecko) Chrome/27.0.1453.93 Safari/537.36"
216.244.66.237 - - [09/May/2023:06:07:21 +0000] "GET /robots.txt HTTP/1.1" 404 196 "-" "Mozilla/5.0 (compatible; DotBot/1.2; +https://opensiteexplorer.org/dotbot; help@moz.com)"
216.244.66.237 - - [09/May/2023:06:16:40 +0000] "GET /?C=S;O=D HTTP/1.1" 200 1781 "-" "Mozilla/5.0 (compatible; DotBot/1.2; +https://opensiteexplorer.org/dotbot; help@moz.com)"
51.83.238.159 - - [09/May/2023:07:26:06 +0000] "GET / HTTP/1.1" 200 1781 "-" "cpp-httplib/0.10.9"
18.237.21.189 - - [09/May/2023:09:09:55 +0000] "GET / HTTP/1.1" 200 1781 "-" "Mozilla/5.0 (X11; Linux x86_64) AppleWebKit/537.36 (KHTML, like Gecko) Chrome/83.0.4103.97 Safari/537.36"
54.244.41.216 - - [09/May/2023:09:10:23 +0000] "GET /favicon.ico HTTP/1.1" 404 196 "-" "Mozilla/5.0 (X11; Linux x86_64) AppleWebKit/537.36 (KHTML, like Gecko) Chrome/83.0.4103.97 Safari/537.36"
54.244.41.216 - - [09/May/2023:09:10:25 +0000] "GET / HTTP/1.1" 200 1781 "-" "Mozilla/5.0 (X11; Linux x86_64) AppleWebKit/537.36 (KHTML, like Gecko) Chrome/83.0.4103.97 Safari/537.36"
34.223.249.13 - - [09/May/2023:09:14:19 +0000] "GET / HTTP/1.1" 200 1781 "-" "Mozilla/5.0 (Windows NT 10.0; Win64; x64)AppleWebKit/537.36 (KHTML, like Gecko) Chrome/66.0.3359.181 Safari/537.36"
205.210.31.17 - - [09/May/2023:09:48:33 +0000] "GET / HTTP/1.1" 200 1781 "-" "Expanse, a Palo Alto Networks company, searches across the global IPv4 space multiple times per day to identify customers' presences on the Internet. If you would like to be excluded from our scans, please send IP addresses/domains to: scaninfo@paloaltonetworks.com"
157.90.182.27 - - [09/May/2023:09:54:42 +0000] "GET /robots.txt HTTP/1.1" 404 196 "-" "Mozilla/5.0 (compatible; BLEXBot/1.0; +http://webmeup-crawler.com/)"
157.90.182.27 - - [09/May/2023:09:54:45 +0000] "GET /sitemap HTTP/1.1" 404 196 "-" "Mozilla/5.0 (compatible; BLEXBot/1.0; +http://webmeup-crawler.com/)"
157.90.182.27 - - [09/May/2023:09:54:50 +0000] "GET /sitemap.txt HTTP/1.1" 404 196 "-" "Mozilla/5.0 (compatible; BLEXBot/1.0; +http://webmeup-crawler.com/)"
157.90.182.27 - - [09/May/2023:09:54:56 +0000] "GET /echec/addavatar.php HTTP/1.1" 200 1098 "-" "Mozilla/5.0 (compatible; BLEXBot/1.0; +http://webmeup-crawler.com/)"
157.90.182.27 - - [09/May/2023:09:54:59 +0000] "GET /log/?C=D;O=D HTTP/1.1" 200 1090 "-" "Mozilla/5.0 (compatible; BLEXBot/1.0; +http://webmeup-crawler.com/)"
157.90.182.27 - - [09/May/2023:09:55:01 +0000] "GET /log/?C=M;O=D HTTP/1.1" 200 1090 "-" "Mozilla/5.0 (compatible; BLEXBot/1.0; +http://webmeup-crawler.com/)"
157.90.182.27 - - [09/May/2023:09:55:04 +0000] "GET /log/?C=N;O=A HTTP/1.1" 200 1090 "-" "Mozilla/5.0 (compatible; BLEXBot/1.0; +http://webmeup-crawler.com/)"
157.90.182.27 - - [09/May/2023:09:55:06 +0000] "GET /log/?C=S;O=D HTTP/1.1" 200 1090 "-" "Mozilla/5.0 (compatible; BLEXBot/1.0; +http://webmeup-crawler.com/)"
66.249.76.35 - - [09/May/2023:09:55:14 +0000] "GET /robots.txt HTTP/1.1" 404 196 "-" "Mozilla/5.0 (compatible; Googlebot/2.1; +http://www.google.com/bot.html)"
66.249.70.91 - - [09/May/2023:09:55:14 +0000] "GET / HTTP/1.1" 200 1781 "-" "Mozilla/5.0 (compatible; Googlebot/2.1; +http://www.google.com/bot.html)"
114.119.128.143 - - [09/May/2023:10:09:16 +0000] "GET /readme.txt HTTP/1.1" 200 652 "http://laurencegaudet.com/?C=N%3BO%3DD" "Mozilla/5.0 (Linux; Android 7.0;) AppleWebKit/537.36 (KHTML, like Gecko) Mobile Safari/537.36 (compatible; PetalBot;+https://webmaster.petalsearch.com/site/petalbot)"
114.119.149.228 - - [09/May/2023:10:24:39 +0000] "GET /echec/aff_log.php HTTP/1.1" 200 484 "http://laurencegaudet.com/echec/" "Mozilla/5.0 (Linux; Android 7.0;) AppleWebKit/537.36 (KHTML, like Gecko) Mobile Safari/537.36 (compatible; PetalBot;+https://webmaster.petalsearch.com/site/petalbot)"
40.77.167.202 - - [09/May/2023:12:05:40 +0000] "GET / HTTP/1.1" 200 1781 "-" "Mozilla/5.0 AppleWebKit/537.36 (KHTML, like Gecko; compatible; bingbot/2.0; +http://www.bing.com/bingbot.htm) Chrome/103.0.5060.134 Safari/537.36"
128.90.21.26 - - [09/May/2023:13:45:22 +0000] "HEAD /wordpress HTTP/1.1" 404 - "-" "Mozilla/5.0 (Windows NT 10.0; Win64; x64) AppleWebKit/537.36 (KHTML, like Gecko) Chrome/74.0.3729.169 Safari/537.36"
128.90.21.26 - - [09/May/2023:13:45:23 +0000] "HEAD / HTTP/1.1" 200 - "-" "Mozilla/5.0 (Windows NT 10.0; Win64; x64) AppleWebKit/537.36 (KHTML, like Gecko) Chrome/74.0.3729.169 Safari/537.36"
128.90.21.26 - - [09/May/2023:13:45:23 +0000] "HEAD /wp HTTP/1.1" 404 - "-" "Mozilla/5.0 (Windows NT 10.0; Win64; x64) AppleWebKit/537.36 (KHTML, like Gecko) Chrome/74.0.3729.169 Safari/537.36"
128.90.21.26 - - [09/May/2023:13:45:24 +0000] "HEAD /bc HTTP/1.1" 404 - "-" "Mozilla/5.0 (Windows NT 10.0; Win64; x64) AppleWebKit/537.36 (KHTML, like Gecko) Chrome/74.0.3729.169 Safari/537.36"
128.90.21.26 - - [09/May/2023:13:45:25 +0000] "HEAD /bk HTTP/1.1" 404 - "-" "Mozilla/5.0 (Windows NT 10.0; Win64; x64) AppleWebKit/537.36 (KHTML, like Gecko) Chrome/74.0.3729.169 Safari/537.36"
128.90.21.26 - - [09/May/2023:13:45:26 +0000] "HEAD /backup HTTP/1.1" 404 - "-" "Mozilla/5.0 (Windows NT 10.0; Win64; x64) AppleWebKit/537.36 (KHTML, like Gecko) Chrome/74.0.3729.169 Safari/537.36"
128.90.21.26 - - [09/May/2023:13:45:26 +0000] "HEAD /old HTTP/1.1" 404 - "-" "Mozilla/5.0 (Windows NT 10.0; Win64; x64) AppleWebKit/537.36 (KHTML, like Gecko) Chrome/74.0.3729.169 Safari/537.36"
128.90.21.26 - - [09/May/2023:13:45:28 +0000] "HEAD /new HTTP/1.1" 404 - "-" "Mozilla/5.0 (Windows NT 10.0; Win64; x64) AppleWebKit/537.36 (KHTML, like Gecko) Chrome/74.0.3729.169 Safari/537.36"
128.90.21.26 - - [09/May/2023:13:45:29 +0000] "HEAD /main HTTP/1.1" 404 - "-" "Mozilla/5.0 (Windows NT 10.0; Win64; x64) AppleWebKit/537.36 (KHTML, like Gecko) Chrome/74.0.3729.169 Safari/537.36"
128.90.21.26 - - [09/May/2023:13:45:30 +0000] "HEAD /home HTTP/1.1" 404 - "-" "Mozilla/5.0 (Windows NT 10.0; Win64; x64) AppleWebKit/537.36 (KHTML, like Gecko) Chrome/74.0.3729.169 Safari/537.36"
152.89.196.77 - - [09/May/2023:13:57:48 +0000] "GET /assets/colors/accesson.php HTTP/1.1" 404 196 "-" "Mozilla/5.0 (Windows NT 10.0; Win64; x64) AppleWebKit/537.36 (KHTML, like Gecko) Chrome/74.0.3729.169 Safari/537.36"
42.83.147.56 - - [09/May/2023:14:59:38 +0000] "GET / HTTP/1.1" 200 1781 "-" "Mozilla/5.0 (Windows NT 6.1; Win64; x64) AppleWebKit/537.36 (KHTML, like Gecko)Chrome/74.0.3729.169 Safari/537.36"
114.119.151.197 - - [09/May/2023:16:09:06 +0000] "GET /log/?C=D%3BO%3DA HTTP/1.1" 200 1090 "http://laurencegaudet.com/log/?C=S%3BO%3DA" "Mozilla/5.0 (Linux; Android 7.0;) AppleWebKit/537.36 (KHTML, like Gecko) Mobile Safari/537.36 (compatible; PetalBot;+https://webmaster.petalsearch.com/site/petalbot)"
114.119.133.83 - - [09/May/2023:17:20:37 +0000] "GET /robots.txt HTTP/1.1" 404 196 "-" "Mozilla/5.0 (compatible;PetalBot;+https://webmaster.petalsearch.com/site/petalbot)"
