103.54.58.237 - - [02/Feb/2023:03:21:42 +0000] "GET /xxx.php HTTP/1.1" 404 16 "-" "Mozilla/5.0 (Windows NT 10.0; Win64; x64) AppleWebKit/537.36 (KHTML, like Gecko) Chrome/109.0.0.0 Safari/537.36"
103.54.58.237 - - [02/Feb/2023:03:21:43 +0000] "GET /h.php HTTP/1.1" 404 16 "-" "Mozilla/5.0 (Windows NT 10.0; Win64; x64) AppleWebKit/537.36 (KHTML, like Gecko) Chrome/109.0.0.0 Safari/537.36"
103.54.58.237 - - [02/Feb/2023:03:21:45 +0000] "GET /a.php HTTP/1.1" 404 16 "-" "Mozilla/5.0 (Windows NT 10.0; Win64; x64) AppleWebKit/537.36 (KHTML, like Gecko) Chrome/109.0.0.0 Safari/537.36"
103.54.58.237 - - [02/Feb/2023:03:21:47 +0000] "GET /fox.php HTTP/1.1" 404 16 "-" "Mozilla/5.0 (Windows NT 10.0; Win64; x64) AppleWebKit/537.36 (KHTML, like Gecko) Chrome/109.0.0.0 Safari/537.36"
103.54.58.237 - - [02/Feb/2023:03:21:48 +0000] "GET /wp-includes/991176.php HTTP/1.1" 404 196 "-" "Mozilla/5.0 (Windows NT 10.0; Win64; x64) AppleWebKit/537.36 (KHTML, like Gecko) Chrome/109.0.0.0 Safari/537.36"
103.54.58.237 - - [02/Feb/2023:03:21:50 +0000] "GET /wp-admin/radio.php HTTP/1.1" 404 196 "-" "Mozilla/5.0 (Windows NT 10.0; Win64; x64) AppleWebKit/537.36 (KHTML, like Gecko) Chrome/109.0.0.0 Safari/537.36"
103.54.58.237 - - [02/Feb/2023:03:21:51 +0000] "GET /wp.php HTTP/1.1" 404 16 "-" "Mozilla/5.0 (Windows NT 10.0; Win64; x64) AppleWebKit/537.36 (KHTML, like Gecko) Chrome/109.0.0.0 Safari/537.36"
103.54.58.237 - - [02/Feb/2023:03:21:53 +0000] "GET /wp-file.php HTTP/1.1" 404 16 "-" "Mozilla/5.0 (Windows NT 10.0; Win64; x64) AppleWebKit/537.36 (KHTML, like Gecko) Chrome/109.0.0.0 Safari/537.36"
103.54.58.237 - - [02/Feb/2023:03:21:54 +0000] "GET /jindex.php HTTP/1.1" 404 16 "-" "Mozilla/5.0 (Windows NT 10.0; Win64; x64) AppleWebKit/537.36 (KHTML, like Gecko) Chrome/109.0.0.0 Safari/537.36"
103.54.58.237 - - [02/Feb/2023:03:21:55 +0000] "GET /Alfa.php HTTP/1.1" 404 16 "-" "Mozilla/5.0 (Windows NT 10.0; Win64; x64) AppleWebKit/537.36 (KHTML, like Gecko) Chrome/109.0.0.0 Safari/537.36"
103.54.58.237 - - [02/Feb/2023:03:21:57 +0000] "GET /403.php HTTP/1.1" 404 16 "-" "Mozilla/5.0 (Windows NT 10.0; Win64; x64) AppleWebKit/537.36 (KHTML, like Gecko) Chrome/109.0.0.0 Safari/537.36"
103.54.58.237 - - [02/Feb/2023:03:21:58 +0000] "GET /0byte.php HTTP/1.1" 404 16 "-" "Mozilla/5.0 (Windows NT 10.0; Win64; x64) AppleWebKit/537.36 (KHTML, like Gecko) Chrome/109.0.0.0 Safari/537.36"
103.54.58.237 - - [02/Feb/2023:03:22:00 +0000] "GET /s.php HTTP/1.1" 404 16 "-" "Mozilla/5.0 (Windows NT 10.0; Win64; x64) AppleWebKit/537.36 (KHTML, like Gecko) Chrome/109.0.0.0 Safari/537.36"
103.54.58.237 - - [02/Feb/2023:03:22:01 +0000] "GET /haxor.php HTTP/1.1" 404 16 "-" "Mozilla/5.0 (Windows NT 10.0; Win64; x64) AppleWebKit/537.36 (KHTML, like Gecko) Chrome/109.0.0.0 Safari/537.36"
103.54.58.237 - - [02/Feb/2023:03:22:02 +0000] "GET /xl.php HTTP/1.1" 404 16 "-" "Mozilla/5.0 (Windows NT 10.0; Win64; x64) AppleWebKit/537.36 (KHTML, like Gecko) Chrome/109.0.0.0 Safari/537.36"
103.54.58.237 - - [02/Feb/2023:03:22:04 +0000] "GET /r.php HTTP/1.1" 404 16 "-" "Mozilla/5.0 (Windows NT 10.0; Win64; x64) AppleWebKit/537.36 (KHTML, like Gecko) Chrome/109.0.0.0 Safari/537.36"
103.54.58.237 - - [02/Feb/2023:03:22:05 +0000] "GET /hello.php HTTP/1.1" 404 16 "-" "Mozilla/5.0 (Windows NT 10.0; Win64; x64) AppleWebKit/537.36 (KHTML, like Gecko) Chrome/109.0.0.0 Safari/537.36"
103.54.58.237 - - [02/Feb/2023:03:22:06 +0000] "GET /4.php HTTP/1.1" 404 16 "-" "Mozilla/5.0 (Windows NT 10.0; Win64; x64) AppleWebKit/537.36 (KHTML, like Gecko) Chrome/109.0.0.0 Safari/537.36"
103.54.58.237 - - [02/Feb/2023:03:22:07 +0000] "GET /g.php HTTP/1.1" 404 16 "-" "Mozilla/5.0 (Windows NT 10.0; Win64; x64) AppleWebKit/537.36 (KHTML, like Gecko) Chrome/109.0.0.0 Safari/537.36"
103.54.58.237 - - [02/Feb/2023:03:22:08 +0000] "GET /priv8.php HTTP/1.1" 404 16 "-" "Mozilla/5.0 (Windows NT 10.0; Win64; x64) AppleWebKit/537.36 (KHTML, like Gecko) Chrome/109.0.0.0 Safari/537.36"
103.54.58.237 - - [02/Feb/2023:03:22:10 +0000] "GET /wp-class.php HTTP/1.1" 404 16 "-" "Mozilla/5.0 (Windows NT 10.0; Win64; x64) AppleWebKit/537.36 (KHTML, like Gecko) Chrome/109.0.0.0 Safari/537.36"
103.54.58.237 - - [02/Feb/2023:03:22:11 +0000] "GET /wp-admin/css/fw.php HTTP/1.1" 404 196 "-" "Mozilla/5.0 (Windows NT 10.0; Win64; x64) AppleWebKit/537.36 (KHTML, like Gecko) Chrome/109.0.0.0 Safari/537.36"
103.54.58.237 - - [02/Feb/2023:03:22:13 +0000] "GET /uploader.php HTTP/1.1" 404 16 "-" "Mozilla/5.0 (Windows NT 10.0; Win64; x64) AppleWebKit/537.36 (KHTML, like Gecko) Chrome/109.0.0.0 Safari/537.36"
103.54.58.237 - - [02/Feb/2023:03:22:14 +0000] "GET /e.php HTTP/1.1" 404 16 "-" "Mozilla/5.0 (Windows NT 10.0; Win64; x64) AppleWebKit/537.36 (KHTML, like Gecko) Chrome/109.0.0.0 Safari/537.36"
103.54.58.237 - - [02/Feb/2023:03:22:16 +0000] "GET /2.php HTTP/1.1" 404 16 "-" "Mozilla/5.0 (Windows NT 10.0; Win64; x64) AppleWebKit/537.36 (KHTML, like Gecko) Chrome/109.0.0.0 Safari/537.36"
103.54.58.237 - - [02/Feb/2023:03:22:17 +0000] "GET /wp_wrong_datlib.php HTTP/1.1" 404 16 "-" "Mozilla/5.0 (Windows NT 10.0; Win64; x64) AppleWebKit/537.36 (KHTML, like Gecko) Chrome/109.0.0.0 Safari/537.36"
103.54.58.237 - - [02/Feb/2023:03:22:19 +0000] "GET /f.php HTTP/1.1" 404 16 "-" "Mozilla/5.0 (Windows NT 10.0; Win64; x64) AppleWebKit/537.36 (KHTML, like Gecko) Chrome/109.0.0.0 Safari/537.36"
103.54.58.237 - - [02/Feb/2023:03:22:20 +0000] "GET /5.php HTTP/1.1" 404 16 "-" "Mozilla/5.0 (Windows NT 10.0; Win64; x64) AppleWebKit/537.36 (KHTML, like Gecko) Chrome/109.0.0.0 Safari/537.36"
103.54.58.237 - - [02/Feb/2023:03:22:22 +0000] "GET /v.php HTTP/1.1" 404 16 "-" "Mozilla/5.0 (Windows NT 10.0; Win64; x64) AppleWebKit/537.36 (KHTML, like Gecko) Chrome/109.0.0.0 Safari/537.36"
103.54.58.237 - - [02/Feb/2023:03:22:24 +0000] "GET /w3llstore.php HTTP/1.1" 404 16 "-" "Mozilla/5.0 (Windows NT 10.0; Win64; x64) AppleWebKit/537.36 (KHTML, like Gecko) Chrome/109.0.0.0 Safari/537.36"
103.54.58.237 - - [02/Feb/2023:03:22:25 +0000] "GET /images/about.php HTTP/1.1" 404 196 "-" "Mozilla/5.0 (Windows NT 10.0; Win64; x64) AppleWebKit/537.36 (KHTML, like Gecko) Chrome/109.0.0.0 Safari/537.36"
103.54.58.237 - - [02/Feb/2023:03:22:27 +0000] "GET /rss.php HTTP/1.1" 404 16 "-" "Mozilla/5.0 (Windows NT 10.0; Win64; x64) AppleWebKit/537.36 (KHTML, like Gecko) Chrome/109.0.0.0 Safari/537.36"
103.54.58.237 - - [02/Feb/2023:03:22:28 +0000] "GET /wp-info.php HTTP/1.1" 404 16 "-" "Mozilla/5.0 (Windows NT 10.0; Win64; x64) AppleWebKit/537.36 (KHTML, like Gecko) Chrome/109.0.0.0 Safari/537.36"
103.54.58.237 - - [02/Feb/2023:03:22:29 +0000] "GET /m.php HTTP/1.1" 404 16 "-" "Mozilla/5.0 (Windows NT 10.0; Win64; x64) AppleWebKit/537.36 (KHTML, like Gecko) Chrome/109.0.0.0 Safari/537.36"
103.54.58.237 - - [02/Feb/2023:03:22:30 +0000] "GET /wso.php HTTP/1.1" 404 16 "-" "Mozilla/5.0 (Windows NT 10.0; Win64; x64) AppleWebKit/537.36 (KHTML, like Gecko) Chrome/109.0.0.0 Safari/537.36"
103.54.58.237 - - [02/Feb/2023:03:22:35 +0000] "GET /1index.php HTTP/1.1" 404 16 "-" "Mozilla/5.0 (Windows NT 10.0; Win64; x64) AppleWebKit/537.36 (KHTML, like Gecko) Chrome/109.0.0.0 Safari/537.36"
103.54.58.237 - - [02/Feb/2023:03:22:37 +0000] "GET /public/403.php HTTP/1.1" 404 196 "-" "Mozilla/5.0 (Windows NT 10.0; Win64; x64) AppleWebKit/537.36 (KHTML, like Gecko) Chrome/109.0.0.0 Safari/537.36"
103.54.58.237 - - [02/Feb/2023:03:22:38 +0000] "GET /blog.php HTTP/1.1" 404 16 "-" "Mozilla/5.0 (Windows NT 10.0; Win64; x64) AppleWebKit/537.36 (KHTML, like Gecko) Chrome/109.0.0.0 Safari/537.36"
103.54.58.237 - - [02/Feb/2023:03:22:39 +0000] "GET /c99.php HTTP/1.1" 404 16 "-" "Mozilla/5.0 (Windows NT 10.0; Win64; x64) AppleWebKit/537.36 (KHTML, like Gecko) Chrome/109.0.0.0 Safari/537.36"
103.54.58.237 - - [02/Feb/2023:03:22:41 +0000] "GET /autoload_classmap.php HTTP/1.1" 404 16 "-" "Mozilla/5.0 (Windows NT 10.0; Win64; x64) AppleWebKit/537.36 (KHTML, like Gecko) Chrome/109.0.0.0 Safari/537.36"
103.54.58.237 - - [02/Feb/2023:03:22:42 +0000] "GET /b.php HTTP/1.1" 404 16 "-" "Mozilla/5.0 (Windows NT 10.0; Win64; x64) AppleWebKit/537.36 (KHTML, like Gecko) Chrome/109.0.0.0 Safari/537.36"
103.54.58.237 - - [02/Feb/2023:03:22:44 +0000] "GET /alfashell.php HTTP/1.1" 404 16 "-" "Mozilla/5.0 (Windows NT 10.0; Win64; x64) AppleWebKit/537.36 (KHTML, like Gecko) Chrome/109.0.0.0 Safari/537.36"
103.54.58.237 - - [02/Feb/2023:03:22:45 +0000] "GET /bypass.php HTTP/1.1" 404 16 "-" "Mozilla/5.0 (Windows NT 10.0; Win64; x64) AppleWebKit/537.36 (KHTML, like Gecko) Chrome/109.0.0.0 Safari/537.36"
103.54.58.237 - - [02/Feb/2023:03:22:47 +0000] "GET /content.php HTTP/1.1" 404 16 "-" "Mozilla/5.0 (Windows NT 10.0; Win64; x64) AppleWebKit/537.36 (KHTML, like Gecko) Chrome/109.0.0.0 Safari/537.36"
103.54.58.237 - - [02/Feb/2023:03:22:48 +0000] "GET /wp-content/about.php HTTP/1.1" 404 196 "-" "Mozilla/5.0 (Windows NT 10.0; Win64; x64) AppleWebKit/537.36 (KHTML, like Gecko) Chrome/109.0.0.0 Safari/537.36"
103.54.58.237 - - [02/Feb/2023:03:22:49 +0000] "GET /1337.php HTTP/1.1" 404 16 "-" "Mozilla/5.0 (Windows NT 10.0; Win64; x64) AppleWebKit/537.36 (KHTML, like Gecko) Chrome/109.0.0.0 Safari/537.36"
103.54.58.237 - - [02/Feb/2023:03:22:51 +0000] "GET /3.php HTTP/1.1" 404 16 "-" "Mozilla/5.0 (Windows NT 10.0; Win64; x64) AppleWebKit/537.36 (KHTML, like Gecko) Chrome/109.0.0.0 Safari/537.36"
103.54.58.237 - - [02/Feb/2023:03:22:52 +0000] "GET /up.php HTTP/1.1" 404 16 "-" "Mozilla/5.0 (Windows NT 10.0; Win64; x64) AppleWebKit/537.36 (KHTML, like Gecko) Chrome/109.0.0.0 Safari/537.36"
103.54.58.237 - - [02/Feb/2023:03:22:54 +0000] "GET /FoxWSO.php HTTP/1.1" 404 16 "-" "Mozilla/5.0 (Windows NT 10.0; Win64; x64) AppleWebKit/537.36 (KHTML, like Gecko) Chrome/109.0.0.0 Safari/537.36"
103.54.58.237 - - [02/Feb/2023:03:22:55 +0000] "GET /license.php HTTP/1.1" 404 16 "-" "Mozilla/5.0 (Windows NT 10.0; Win64; x64) AppleWebKit/537.36 (KHTML, like Gecko) Chrome/109.0.0.0 Safari/537.36"
103.54.58.237 - - [02/Feb/2023:03:22:57 +0000] "GET /goods.php HTTP/1.1" 404 16 "-" "Mozilla/5.0 (Windows NT 10.0; Win64; x64) AppleWebKit/537.36 (KHTML, like Gecko) Chrome/109.0.0.0 Safari/537.36"
103.54.58.237 - - [02/Feb/2023:03:22:58 +0000] "GET /ws.php HTTP/1.1" 404 16 "-" "Mozilla/5.0 (Windows NT 10.0; Win64; x64) AppleWebKit/537.36 (KHTML, like Gecko) Chrome/109.0.0.0 Safari/537.36"
103.54.58.237 - - [02/Feb/2023:03:22:59 +0000] "GET /marijuana.php HTTP/1.1" 404 16 "-" "Mozilla/5.0 (Windows NT 10.0; Win64; x64) AppleWebKit/537.36 (KHTML, like Gecko) Chrome/109.0.0.0 Safari/537.36"
103.54.58.237 - - [02/Feb/2023:03:23:01 +0000] "GET /small.php HTTP/1.1" 404 16 "-" "Mozilla/5.0 (Windows NT 10.0; Win64; x64) AppleWebKit/537.36 (KHTML, like Gecko) Chrome/109.0.0.0 Safari/537.36"
103.54.58.237 - - [02/Feb/2023:03:23:02 +0000] "GET /fx.php HTTP/1.1" 404 16 "-" "Mozilla/5.0 (Windows NT 10.0; Win64; x64) AppleWebKit/537.36 (KHTML, like Gecko) Chrome/109.0.0.0 Safari/537.36"
103.54.58.237 - - [02/Feb/2023:03:23:03 +0000] "GET /l.php HTTP/1.1" 404 16 "-" "Mozilla/5.0 (Windows NT 10.0; Win64; x64) AppleWebKit/537.36 (KHTML, like Gecko) Chrome/109.0.0.0 Safari/537.36"
103.54.58.237 - - [02/Feb/2023:03:23:05 +0000] "GET /w.php HTTP/1.1" 404 16 "-" "Mozilla/5.0 (Windows NT 10.0; Win64; x64) AppleWebKit/537.36 (KHTML, like Gecko) Chrome/109.0.0.0 Safari/537.36"
103.54.58.237 - - [02/Feb/2023:03:23:06 +0000] "GET /alfa.php HTTP/1.1" 404 16 "-" "Mozilla/5.0 (Windows NT 10.0; Win64; x64) AppleWebKit/537.36 (KHTML, like Gecko) Chrome/109.0.0.0 Safari/537.36"
103.54.58.237 - - [02/Feb/2023:03:23:08 +0000] "GET /vuln.php HTTP/1.1" 404 16 "-" "Mozilla/5.0 (Windows NT 10.0; Win64; x64) AppleWebKit/537.36 (KHTML, like Gecko) Chrome/109.0.0.0 Safari/537.36"
103.54.58.237 - - [02/Feb/2023:03:23:09 +0000] "GET /wp-includes/shell20211028.php HTTP/1.1" 404 196 "-" "Mozilla/5.0 (Windows NT 10.0; Win64; x64) AppleWebKit/537.36 (KHTML, like Gecko) Chrome/109.0.0.0 Safari/537.36"
103.54.58.237 - - [02/Feb/2023:03:23:11 +0000] "GET /wp2.php HTTP/1.1" 404 16 "-" "Mozilla/5.0 (Windows NT 10.0; Win64; x64) AppleWebKit/537.36 (KHTML, like Gecko) Chrome/109.0.0.0 Safari/537.36"
103.54.58.237 - - [02/Feb/2023:03:23:12 +0000] "GET /edit-form.php HTTP/1.1" 404 16 "-" "Mozilla/5.0 (Windows NT 10.0; Win64; x64) AppleWebKit/537.36 (KHTML, like Gecko) Chrome/109.0.0.0 Safari/537.36"
103.54.58.237 - - [02/Feb/2023:03:23:14 +0000] "GET /z.php HTTP/1.1" 404 16 "-" "Mozilla/5.0 (Windows NT 10.0; Win64; x64) AppleWebKit/537.36 (KHTML, like Gecko) Chrome/109.0.0.0 Safari/537.36"
103.54.58.237 - - [02/Feb/2023:03:23:15 +0000] "GET /c.php HTTP/1.1" 404 16 "-" "Mozilla/5.0 (Windows NT 10.0; Win64; x64) AppleWebKit/537.36 (KHTML, like Gecko) Chrome/109.0.0.0 Safari/537.36"
103.54.58.237 - - [02/Feb/2023:03:23:16 +0000] "GET /new.php HTTP/1.1" 404 16 "-" "Mozilla/5.0 (Windows NT 10.0; Win64; x64) AppleWebKit/537.36 (KHTML, like Gecko) Chrome/109.0.0.0 Safari/537.36"
103.54.58.237 - - [02/Feb/2023:03:23:18 +0000] "GET /wp-admin/maint/about.php HTTP/1.1" 404 196 "-" "Mozilla/5.0 (Windows NT 10.0; Win64; x64) AppleWebKit/537.36 (KHTML, like Gecko) Chrome/109.0.0.0 Safari/537.36"
103.54.58.237 - - [02/Feb/2023:03:23:19 +0000] "GET /ok.php HTTP/1.1" 404 16 "-" "Mozilla/5.0 (Windows NT 10.0; Win64; x64) AppleWebKit/537.36 (KHTML, like Gecko) Chrome/109.0.0.0 Safari/537.36"
216.244.66.237 - - [02/Feb/2023:03:48:10 +0000] "GET /robots.txt HTTP/1.1" 404 196 "-" "Mozilla/5.0 (compatible; DotBot/1.2; +https://opensiteexplorer.org/dotbot; help@moz.com)"
216.244.66.237 - - [02/Feb/2023:03:52:20 +0000] "GET /?p=204 HTTP/1.1" 200 1781 "-" "Mozilla/5.0 (compatible; DotBot/1.2; +https://opensiteexplorer.org/dotbot; help@moz.com)"
216.244.66.237 - - [02/Feb/2023:03:53:50 +0000] "GET /2020/11/22/hoe-je-altijd-slots-wint/ HTTP/1.1" 404 196 "-" "Mozilla/5.0 (compatible; DotBot/1.2; +https://opensiteexplorer.org/dotbot; help@moz.com)"
216.244.66.237 - - [02/Feb/2023:04:34:36 +0000] "GET /robots.txt HTTP/1.1" 404 196 "-" "Mozilla/5.0 (compatible; DotBot/1.2; +https://opensiteexplorer.org/dotbot; help@moz.com)"
216.244.66.237 - - [02/Feb/2023:04:39:05 +0000] "GET /?p=268 HTTP/1.1" 200 1781 "-" "Mozilla/5.0 (compatible; DotBot/1.2; +https://opensiteexplorer.org/dotbot; help@moz.com)"
145.255.72.10 - - [02/Feb/2023:04:57:00 +0000] "GET /vendor/.env HTTP/1.1" 404 196 "-" "-"
145.255.72.10 - - [02/Feb/2023:04:57:00 +0000] "GET /admin/.env HTTP/1.1" 404 196 "-" "-"
216.244.66.237 - - [02/Feb/2023:05:20:01 +0000] "GET /robots.txt HTTP/1.1" 404 196 "-" "Mozilla/5.0 (compatible; DotBot/1.2; +https://opensiteexplorer.org/dotbot; help@moz.com)"
216.244.66.237 - - [02/Feb/2023:05:24:35 +0000] "GET /?%2Falbums%2Faquarelle%2Fcontent%2Fasie%2F HTTP/1.1" 200 1781 "-" "Mozilla/5.0 (compatible; DotBot/1.2; +https://opensiteexplorer.org/dotbot; help@moz.com)"
216.244.66.237 - - [02/Feb/2023:05:24:41 +0000] "GET /?%2Falbums%2Fcroquis-sur-le-vif%2Fcontent%2Fimg-875%2F HTTP/1.1" 200 1781 "-" "Mozilla/5.0 (compatible; DotBot/1.2; +https://opensiteexplorer.org/dotbot; help@moz.com)"
216.244.66.237 - - [02/Feb/2023:05:24:45 +0000] "GET /?p=206 HTTP/1.1" 200 1781 "-" "Mozilla/5.0 (compatible; DotBot/1.2; +https://opensiteexplorer.org/dotbot; help@moz.com)"
216.244.66.237 - - [02/Feb/2023:06:05:22 +0000] "GET /robots.txt HTTP/1.1" 404 196 "-" "Mozilla/5.0 (compatible; DotBot/1.2; +https://opensiteexplorer.org/dotbot; help@moz.com)"
216.244.66.237 - - [02/Feb/2023:06:09:33 +0000] "GET /?%2Falbums%2Fcrayons%2Fcontent%2Felsa%2F HTTP/1.1" 200 1781 "-" "Mozilla/5.0 (compatible; DotBot/1.2; +https://opensiteexplorer.org/dotbot; help@moz.com)"
216.244.66.237 - - [02/Feb/2023:06:09:39 +0000] "GET /?%2Falbums%2Fcrayons%2Fcontent%2Flion%2F HTTP/1.1" 200 1781 "-" "Mozilla/5.0 (compatible; DotBot/1.2; +https://opensiteexplorer.org/dotbot; help@moz.com)"
216.244.66.237 - - [02/Feb/2023:06:09:43 +0000] "GET /?%2Ffeed%2Falbums%2F1%2Frecent_rss HTTP/1.1" 200 1781 "-" "Mozilla/5.0 (compatible; DotBot/1.2; +https://opensiteexplorer.org/dotbot; help@moz.com)"
198.71.236.47 - - [02/Feb/2023:07:48:17 +0000] "GET /wp-admin/style.php?sig=rename HTTP/1.1" 404 196 "-" "Mozilla/5.0 (Windows NT 10.0; WOW64) AppleWebKit/537.36 (KHTML, like Gecko) Chrome/87.0.4280.88 YaBrowser/20.12.2.105 Yowser/2.5 Safari/537.36"
198.71.236.47 - - [02/Feb/2023:07:48:17 +0000] "GET /style.php?sig=rename HTTP/1.1" 404 16 "-" "Mozilla/5.0 (iPhone; CPU iPhone OS 13_6 like Mac OS X) AppleWebKit/605.1.15 (KHTML, like Gecko) Version/13.1.2 Mobile/15E148 Safari/604.1"
64.225.20.54 - - [02/Feb/2023:07:57:04 +0000] "GET / HTTP/1.1" 200 1781 "-" "Mozilla/5.0 (Macintosh; Intel Mac OS X 10_15_2) AppleWebKit/537.36 (KHTML, like Gecko) Chrome/79.0.3945.88 Safari/537.36"
46.101.179.205 - - [02/Feb/2023:07:58:57 +0000] "GET /wp-login.php HTTP/1.1" 404 16 "" "Mozilla/5.0 (Windows NT 10.0; Win64; x64; rv:108.0) Gecko/20100101 Firefox/108.0"
54.36.149.34 - - [02/Feb/2023:08:20:27 +0000] "GET /robots.txt HTTP/1.1" 404 196 "-" "Mozilla/5.0 (compatible; AhrefsBot/7.0; +http://ahrefs.com/robot/)"
51.222.253.14 - - [02/Feb/2023:08:20:28 +0000] "GET / HTTP/1.1" 200 1781 "-" "Mozilla/5.0 (compatible; AhrefsBot/7.0; +http://ahrefs.com/robot/)"
216.244.66.237 - - [02/Feb/2023:08:22:46 +0000] "GET /robots.txt HTTP/1.1" 404 196 "-" "Mozilla/5.0 (compatible; DotBot/1.2; +https://opensiteexplorer.org/dotbot; help@moz.com)"
216.244.66.237 - - [02/Feb/2023:08:27:50 +0000] "GET /?%2Falbums%2Faquarelle%2Fcontent%2Fnuances%2F HTTP/1.1" 200 1781 "-" "Mozilla/5.0 (compatible; DotBot/1.2; +https://opensiteexplorer.org/dotbot; help@moz.com)"
216.244.66.237 - - [02/Feb/2023:09:08:58 +0000] "GET /robots.txt HTTP/1.1" 404 196 "-" "Mozilla/5.0 (compatible; DotBot/1.2; +https://opensiteexplorer.org/dotbot; help@moz.com)"
142.93.48.245 - - [02/Feb/2023:09:11:09 +0000] "GET /wp-includes/images/xit-3x.gif HTTP/1.1" 404 196 "laurencegaudet.com" "Mozilla/5.0 (Windows NT 6.1; WOW64) AppleWebKit/537.36 (KHTML, like Gecko) Chrome/50.0.2661.75 Safari/537.36"
216.244.66.237 - - [02/Feb/2023:09:14:34 +0000] "GET /?p=367 HTTP/1.1" 200 1781 "-" "Mozilla/5.0 (compatible; DotBot/1.2; +https://opensiteexplorer.org/dotbot; help@moz.com)"
134.209.234.177 - - [02/Feb/2023:09:17:39 +0000] "GET /wp-login.php HTTP/1.1" 404 16 "" "Mozilla/5.0 (Windows NT 10.0; Win64; x64; rv:108.0) Gecko/20100101 Firefox/108.0"
216.244.66.237 - - [02/Feb/2023:09:21:45 +0000] "GET /2020/11/22/online-casino-gratis-echtgeld/ HTTP/1.1" 404 196 "-" "Mozilla/5.0 (compatible; DotBot/1.2; +https://opensiteexplorer.org/dotbot; help@moz.com)"
216.244.66.237 - - [02/Feb/2023:09:54:51 +0000] "GET /robots.txt HTTP/1.1" 404 196 "-" "Mozilla/5.0 (compatible; DotBot/1.2; +https://opensiteexplorer.org/dotbot; help@moz.com)"
216.244.66.237 - - [02/Feb/2023:10:00:02 +0000] "GET /?p=243 HTTP/1.1" 200 1781 "-" "Mozilla/5.0 (compatible; DotBot/1.2; +https://opensiteexplorer.org/dotbot; help@moz.com)"
216.244.66.237 - - [02/Feb/2023:10:00:07 +0000] "GET /?p=318 HTTP/1.1" 200 1781 "-" "Mozilla/5.0 (compatible; DotBot/1.2; +https://opensiteexplorer.org/dotbot; help@moz.com)"
35.88.247.49 - - [02/Feb/2023:10:22:08 +0000] "GET / HTTP/1.1" 200 1781 "-" "Mozilla/5.0 (Windows NT 10.0; Win64; x64)AppleWebKit/537.36 (KHTML, like Gecko) Chrome/66.0.3359.181 Safari/537.36"
54.245.55.240 - - [02/Feb/2023:10:28:09 +0000] "GET / HTTP/1.1" 200 1781 "-" "Mozilla/5.0 (X11; Linux x86_64) AppleWebKit/537.36 (KHTML, like Gecko) Chrome/83.0.4103.97 Safari/537.36"
54.190.26.31 - - [02/Feb/2023:10:28:37 +0000] "GET /favicon.ico HTTP/1.1" 404 196 "-" "Mozilla/5.0 (X11; Linux x86_64) AppleWebKit/537.36 (KHTML, like Gecko) Chrome/83.0.4103.97 Safari/537.36"
54.190.26.31 - - [02/Feb/2023:10:28:39 +0000] "GET / HTTP/1.1" 200 1781 "-" "Mozilla/5.0 (X11; Linux x86_64) AppleWebKit/537.36 (KHTML, like Gecko) Chrome/83.0.4103.97 Safari/537.36"
216.244.66.237 - - [02/Feb/2023:10:42:23 +0000] "GET /robots.txt HTTP/1.1" 404 196 "-" "Mozilla/5.0 (compatible; DotBot/1.2; +https://opensiteexplorer.org/dotbot; help@moz.com)"
216.244.66.237 - - [02/Feb/2023:10:46:59 +0000] "GET /?p=1287 HTTP/1.1" 200 1781 "-" "Mozilla/5.0 (compatible; DotBot/1.2; +https://opensiteexplorer.org/dotbot; help@moz.com)"
216.244.66.237 - - [02/Feb/2023:14:33:21 +0000] "GET /robots.txt HTTP/1.1" 404 196 "-" "Mozilla/5.0 (compatible; DotBot/1.2; +https://opensiteexplorer.org/dotbot; help@moz.com)"
216.244.66.237 - - [02/Feb/2023:14:37:59 +0000] "GET /?%2Falbums%2Fcroquis-sur-le-vif%2Fcontent%2Fimg-876%2F HTTP/1.1" 200 1781 "-" "Mozilla/5.0 (compatible; DotBot/1.2; +https://opensiteexplorer.org/dotbot; help@moz.com)"
216.244.66.237 - - [02/Feb/2023:14:38:03 +0000] "GET /?p=277 HTTP/1.1" 200 1781 "-" "Mozilla/5.0 (compatible; DotBot/1.2; +https://opensiteexplorer.org/dotbot; help@moz.com)"
216.244.66.237 - - [02/Feb/2023:15:19:28 +0000] "GET /robots.txt HTTP/1.1" 404 196 "-" "Mozilla/5.0 (compatible; DotBot/1.2; +https://opensiteexplorer.org/dotbot; help@moz.com)"
40.77.167.237 - - [02/Feb/2023:15:22:30 +0000] "GET / HTTP/1.1" 200 1781 "-" "Mozilla/5.0 AppleWebKit/537.36 (KHTML, like Gecko; compatible; bingbot/2.0; +http://www.bing.com/bingbot.htm) Chrome/103.0.5060.134 Safari/537.36"
216.244.66.237 - - [02/Feb/2023:15:23:59 +0000] "GET /?p=586 HTTP/1.1" 200 1781 "-" "Mozilla/5.0 (compatible; DotBot/1.2; +https://opensiteexplorer.org/dotbot; help@moz.com)"
216.244.66.237 - - [02/Feb/2023:15:24:04 +0000] "GET /?p=298 HTTP/1.1" 200 1781 "-" "Mozilla/5.0 (compatible; DotBot/1.2; +https://opensiteexplorer.org/dotbot; help@moz.com)"
67.205.132.31 - - [02/Feb/2023:15:32:24 +0000] "GET /wp-login.php HTTP/1.1" 404 16 "" "Mozilla/5.0 (Windows NT 10.0; Win64; x64; rv:108.0) Gecko/20100101 Firefox/108.0"
157.90.181.206 - - [02/Feb/2023:15:52:38 +0000] "GET /robots.txt HTTP/1.1" 404 196 "-" "Mozilla/5.0 (compatible; BLEXBot/1.0; +http://webmeup-crawler.com/)"
157.90.181.206 - - [02/Feb/2023:15:52:38 +0000] "GET /sitemap HTTP/1.1" 404 196 "-" "Mozilla/5.0 (compatible; BLEXBot/1.0; +http://webmeup-crawler.com/)"
157.90.181.206 - - [02/Feb/2023:15:53:03 +0000] "GET /sitemap.txt HTTP/1.1" 404 196 "-" "Mozilla/5.0 (compatible; BLEXBot/1.0; +http://webmeup-crawler.com/)"
157.90.181.206 - - [02/Feb/2023:15:53:28 +0000] "GET /?C=D;O=A HTTP/1.1" 200 1781 "-" "Mozilla/5.0 (compatible; BLEXBot/1.0; +http://webmeup-crawler.com/)"
157.90.181.206 - - [02/Feb/2023:15:53:52 +0000] "GET /?C=M;O=A HTTP/1.1" 200 1781 "-" "Mozilla/5.0 (compatible; BLEXBot/1.0; +http://webmeup-crawler.com/)"
157.90.181.206 - - [02/Feb/2023:15:54:17 +0000] "GET /?C=N;O=D HTTP/1.1" 200 1781 "-" "Mozilla/5.0 (compatible; BLEXBot/1.0; +http://webmeup-crawler.com/)"
157.90.181.206 - - [02/Feb/2023:15:54:42 +0000] "GET /?C=S;O=A HTTP/1.1" 200 1781 "-" "Mozilla/5.0 (compatible; BLEXBot/1.0; +http://webmeup-crawler.com/)"
157.90.181.206 - - [02/Feb/2023:15:55:07 +0000] "GET /affichertexte.php HTTP/1.1" 200 459 "-" "Mozilla/5.0 (compatible; BLEXBot/1.0; +http://webmeup-crawler.com/)"
157.90.181.206 - - [02/Feb/2023:15:55:32 +0000] "GET /echec/ HTTP/1.1" 200 6504 "-" "Mozilla/5.0 (compatible; BLEXBot/1.0; +http://webmeup-crawler.com/)"
157.90.181.206 - - [02/Feb/2023:15:55:57 +0000] "GET /info.php HTTP/1.1" 200 83374 "-" "Mozilla/5.0 (compatible; BLEXBot/1.0; +http://webmeup-crawler.com/)"
157.90.181.206 - - [02/Feb/2023:15:56:22 +0000] "GET /log/ HTTP/1.1" 200 1090 "-" "Mozilla/5.0 (compatible; BLEXBot/1.0; +http://webmeup-crawler.com/)"
157.90.181.206 - - [02/Feb/2023:15:56:47 +0000] "GET /readme.txt HTTP/1.1" 200 652 "-" "Mozilla/5.0 (compatible; BLEXBot/1.0; +http://webmeup-crawler.com/)"
216.244.66.237 - - [02/Feb/2023:16:04:55 +0000] "GET /robots.txt HTTP/1.1" 404 196 "-" "Mozilla/5.0 (compatible; DotBot/1.2; +https://opensiteexplorer.org/dotbot; help@moz.com)"
121.36.224.178 - - [02/Feb/2023:16:07:51 +0000] "GET /wp-login.php HTTP/1.1" 404 16 "-" "Mozilla/5.0 (Windows NT 10.0; Win64; x64) Chrome/92.0.4515.159 Safari/537.36"
216.244.66.237 - - [02/Feb/2023:16:09:11 +0000] "GET /?%2Falbums%2Fcroquis-sur-le-vif%2Fcontent%2Fimg-868%2F HTTP/1.1" 200 1781 "-" "Mozilla/5.0 (compatible; DotBot/1.2; +https://opensiteexplorer.org/dotbot; help@moz.com)"
13.114.106.30 - - [02/Feb/2023:16:27:15 +0000] "GET /wp-reset.php HTTP/1.1" 404 16 "laurencegaudet.com" "Mozilla/5.0 (Windows NT 6.1; WOW64) AppleWebKit/537.36 (KHTML, like Gecko) Chrome/50.0.2661.75 Safari/537.36"
216.244.66.237 - - [02/Feb/2023:16:51:25 +0000] "GET /robots.txt HTTP/1.1" 404 196 "-" "Mozilla/5.0 (compatible; DotBot/1.2; +https://opensiteexplorer.org/dotbot; help@moz.com)"
216.244.66.237 - - [02/Feb/2023:16:56:49 +0000] "GET /?p=233 HTTP/1.1" 200 1781 "-" "Mozilla/5.0 (compatible; DotBot/1.2; +https://opensiteexplorer.org/dotbot; help@moz.com)"
216.244.66.237 - - [02/Feb/2023:17:37:36 +0000] "GET /robots.txt HTTP/1.1" 404 196 "-" "Mozilla/5.0 (compatible; DotBot/1.2; +https://opensiteexplorer.org/dotbot; help@moz.com)"
216.244.66.237 - - [02/Feb/2023:17:42:22 +0000] "GET /?p=449 HTTP/1.1" 200 1781 "-" "Mozilla/5.0 (compatible; DotBot/1.2; +https://opensiteexplorer.org/dotbot; help@moz.com)"
3.237.19.8 - - [02/Feb/2023:18:23:54 +0000] "GET /i.php?/000/090/IMG-0857,large.1505559449.JPG HTTP/1.1" 404 16 "-" "Mozilla/5.0 (X11; Ubuntu; Linux x86_64; rv:72.0) Gecko/20100101 Firefox/72.0"
216.244.66.237 - - [02/Feb/2023:18:24:05 +0000] "GET /robots.txt HTTP/1.1" 404 196 "-" "Mozilla/5.0 (compatible; DotBot/1.2; +https://opensiteexplorer.org/dotbot; help@moz.com)"
216.244.66.237 - - [02/Feb/2023:18:28:18 +0000] "GET /?%2Falbums%2Faquarelle%2Fcontent%2Fchateauneuf-n1%2F HTTP/1.1" 200 1781 "-" "Mozilla/5.0 (compatible; DotBot/1.2; +https://opensiteexplorer.org/dotbot; help@moz.com)"
216.244.66.237 - - [02/Feb/2023:18:28:23 +0000] "GET /?%2Falbums%2Fcroquis-sur-le-vif%2Fcontent%2Fimg-884%2F HTTP/1.1" 200 1781 "-" "Mozilla/5.0 (compatible; DotBot/1.2; +https://opensiteexplorer.org/dotbot; help@moz.com)"
216.244.66.237 - - [02/Feb/2023:18:28:27 +0000] "GET /?%2Falbums%2Fcroquis-sur-le-vif%2Fcontent%2Fvisite%2F HTTP/1.1" 200 1781 "-" "Mozilla/5.0 (compatible; DotBot/1.2; +https://opensiteexplorer.org/dotbot; help@moz.com)"
216.244.66.237 - - [02/Feb/2023:18:28:30 +0000] "GET /?p=289 HTTP/1.1" 200 1781 "-" "Mozilla/5.0 (compatible; DotBot/1.2; +https://opensiteexplorer.org/dotbot; help@moz.com)"
5.161.189.6 - - [02/Feb/2023:18:33:23 +0000] "GET /wp-login.php HTTP/1.1" 404 16 "-" "Mozilla/5.0 (Windows NT 10.0; Win64; x64) AppleWebKit/537.36 (KHTML, like Gecko) Chrome/64.0.3282.140 Safari/537.36 Edge/18.17763"
94.130.237.99 - - [02/Feb/2023:18:44:34 +0000] "GET /robots.txt HTTP/1.1" 404 196 "-" "Mozilla/5.0 (compatible; AwarioBot/1.0; +https://awario.com/bots.html)"
94.130.237.99 - - [02/Feb/2023:18:44:34 +0000] "GET /sitemap HTTP/1.1" 404 196 "-" "Mozilla/5.0 (compatible; AwarioBot/1.0; +https://awario.com/bots.html)"
94.130.237.99 - - [02/Feb/2023:18:44:35 +0000] "GET /sitemap.ashx HTTP/1.1" 404 196 "-" "Mozilla/5.0 (compatible; AwarioBot/1.0; +https://awario.com/bots.html)"
94.130.237.99 - - [02/Feb/2023:18:44:38 +0000] "GET /sitemap.txt HTTP/1.1" 404 196 "-" "Mozilla/5.0 (compatible; AwarioBot/1.0; +https://awario.com/bots.html)"
94.130.237.99 - - [02/Feb/2023:18:45:09 +0000] "GET /sitemap.xml HTTP/1.1" 404 196 "-" "Mozilla/5.0 (compatible; AwarioBot/1.0; +https://awario.com/bots.html)"
94.130.237.99 - - [02/Feb/2023:18:45:11 +0000] "GET /sitemap.xml.gz HTTP/1.1" 404 196 "-" "Mozilla/5.0 (compatible; AwarioBot/1.0; +https://awario.com/bots.html)"
94.130.237.99 - - [02/Feb/2023:18:45:43 +0000] "GET /sitemap_index.xml HTTP/1.1" 404 196 "-" "Mozilla/5.0 (compatible; AwarioBot/1.0; +https://awario.com/bots.html)"
94.130.237.99 - - [02/Feb/2023:18:45:45 +0000] "GET /sitemap_index.xml.gz HTTP/1.1" 404 196 "-" "Mozilla/5.0 (compatible; AwarioBot/1.0; +https://awario.com/bots.html)"
94.130.237.99 - - [02/Feb/2023:18:46:17 +0000] "GET /?C=D;O=A HTTP/1.1" 200 1781 "-" "Mozilla/5.0 (compatible; AwarioBot/1.0; +https://awario.com/bots.html)"
94.130.237.99 - - [02/Feb/2023:18:46:18 +0000] "GET /?C=M;O=A HTTP/1.1" 200 1781 "-" "Mozilla/5.0 (compatible; AwarioBot/1.0; +https://awario.com/bots.html)"
94.130.237.99 - - [02/Feb/2023:18:46:20 +0000] "GET /?C=N;O=D HTTP/1.1" 200 1781 "-" "Mozilla/5.0 (compatible; AwarioBot/1.0; +https://awario.com/bots.html)"
94.130.237.99 - - [02/Feb/2023:18:46:24 +0000] "GET /?C=S;O=A HTTP/1.1" 200 1781 "-" "Mozilla/5.0 (compatible; AwarioBot/1.0; +https://awario.com/bots.html)"
94.130.237.99 - - [02/Feb/2023:18:46:25 +0000] "GET /affichertexte.php HTTP/1.1" 200 459 "-" "Mozilla/5.0 (compatible; AwarioBot/1.0; +https://awario.com/bots.html)"
94.130.237.99 - - [02/Feb/2023:18:46:27 +0000] "GET /echec/ HTTP/1.1" 200 6504 "-" "Mozilla/5.0 (compatible; AwarioBot/1.0; +https://awario.com/bots.html)"
94.130.237.99 - - [02/Feb/2023:18:46:29 +0000] "GET /info.php HTTP/1.1" 200 83376 "-" "Mozilla/5.0 (compatible; AwarioBot/1.0; +https://awario.com/bots.html)"
94.130.237.99 - - [02/Feb/2023:18:46:30 +0000] "GET /log/ HTTP/1.1" 200 1090 "-" "Mozilla/5.0 (compatible; AwarioBot/1.0; +https://awario.com/bots.html)"
94.130.237.99 - - [02/Feb/2023:18:46:32 +0000] "GET /readme.txt HTTP/1.1" 200 652 "-" "Mozilla/5.0 (compatible; AwarioBot/1.0; +https://awario.com/bots.html)"
44.192.52.31 - - [02/Feb/2023:19:06:04 +0000] "GET /i.php?/000/078/IMG-0877,large.1505559168.JPG HTTP/1.1" 404 16 "-" "Mozilla/5.0 (X11; Ubuntu; Linux x86_64; rv:72.0) Gecko/20100101 Firefox/72.0"
216.244.66.237 - - [02/Feb/2023:19:10:38 +0000] "GET /robots.txt HTTP/1.1" 404 196 "-" "Mozilla/5.0 (compatible; DotBot/1.2; +https://opensiteexplorer.org/dotbot; help@moz.com)"
216.244.66.237 - - [02/Feb/2023:19:14:46 +0000] "GET /?%2Ffeed%2Falbums%2F2%2Frecent_rss HTTP/1.1" 200 1781 "-" "Mozilla/5.0 (compatible; DotBot/1.2; +https://opensiteexplorer.org/dotbot; help@moz.com)"
216.244.66.237 - - [02/Feb/2023:19:14:51 +0000] "GET /?%2Falbums%2Faquarelle%2Fcontent%2Fgeisha%2F HTTP/1.1" 200 1781 "-" "Mozilla/5.0 (compatible; DotBot/1.2; +https://opensiteexplorer.org/dotbot; help@moz.com)"
216.244.66.237 - - [02/Feb/2023:19:14:55 +0000] "GET /?p=350 HTTP/1.1" 200 1781 "-" "Mozilla/5.0 (compatible; DotBot/1.2; +https://opensiteexplorer.org/dotbot; help@moz.com)"
216.244.66.237 - - [02/Feb/2023:19:56:45 +0000] "GET /robots.txt HTTP/1.1" 404 196 "-" "Mozilla/5.0 (compatible; DotBot/1.2; +https://opensiteexplorer.org/dotbot; help@moz.com)"
216.244.66.237 - - [02/Feb/2023:20:00:59 +0000] "GET /?%2Falbums%2Fcategories%2Fcroquis%2F HTTP/1.1" 200 1781 "-" "Mozilla/5.0 (compatible; DotBot/1.2; +https://opensiteexplorer.org/dotbot; help@moz.com)"
216.244.66.237 - - [02/Feb/2023:20:01:06 +0000] "GET /?p=1083 HTTP/1.1" 200 1781 "-" "Mozilla/5.0 (compatible; DotBot/1.2; +https://opensiteexplorer.org/dotbot; help@moz.com)"
114.119.137.252 - - [02/Feb/2023:20:33:39 +0000] "GET /robots.txt HTTP/1.1" 404 196 "-" "Mozilla/5.0 (compatible;PetalBot;+https://webmaster.petalsearch.com/site/petalbot)"
216.244.66.237 - - [02/Feb/2023:21:30:40 +0000] "GET /robots.txt HTTP/1.1" 404 196 "-" "Mozilla/5.0 (compatible; DotBot/1.2; +https://opensiteexplorer.org/dotbot; help@moz.com)"
216.244.66.237 - - [02/Feb/2023:21:34:58 +0000] "GET /info.php HTTP/1.1" 200 83273 "-" "Mozilla/5.0 (compatible; DotBot/1.2; +https://opensiteexplorer.org/dotbot; help@moz.com)"
216.244.66.237 - - [02/Feb/2023:21:36:08 +0000] "GET /2020/11/22/casino-apps-met-echt-geld/ HTTP/1.1" 404 196 "-" "Mozilla/5.0 (compatible; DotBot/1.2; +https://opensiteexplorer.org/dotbot; help@moz.com)"
216.244.66.237 - - [02/Feb/2023:22:14:49 +0000] "GET /robots.txt HTTP/1.1" 404 196 "-" "Mozilla/5.0 (compatible; DotBot/1.2; +https://opensiteexplorer.org/dotbot; help@moz.com)"
216.244.66.237 - - [02/Feb/2023:22:18:48 +0000] "GET /?p=203 HTTP/1.1" 200 1781 "-" "Mozilla/5.0 (compatible; DotBot/1.2; +https://opensiteexplorer.org/dotbot; help@moz.com)"
216.244.66.237 - - [02/Feb/2023:22:18:52 +0000] "GET /?p=376 HTTP/1.1" 200 1781 "-" "Mozilla/5.0 (compatible; DotBot/1.2; +https://opensiteexplorer.org/dotbot; help@moz.com)"
92.205.177.86 - - [02/Feb/2023:22:21:42 +0000] "GET / HTTP/1.1" 200 1781 "-" "python-requests/2.27.1"
216.244.66.237 - - [02/Feb/2023:22:59:31 +0000] "GET /robots.txt HTTP/1.1" 404 196 "-" "Mozilla/5.0 (compatible; DotBot/1.2; +https://opensiteexplorer.org/dotbot; help@moz.com)"
216.244.66.237 - - [02/Feb/2023:23:03:25 +0000] "GET /?p=416 HTTP/1.1" 200 1781 "-" "Mozilla/5.0 (compatible; DotBot/1.2; +https://opensiteexplorer.org/dotbot; help@moz.com)"
216.244.66.237 - - [02/Feb/2023:23:44:56 +0000] "GET /robots.txt HTTP/1.1" 404 196 "-" "Mozilla/5.0 (compatible; DotBot/1.2; +https://opensiteexplorer.org/dotbot; help@moz.com)"
216.244.66.237 - - [02/Feb/2023:23:48:39 +0000] "GET /?%2Ffeed%2Falbums%2F3%2Frecent_rss HTTP/1.1" 200 1781 "-" "Mozilla/5.0 (compatible; DotBot/1.2; +https://opensiteexplorer.org/dotbot; help@moz.com)"
216.244.66.237 - - [02/Feb/2023:23:48:45 +0000] "GET /?p=209 HTTP/1.1" 200 1781 "-" "Mozilla/5.0 (compatible; DotBot/1.2; +https://opensiteexplorer.org/dotbot; help@moz.com)"
216.244.66.237 - - [02/Feb/2023:23:48:50 +0000] "GET /?p=216 HTTP/1.1" 200 1781 "-" "Mozilla/5.0 (compatible; DotBot/1.2; +https://opensiteexplorer.org/dotbot; help@moz.com)"
216.244.66.237 - - [03/Feb/2023:00:30:08 +0000] "GET /robots.txt HTTP/1.1" 404 196 "-" "Mozilla/5.0 (compatible; DotBot/1.2; +https://opensiteexplorer.org/dotbot; help@moz.com)"
216.244.66.237 - - [03/Feb/2023:00:33:50 +0000] "GET /?p=261 HTTP/1.1" 200 1781 "-" "Mozilla/5.0 (compatible; DotBot/1.2; +https://opensiteexplorer.org/dotbot; help@moz.com)"
216.244.66.237 - - [03/Feb/2023:00:33:57 +0000] "GET /?p=263 HTTP/1.1" 200 1781 "-" "Mozilla/5.0 (compatible; DotBot/1.2; +https://opensiteexplorer.org/dotbot; help@moz.com)"
40.77.167.237 - - [03/Feb/2023:00:41:41 +0000] "GET / HTTP/1.1" 200 1781 "-" "Mozilla/5.0 AppleWebKit/537.36 (KHTML, like Gecko; compatible; bingbot/2.0; +http://www.bing.com/bingbot.htm) Chrome/103.0.5060.134 Safari/537.36"
190.2.132.141 - - [03/Feb/2023:01:41:53 +0000] "GET / HTTP/1.0" 200 1781 "http://laurencegaudet.com/" "Mozilla/5.0 (Windows NT 10.0; Win64; x64) AppleWebKit/537.36 (KHTML, like Gecko) Chrome/90.0.4430.85 Safari/537.36"
51.222.253.8 - - [03/Feb/2023:01:57:40 +0000] "GET /robots.txt HTTP/1.1" 404 196 "-" "Mozilla/5.0 (compatible; AhrefsBot/7.0; +http://ahrefs.com/robot/)"
51.222.253.9 - - [03/Feb/2023:01:57:41 +0000] "GET / HTTP/1.1" 200 1781 "-" "Mozilla/5.0 (compatible; AhrefsBot/7.0; +http://ahrefs.com/robot/)"
216.244.66.237 - - [03/Feb/2023:03:54:07 +0000] "GET /robots.txt HTTP/1.1" 404 196 "-" "Mozilla/5.0 (compatible; DotBot/1.2; +https://opensiteexplorer.org/dotbot; help@moz.com)"
216.244.66.237 - - [03/Feb/2023:03:58:22 +0000] "GET /?p=347 HTTP/1.1" 200 1781 "-" "Mozilla/5.0 (compatible; DotBot/1.2; +https://opensiteexplorer.org/dotbot; help@moz.com)"
5.161.189.6 - - [03/Feb/2023:04:48:08 +0000] "GET /wp-login.php HTTP/1.1" 404 16 "-" "Mozilla/5.0 (Windows NT 10.0; Win64; x64) AppleWebKit/537.36 (KHTML, like Gecko) Chrome/64.0.3282.140 Safari/537.36 Edge/18.17763"
216.244.66.237 - - [03/Feb/2023:04:51:06 +0000] "GET /robots.txt HTTP/1.1" 404 196 "-" "Mozilla/5.0 (compatible; DotBot/1.2; +https://opensiteexplorer.org/dotbot; help@moz.com)"
216.244.66.237 - - [03/Feb/2023:04:55:52 +0000] "GET /27987-1027532-jeu-d-echec-reseau.zip HTTP/1.1" 200 198632 "-" "Mozilla/5.0 (compatible; DotBot/1.2; +https://opensiteexplorer.org/dotbot; help@moz.com)"
216.244.66.237 - - [03/Feb/2023:04:56:13 +0000] "GET /?p=327 HTTP/1.1" 200 1781 "-" "Mozilla/5.0 (compatible; DotBot/1.2; +https://opensiteexplorer.org/dotbot; help@moz.com)"
62.109.23.83 - - [03/Feb/2023:05:31:44 +0000] "GET /wp-login.php HTTP/1.1" 404 16 "" "Mozilla/5.0 (Windows NT 10.0; Win64; x64; rv:108.0) Gecko/20100101 Firefox/108.0"
216.244.66.237 - - [03/Feb/2023:05:44:37 +0000] "GET /robots.txt HTTP/1.1" 404 196 "-" "Mozilla/5.0 (compatible; DotBot/1.2; +https://opensiteexplorer.org/dotbot; help@moz.com)"
216.244.66.237 - - [03/Feb/2023:05:49:21 +0000] "GET / HTTP/1.1" 200 1781 "-" "Mozilla/5.0 (compatible; DotBot/1.2; +https://opensiteexplorer.org/dotbot; help@moz.com)"
51.254.199.11 - - [03/Feb/2023:05:59:44 +0000] "GET / HTTP/1.1" 200 1781 "-" "Mozilla/5.0 (Macintosh; Intel Mac OS X 10.14; rv:68.0) Gecko/20100101 Firefox/68.0"
216.244.66.237 - - [03/Feb/2023:06:38:39 +0000] "GET /robots.txt HTTP/1.1" 404 196 "-" "Mozilla/5.0 (compatible; DotBot/1.2; +https://opensiteexplorer.org/dotbot; help@moz.com)"
216.244.66.237 - - [03/Feb/2023:06:50:08 +0000] "GET /2020/11/22/geld-verdienen-casino-roulette/ HTTP/1.1" 404 196 "-" "Mozilla/5.0 (compatible; DotBot/1.2; +https://opensiteexplorer.org/dotbot; help@moz.com)"
216.244.66.237 - - [03/Feb/2023:07:32:55 +0000] "GET /robots.txt HTTP/1.1" 404 196 "-" "Mozilla/5.0 (compatible; DotBot/1.2; +https://opensiteexplorer.org/dotbot; help@moz.com)"
216.244.66.237 - - [03/Feb/2023:07:40:39 +0000] "GET /?p=199 HTTP/1.1" 200 1781 "-" "Mozilla/5.0 (compatible; DotBot/1.2; +https://opensiteexplorer.org/dotbot; help@moz.com)"
68.69.184.202 - - [03/Feb/2023:08:54:06 +0000] "GET /robots.txt HTTP/1.1" 404 196 "-" "test"
68.69.184.202 - - [03/Feb/2023:08:54:06 +0000] "GET / HTTP/1.1" 200 1781 "-" "test"
68.69.184.202 - - [03/Feb/2023:08:54:06 +0000] "GET /favicon.ico HTTP/1.1" 404 196 "-" "test"
216.244.66.237 - - [03/Feb/2023:09:27:52 +0000] "GET /robots.txt HTTP/1.1" 404 196 "-" "Mozilla/5.0 (compatible; DotBot/1.2; +https://opensiteexplorer.org/dotbot; help@moz.com)"
216.244.66.237 - - [03/Feb/2023:09:32:55 +0000] "GET /?%2Falbums%2Fcroquis-sur-le-vif%2Fcontent%2Fimg-883%2F HTTP/1.1" 200 1781 "-" "Mozilla/5.0 (compatible; DotBot/1.2; +https://opensiteexplorer.org/dotbot; help@moz.com)"
216.244.66.237 - - [03/Feb/2023:09:33:00 +0000] "GET /?p=232 HTTP/1.1" 200 1781 "-" "Mozilla/5.0 (compatible; DotBot/1.2; +https://opensiteexplorer.org/dotbot; help@moz.com)"
216.244.66.237 - - [03/Feb/2023:09:33:42 +0000] "GET /2020/11/22/gratis-gokautomaat-zonder-geld-en-zonder-te-downloaden/ HTTP/1.1" 404 196 "-" "Mozilla/5.0 (compatible; DotBot/1.2; +https://opensiteexplorer.org/dotbot; help@moz.com)"
52.32.147.129 - - [03/Feb/2023:10:22:37 +0000] "GET / HTTP/1.1" 200 1781 "-" "Mozilla/5.0 (X11; Linux x86_64) AppleWebKit/537.36 (KHTML, like Gecko) Chrome/83.0.4103.97 Safari/537.36"
54.190.183.15 - - [03/Feb/2023:10:23:55 +0000] "GET /favicon.ico HTTP/1.1" 404 196 "-" "Mozilla/5.0 (X11; Linux x86_64) AppleWebKit/537.36 (KHTML, like Gecko) Chrome/83.0.4103.97 Safari/537.36"
54.190.183.15 - - [03/Feb/2023:10:23:55 +0000] "GET / HTTP/1.1" 200 1781 "-" "Mozilla/5.0 (X11; Linux x86_64) AppleWebKit/537.36 (KHTML, like Gecko) Chrome/83.0.4103.97 Safari/537.36"
216.244.66.237 - - [03/Feb/2023:10:25:12 +0000] "GET /robots.txt HTTP/1.1" 404 196 "-" "Mozilla/5.0 (compatible; DotBot/1.2; +https://opensiteexplorer.org/dotbot; help@moz.com)"
216.244.66.237 - - [03/Feb/2023:10:30:42 +0000] "GET /?p=279 HTTP/1.1" 200 1781 "-" "Mozilla/5.0 (compatible; DotBot/1.2; +https://opensiteexplorer.org/dotbot; help@moz.com)"
216.244.66.237 - - [03/Feb/2023:10:31:24 +0000] "GET /2020/11/22/holland-casino-spelen-gratis/ HTTP/1.1" 404 196 "-" "Mozilla/5.0 (compatible; DotBot/1.2; +https://opensiteexplorer.org/dotbot; help@moz.com)"
17.241.219.240 - - [03/Feb/2023:10:36:22 +0000] "GET /robots.txt HTTP/1.1" 404 196 "-" "Mozilla/5.0 (Macintosh; Intel Mac OS X 10_15_5) AppleWebKit/605.1.15 (KHTML, like Gecko) Version/13.1.1 Safari/605.1.15 (Applebot/0.1; +http://www.apple.com/go/applebot)"
17.241.219.240 - - [03/Feb/2023:10:36:23 +0000] "GET / HTTP/1.1" 200 1781 "-" "Mozilla/5.0 (Macintosh; Intel Mac OS X 10_15_5) AppleWebKit/605.1.15 (KHTML, like Gecko) Version/13.1.1 Safari/605.1.15 (Applebot/0.1; +http://www.apple.com/go/applebot)"
34.215.213.249 - - [03/Feb/2023:11:00:59 +0000] "GET / HTTP/1.1" 200 1781 "-" "Mozilla/5.0 (Windows NT 10.0; Win64; x64)AppleWebKit/537.36 (KHTML, like Gecko) Chrome/66.0.3359.181 Safari/537.36"
216.244.66.237 - - [03/Feb/2023:11:20:26 +0000] "GET /robots.txt HTTP/1.1" 404 196 "-" "Mozilla/5.0 (compatible; DotBot/1.2; +https://opensiteexplorer.org/dotbot; help@moz.com)"
216.244.66.237 - - [03/Feb/2023:11:25:21 +0000] "GET /?p=230 HTTP/1.1" 200 1781 "-" "Mozilla/5.0 (compatible; DotBot/1.2; +https://opensiteexplorer.org/dotbot; help@moz.com)"
216.244.66.237 - - [03/Feb/2023:11:25:27 +0000] "GET /?p=245 HTTP/1.1" 200 1781 "-" "Mozilla/5.0 (compatible; DotBot/1.2; +https://opensiteexplorer.org/dotbot; help@moz.com)"
216.244.66.237 - - [03/Feb/2023:11:25:31 +0000] "GET /?p=479 HTTP/1.1" 200 1781 "-" "Mozilla/5.0 (compatible; DotBot/1.2; +https://opensiteexplorer.org/dotbot; help@moz.com)"
216.244.66.237 - - [03/Feb/2023:12:15:38 +0000] "GET /robots.txt HTTP/1.1" 404 196 "-" "Mozilla/5.0 (compatible; DotBot/1.2; +https://opensiteexplorer.org/dotbot; help@moz.com)"
216.244.66.237 - - [03/Feb/2023:12:20:57 +0000] "GET /?p=262 HTTP/1.1" 200 1781 "-" "Mozilla/5.0 (compatible; DotBot/1.2; +https://opensiteexplorer.org/dotbot; help@moz.com)"
216.244.66.237 - - [03/Feb/2023:12:21:03 +0000] "GET /?p=213 HTTP/1.1" 200 1781 "-" "Mozilla/5.0 (compatible; DotBot/1.2; +https://opensiteexplorer.org/dotbot; help@moz.com)"
216.244.66.237 - - [03/Feb/2023:12:21:08 +0000] "GET /?p=284 HTTP/1.1" 200 1781 "-" "Mozilla/5.0 (compatible; DotBot/1.2; +https://opensiteexplorer.org/dotbot; help@moz.com)"
216.244.66.237 - - [03/Feb/2023:12:21:12 +0000] "GET /?p=343 HTTP/1.1" 200 1781 "-" "Mozilla/5.0 (compatible; DotBot/1.2; +https://opensiteexplorer.org/dotbot; help@moz.com)"
157.55.39.66 - - [03/Feb/2023:12:56:14 +0000] "GET /robots.txt HTTP/1.1" 404 196 "-" "Mozilla/5.0 AppleWebKit/537.36 (KHTML, like Gecko; compatible; bingbot/2.0; +http://www.bing.com/bingbot.htm) Chrome/103.0.5060.134 Safari/537.36"
40.77.167.237 - - [03/Feb/2023:12:56:21 +0000] "GET / HTTP/1.1" 200 1781 "-" "Mozilla/5.0 AppleWebKit/537.36 (KHTML, like Gecko; compatible; bingbot/2.0; +http://www.bing.com/bingbot.htm) Chrome/103.0.5060.134 Safari/537.36"
216.244.66.237 - - [03/Feb/2023:13:10:37 +0000] "GET /robots.txt HTTP/1.1" 404 196 "-" "Mozilla/5.0 (compatible; DotBot/1.2; +https://opensiteexplorer.org/dotbot; help@moz.com)"
216.244.66.237 - - [03/Feb/2023:13:16:45 +0000] "GET /?p=281 HTTP/1.1" 200 1781 "-" "Mozilla/5.0 (compatible; DotBot/1.2; +https://opensiteexplorer.org/dotbot; help@moz.com)"
216.244.66.237 - - [03/Feb/2023:13:17:59 +0000] "GET /2020/11/22/speel-fruit-slots-gratis/ HTTP/1.1" 404 196 "-" "Mozilla/5.0 (compatible; DotBot/1.2; +https://opensiteexplorer.org/dotbot; help@moz.com)"
185.191.171.4 - - [03/Feb/2023:13:46:18 +0000] "GET /robots.txt HTTP/1.1" 404 196 "-" "Mozilla/5.0 (compatible; SemrushBot/7~bl; +http://www.semrush.com/bot.html)"
185.191.171.12 - - [03/Feb/2023:13:46:18 +0000] "GET /?p=687 HTTP/1.1" 200 1781 "-" "Mozilla/5.0 (compatible; SemrushBot/7~bl; +http://www.semrush.com/bot.html)"
216.244.66.237 - - [03/Feb/2023:14:06:40 +0000] "GET /robots.txt HTTP/1.1" 404 196 "-" "Mozilla/5.0 (compatible; DotBot/1.2; +https://opensiteexplorer.org/dotbot; help@moz.com)"
185.191.171.40 - - [03/Feb/2023:14:12:43 +0000] "GET /?p=723 HTTP/1.1" 200 1781 "-" "Mozilla/5.0 (compatible; SemrushBot/7~bl; +http://www.semrush.com/bot.html)"
216.244.66.237 - - [03/Feb/2023:14:13:11 +0000] "GET /?p=359 HTTP/1.1" 200 1781 "-" "Mozilla/5.0 (compatible; DotBot/1.2; +https://opensiteexplorer.org/dotbot; help@moz.com)"
185.191.171.38 - - [03/Feb/2023:14:45:57 +0000] "GET /?p=1118 HTTP/1.1" 200 1781 "-" "Mozilla/5.0 (compatible; SemrushBot/7~bl; +http://www.semrush.com/bot.html)"
216.244.66.237 - - [03/Feb/2023:15:06:34 +0000] "GET /robots.txt HTTP/1.1" 404 196 "-" "Mozilla/5.0 (compatible; DotBot/1.2; +https://opensiteexplorer.org/dotbot; help@moz.com)"
216.244.66.237 - - [03/Feb/2023:15:12:02 +0000] "GET /?p=246 HTTP/1.1" 200 1781 "-" "Mozilla/5.0 (compatible; DotBot/1.2; +https://opensiteexplorer.org/dotbot; help@moz.com)"
216.244.66.237 - - [03/Feb/2023:15:12:06 +0000] "GET /?%2Falbums%2Faquarelle%2Fcontent%2Fflamand-rose%2F HTTP/1.1" 200 1781 "-" "Mozilla/5.0 (compatible; DotBot/1.2; +https://opensiteexplorer.org/dotbot; help@moz.com)"
216.244.66.237 - - [03/Feb/2023:15:12:11 +0000] "GET /?p=225 HTTP/1.1" 200 1781 "-" "Mozilla/5.0 (compatible; DotBot/1.2; +https://opensiteexplorer.org/dotbot; help@moz.com)"
216.244.66.237 - - [03/Feb/2023:15:12:14 +0000] "GET /?p=328 HTTP/1.1" 200 1781 "-" "Mozilla/5.0 (compatible; DotBot/1.2; +https://opensiteexplorer.org/dotbot; help@moz.com)"
195.191.219.130 - - [03/Feb/2023:15:37:12 +0000] "GET /robots.txt HTTP/1.1" 404 196 "-" "Mozilla/5.0 (compatible; MJ12bot/v1.4.8; http://mj12bot.com/)"
195.191.219.130 - - [03/Feb/2023:15:37:14 +0000] "GET / HTTP/1.1" 200 1781 "-" "Mozilla/5.0 (compatible; MJ12bot/v1.4.8; http://mj12bot.com/)"
157.90.181.206 - - [03/Feb/2023:15:38:01 +0000] "GET /robots.txt HTTP/1.1" 404 196 "-" "Mozilla/5.0 (compatible; BLEXBot/1.0; +http://webmeup-crawler.com/)"
157.90.181.206 - - [03/Feb/2023:15:38:03 +0000] "GET /sitemap HTTP/1.1" 404 196 "-" "Mozilla/5.0 (compatible; BLEXBot/1.0; +http://webmeup-crawler.com/)"
157.90.181.206 - - [03/Feb/2023:15:38:07 +0000] "GET /sitemap.txt HTTP/1.1" 404 196 "-" "Mozilla/5.0 (compatible; BLEXBot/1.0; +http://webmeup-crawler.com/)"
157.90.181.206 - - [03/Feb/2023:15:38:12 +0000] "GET /?C=D;O=D HTTP/1.1" 200 1781 "-" "Mozilla/5.0 (compatible; BLEXBot/1.0; +http://webmeup-crawler.com/)"
157.90.181.206 - - [03/Feb/2023:15:38:14 +0000] "GET /?C=M;O=D HTTP/1.1" 200 1781 "-" "Mozilla/5.0 (compatible; BLEXBot/1.0; +http://webmeup-crawler.com/)"
157.90.181.206 - - [03/Feb/2023:15:38:17 +0000] "GET /?C=N;O=A HTTP/1.1" 200 1781 "-" "Mozilla/5.0 (compatible; BLEXBot/1.0; +http://webmeup-crawler.com/)"
157.90.181.206 - - [03/Feb/2023:15:38:23 +0000] "GET /?C=S;O=D HTTP/1.1" 200 1781 "-" "Mozilla/5.0 (compatible; BLEXBot/1.0; +http://webmeup-crawler.com/)"
157.90.181.206 - - [03/Feb/2023:15:38:25 +0000] "GET /echec/aff_log.php HTTP/1.1" 200 484 "-" "Mozilla/5.0 (compatible; BLEXBot/1.0; +http://webmeup-crawler.com/)"
157.90.181.206 - - [03/Feb/2023:15:38:29 +0000] "GET /echec/create.php HTTP/1.1" 200 4074 "-" "Mozilla/5.0 (compatible; BLEXBot/1.0; +http://webmeup-crawler.com/)"
157.90.181.206 - - [03/Feb/2023:15:38:33 +0000] "GET /echec/regles.html HTTP/1.1" 200 4312 "-" "Mozilla/5.0 (compatible; BLEXBot/1.0; +http://webmeup-crawler.com/)"
157.90.181.206 - - [03/Feb/2023:15:38:37 +0000] "GET /log/?C=D;O=A HTTP/1.1" 200 1090 "-" "Mozilla/5.0 (compatible; BLEXBot/1.0; +http://webmeup-crawler.com/)"
157.90.181.206 - - [03/Feb/2023:15:38:39 +0000] "GET /log/?C=M;O=A HTTP/1.1" 200 1090 "-" "Mozilla/5.0 (compatible; BLEXBot/1.0; +http://webmeup-crawler.com/)"
157.90.181.206 - - [03/Feb/2023:15:38:44 +0000] "GET /log/?C=N;O=D HTTP/1.1" 200 1090 "-" "Mozilla/5.0 (compatible; BLEXBot/1.0; +http://webmeup-crawler.com/)"
157.90.181.206 - - [03/Feb/2023:15:38:48 +0000] "GET /log/?C=S;O=A HTTP/1.1" 200 1090 "-" "Mozilla/5.0 (compatible; BLEXBot/1.0; +http://webmeup-crawler.com/)"
216.244.66.237 - - [03/Feb/2023:16:06:16 +0000] "GET /robots.txt HTTP/1.1" 404 196 "-" "Mozilla/5.0 (compatible; DotBot/1.2; +https://opensiteexplorer.org/dotbot; help@moz.com)"
216.244.66.237 - - [03/Feb/2023:16:12:37 +0000] "GET /?C=N;O=D HTTP/1.1" 200 1781 "-" "Mozilla/5.0 (compatible; DotBot/1.2; +https://opensiteexplorer.org/dotbot; help@moz.com)"
114.119.159.177 - - [03/Feb/2023:16:16:25 +0000] "GET /robots.txt HTTP/1.1" 404 196 "-" "Mozilla/5.0 (compatible;PetalBot;+https://webmaster.petalsearch.com/site/petalbot)"
216.244.66.237 - - [03/Feb/2023:17:01:53 +0000] "GET /robots.txt HTTP/1.1" 404 196 "-" "Mozilla/5.0 (compatible; DotBot/1.2; +https://opensiteexplorer.org/dotbot; help@moz.com)"
54.36.148.161 - - [03/Feb/2023:17:02:49 +0000] "GET /robots.txt HTTP/1.1" 404 196 "-" "Mozilla/5.0 (compatible; AhrefsBot/7.0; +http://ahrefs.com/robot/)"
51.222.253.10 - - [03/Feb/2023:17:02:51 +0000] "GET / HTTP/1.1" 200 1781 "-" "Mozilla/5.0 (compatible; AhrefsBot/7.0; +http://ahrefs.com/robot/)"
216.244.66.237 - - [03/Feb/2023:17:07:16 +0000] "GET /?p=201 HTTP/1.1" 200 1781 "-" "Mozilla/5.0 (compatible; DotBot/1.2; +https://opensiteexplorer.org/dotbot; help@moz.com)"
5.161.189.8 - - [03/Feb/2023:17:28:12 +0000] "GET /wp-login.php HTTP/1.1" 404 16 "-" "Mozilla/5.0 (Windows NT 10.0; Win64; x64) AppleWebKit/537.36 (KHTML, like Gecko) Chrome/64.0.3282.140 Safari/537.36 Edge/18.17763"
212.38.178.27 - - [03/Feb/2023:17:31:06 +0000] "GET /wp-reset.php HTTP/1.1" 404 16 "laurencegaudet.com" "Mozilla/5.0 (Windows NT 6.1; WOW64) AppleWebKit/537.36 (KHTML, like Gecko) Chrome/50.0.2661.75 Safari/537.36"
216.244.66.237 - - [03/Feb/2023:17:54:34 +0000] "GET /robots.txt HTTP/1.1" 404 196 "-" "Mozilla/5.0 (compatible; DotBot/1.2; +https://opensiteexplorer.org/dotbot; help@moz.com)"
216.244.66.237 - - [03/Feb/2023:17:59:33 +0000] "GET /?%2Falbums%2Fcrayons%2Fcontent%2Fdanseuse%2F HTTP/1.1" 200 1781 "-" "Mozilla/5.0 (compatible; DotBot/1.2; +https://opensiteexplorer.org/dotbot; help@moz.com)"
216.244.66.237 - - [03/Feb/2023:17:59:40 +0000] "GET /?p=210 HTTP/1.1" 200 1781 "-" "Mozilla/5.0 (compatible; DotBot/1.2; +https://opensiteexplorer.org/dotbot; help@moz.com)"
20.228.95.56 - - [03/Feb/2023:18:21:47 +0000] "GET /%20-%20.env HTTP/1.1" 404 196 "-" "-"
20.228.95.56 - - [03/Feb/2023:18:21:47 +0000] "GET /%20-%20Copy.env HTTP/1.1" 404 196 "-" "-"
20.228.95.56 - - [03/Feb/2023:18:21:47 +0000] "GET /%21.env HTTP/1.1" 404 196 "-" "-"
20.228.95.56 - - [03/Feb/2023:18:21:48 +0000] "GET /-%20Copy.env HTTP/1.1" 404 196 "-" "-"
20.228.95.56 - - [03/Feb/2023:18:21:48 +0000] "GET /.env HTTP/1.1" 404 196 "-" "-"
20.228.95.56 - - [03/Feb/2023:18:21:48 +0000] "GET /app/.env HTTP/1.1" 404 196 "-" "-"
20.228.95.56 - - [03/Feb/2023:18:21:48 +0000] "GET /blob/.env HTTP/1.1" 404 196 "-" "-"
20.228.95.56 - - [03/Feb/2023:18:21:49 +0000] "GET /copy.env HTTP/1.1" 404 196 "-" "-"
20.228.95.56 - - [03/Feb/2023:18:21:49 +0000] "GET /laravel/.env HTTP/1.1" 404 196 "-" "-"
20.228.95.56 - - [03/Feb/2023:18:21:49 +0000] "GET /maintenances HTTP/1.1" 404 196 "-" "-"
